NOAA-Style Climate Reports

NOAA style reports
2022: Jan | Feb | Mar | Apr | May | Jun | Jul | Aug | Sep | Oct | Nov | Dec 
2021: Jan | Feb | Mar | Apr | May | Jun | Jul | Aug | Sep | Oct | Nov | Dec 
2020: Jan | Feb | Mar | Apr | May | Jun | Jul | Aug | Sep | Oct | Nov | Dec 
2019: Jan | Feb | Mar | Apr | May | Jun | Jul | Aug | Sep | Oct | Nov | Dec 
2018: Jan | Feb | Mar | Apr | May | Jun | Jul | Aug | Sep | Oct | Nov | Dec 
2017: Jan | Feb | Mar | Apr | May | Jun | Jul | Aug | Sep | Oct | Nov | Dec 
2016: Jan | Feb | Mar | Apr | May | Jun | Jul | Aug | Sep | Oct | Nov | Dec 
2015: Jan | Feb | Mar | Apr | May | Jun | Jul | Aug | Sep | Oct | Nov | Dec 
2014: Jan | Feb | Mar | Apr | May | Jun | Jul | Aug | Sep | Oct | Nov | Dec 
2013: Jan | Feb | Mar | Apr | May | Jun | Jul | Aug | Sep | Oct | Nov | Dec 
2012: Jan | Feb | Mar | Apr | May | Jun | Jul | Aug | Sep | Oct | Nov | Dec 
2011: Jan | Feb | Mar | Apr | May | Jun | Jul | Aug | Sep | Oct | Nov | Dec 
2010: Jan | Feb | Mar | Apr | May | Jun | Jul | Aug | Sep | Oct | Nov | Dec 
2009: Jan | Feb | Mar | Apr | May | Jun | Jul | Aug | Sep | Oct | Nov | Dec 
2008: Jan | Feb | Mar | Apr | May | Jun | Jul | Aug | Sep | Oct | Nov | Dec 
2007: Jan | Feb | Mar | Apr | May | Jun | Jul | Aug | Sep | Oct | Nov | Dec 
2006: Jan | Feb | Mar | Apr | May | Jun | Jul | Aug | Sep | Oct | Nov | Dec 
2005: Jan | Feb | Mar | Apr | May | Jun | Jul | Aug | Sep | Oct | Nov | Dec 

Report for 2014 02
MONTHLY CLIMATOLOGICAL SUMMARY for Feb 2014 NAME: Cabrera de Mar, Barcelona ELEV: 9 meters LAT: 41-33.89 N LONG: 002-24.07 E TEMPERATURE (C), RAIN (cm), WIND SPEED (km/h) HEAT COOL AVG MEAN DEG DEG WIND DOM DAY TEMP HIGH TIME LOW TIME DAYS DAYS RAIN SPEED HIGH TIME DIR --------------------------------------------------------------------------------------- 01 10.1 12.3 12:20 7.4 06:30 8.2 0.0 0.14 0.0 0.0 00:10 90 02 9.4 15.5 15:50 4.6 08:10 9.0 0.0 0.84 0.0 0.0 00:10 90 03 9.2 13.9 11:20 4.3 08:20 9.1 0.0 0.00 0.0 0.0 00:10 90 04 10.7 15.4 15:00 7.1 04:10 7.7 0.0 0.00 0.0 0.0 00:10 90 05 13.5 18.1 15:00 10.4 22:40 4.8 0.0 0.12 0.0 0.0 00:10 90 06 12.9 17.2 12:20 9.9 04:20 5.5 0.0 0.00 0.0 0.0 00:10 90 07 14.2 18.3 15:20 10.2 22:40 4.2 0.0 0.00 0.0 0.0 00:10 90 08 14.0 17.7 13:10 11.7 00:10 4.3 0.0 0.02 0.0 0.0 00:10 90 09 11.3 13.4 15:30 8.3 08:20 7.0 0.0 0.56 0.0 0.0 00:10 90 10 11.1 15.4 11:50 8.8 01:50 7.2 0.0 0.58 0.0 0.0 00:10 90 11 10.0 14.2 12:40 7.4 05:30 8.3 0.0 0.00 0.0 0.0 00:10 90 12 10.7 16.6 15:30 4.9 05:40 7.6 0.0 0.00 0.0 0.0 00:10 90 13 14.9 21.1 14:50 10.1 06:50 3.5 0.0 0.00 0.0 0.0 00:10 90 14 14.7 21.1 13:20 11.7 08:10 3.6 0.0 0.00 0.0 0.0 00:10 90 15 14.6 18.2 13:00 11.8 22:10 3.8 0.0 0.00 0.0 0.0 00:10 90 16 12.2 15.0 11:00 9.8 00:00 6.2 0.0 0.76 0.0 0.0 00:10 90 17 10.2 14.2 15:00 5.7 08:00 8.1 0.0 0.02 0.0 0.0 00:10 90 18 12.5 15.1 15:40 9.1 00:20 5.8 0.0 0.00 0.0 0.0 00:10 90 19 12.6 15.3 15:20 8.8 00:00 5.7 0.0 0.00 0.0 0.0 00:10 90 20 11.3 15.7 14:40 7.0 08:00 7.0 0.0 0.00 0.0 0.0 00:10 90 21 11.4 13.9 14:40 7.6 00:00 7.0 0.0 0.26 0.0 0.0 00:10 90 22 10.0 14.3 13:50 7.2 01:00 8.3 0.0 0.02 0.0 0.0 00:10 90 23 10.5 15.2 16:00 5.4 08:00 7.9 0.0 0.00 0.0 0.0 00:10 90 24 11.1 15.3 14:00 6.8 07:20 7.2 0.0 0.00 0.0 0.0 00:10 90 25 11.9 17.0 12:30 8.0 03:20 6.4 0.0 0.00 0.0 0.0 00:10 90 26 11.3 15.9 13:30 8.1 23:50 7.0 0.0 0.00 0.0 0.0 00:10 90 27 9.6 13.4 15:00 5.9 08:00 8.7 0.0 0.00 0.0 0.0 00:10 90 28 11.2 16.6 14:40 6.8 02:00 7.1 0.0 0.00 0.0 0.0 00:10 90 --------------------------------------------------------------------------------------- 11.7 21.1 13 4.3 03 186.0 0.0 3.32 0.0 0.0 01 90