NOAA-Style Climate Reports

NOAA style reports
2022: Jan | Feb | Mar | Apr | May | Jun | Jul | Aug | Sep | Oct | Nov | Dec 
2021: Jan | Feb | Mar | Apr | May | Jun | Jul | Aug | Sep | Oct | Nov | Dec 
2020: Jan | Feb | Mar | Apr | May | Jun | Jul | Aug | Sep | Oct | Nov | Dec 
2019: Jan | Feb | Mar | Apr | May | Jun | Jul | Aug | Sep | Oct | Nov | Dec 
2018: Jan | Feb | Mar | Apr | May | Jun | Jul | Aug | Sep | Oct | Nov | Dec 
2017: Jan | Feb | Mar | Apr | May | Jun | Jul | Aug | Sep | Oct | Nov | Dec 
2016: Jan | Feb | Mar | Apr | May | Jun | Jul | Aug | Sep | Oct | Nov | Dec 
2015: Jan | Feb | Mar | Apr | May | Jun | Jul | Aug | Sep | Oct | Nov | Dec 
2014: Jan | Feb | Mar | Apr | May | Jun | Jul | Aug | Sep | Oct | Nov | Dec 
2013: Jan | Feb | Mar | Apr | May | Jun | Jul | Aug | Sep | Oct | Nov | Dec 
2012: Jan | Feb | Mar | Apr | May | Jun | Jul | Aug | Sep | Oct | Nov | Dec 
2011: Jan | Feb | Mar | Apr | May | Jun | Jul | Aug | Sep | Oct | Nov | Dec 
2010: Jan | Feb | Mar | Apr | May | Jun | Jul | Aug | Sep | Oct | Nov | Dec 
2009: Jan | Feb | Mar | Apr | May | Jun | Jul | Aug | Sep | Oct | Nov | Dec 
2008: Jan | Feb | Mar | Apr | May | Jun | Jul | Aug | Sep | Oct | Nov | Dec 
2007: Jan | Feb | Mar | Apr | May | Jun | Jul | Aug | Sep | Oct | Nov | Dec 
2006: Jan | Feb | Mar | Apr | May | Jun | Jul | Aug | Sep | Oct | Nov | Dec 
2005: Jan | Feb | Mar | Apr | May | Jun | Jul | Aug | Sep | Oct | Nov | Dec 

Report for 2013 12
MONTHLY CLIMATOLOGICAL SUMMARY for Dec 2013 NAME: Cabrera de Mar, Barcelona ELEV: 9 meters LAT: 41-33.89 N LONG: 002-24.07 E TEMPERATURE (C), RAIN (cm), WIND SPEED (km/h) HEAT COOL AVG MEAN DEG DEG WIND DOM DAY TEMP HIGH TIME LOW TIME DAYS DAYS RAIN SPEED HIGH TIME DIR --------------------------------------------------------------------------------------- 01 11.2 15.7 15:00 6.1 23:00 7.2 0.0 0.00 10.0 51.5 01:20 14 02 8.9 11.4 16:00 6.2 01:40 9.4 0.0 0.00 2.4 22.5 23:20 281 03 12.9 17.6 13:20 7.8 23:50 5.4 0.0 0.00 5.4 25.7 11:50 23 04 10.1 17.0 15:50 4.5 08:00 8.2 0.0 0.00 3.2 17.7 16:20 114 05 9.6 16.1 12:20 4.9 07:40 8.7 0.0 0.00 3.4 20.9 09:40 115 06 8.8 14.2 13:10 5.2 08:30 9.6 0.0 0.00 2.9 17.7 03:50 97 07 8.6 14.5 15:40 3.8 07:50 9.7 0.0 0.00 4.0 17.7 15:50 99 08 9.9 13.7 13:30 6.4 07:50 8.4 0.0 0.00 3.1 14.5 03:10 112 09 10.0 14.5 14:20 5.7 08:00 8.4 0.0 0.00 4.6 25.7 12:40 171 10 9.2 13.1 14:00 5.7 03:50 9.2 0.0 0.02 2.5 9.7 13:10 202 11 11.8 15.2 15:10 9.9 00:00 6.5 0.0 0.00 6.2 20.9 16:00 202 12 11.5 16.6 14:40 7.8 00:00 6.8 0.0 0.00 7.3 24.1 06:00 233 13 8.7 13.1 14:20 5.7 08:20 9.7 0.0 0.00 3.5 20.9 15:00 180 14 10.6 16.9 13:30 6.2 00:30 7.7 0.0 0.00 6.1 25.7 14:30 192 15 9.6 15.2 13:20 4.9 08:20 8.8 0.0 0.00 3.7 22.5 13:40 123 16 11.8 15.1 14:30 7.7 00:10 6.6 0.0 0.00 3.9 16.1 08:40 90 17 12.4 14.7 13:20 9.9 05:00 5.9 0.0 0.02 0.8 8.0 09:20 90 18 11.8 15.7 13:20 8.0 08:50 6.6 0.0 0.02 5.0 27.4 15:00 171 19 12.1 13.4 11:20 10.9 23:30 6.2 0.0 0.46 5.3 24.1 09:50 205 20 11.1 14.6 17:00 8.2 22:20 7.2 0.0 0.74 2.3 17.7 04:30 270 21 8.8 13.6 14:30 5.7 08:20 9.5 0.0 0.00 2.7 17.7 14:10 287 22 8.6 15.0 13:20 4.1 07:40 9.7 0.0 0.00 4.7 25.7 15:40 221 23 9.1 13.7 15:30 4.9 05:50 9.2 0.0 0.00 5.6 27.4 17:30 210 24 12.0 14.0 16:20 8.2 06:00 6.3 0.0 0.10 10.4 41.8 22:10 218 25 13.1 14.5 08:50 10.6 00:00 5.2 0.0 0.20 9.2 45.1 08:00 233 26 10.3 13.8 14:20 7.1 08:40 8.0 0.0 0.00 17.5 56.3 01:20 274 27 10.5 15.3 13:10 6.8 07:30 7.9 0.0 0.00 5.4 29.0 14:10 228 28 12.2 17.7 13:40 8.2 07:40 6.2 0.0 0.00 8.1 54.7 14:10 262 29 9.6 14.2 12:00 6.3 07:50 8.7 0.0 0.00 3.6 24.1 23:20 297 30 8.2 13.4 14:50 3.9 08:20 10.1 0.0 0.00 4.4 27.4 15:20 234 31 9.2 13.2 14:10 4.9 05:50 9.1 0.0 0.00 7.4 30.6 20:20 235 --------------------------------------------------------------------------------------- 10.4 17.7 28 3.8 07 246.1 0.0 1.56 5.3 56.3 26 221