NOAA-Style Climate Reports

NOAA style reports
2022: Jan | Feb | Mar | Apr | May | Jun | Jul | Aug | Sep | Oct | Nov | Dec 
2021: Jan | Feb | Mar | Apr | May | Jun | Jul | Aug | Sep | Oct | Nov | Dec 
2020: Jan | Feb | Mar | Apr | May | Jun | Jul | Aug | Sep | Oct | Nov | Dec 
2019: Jan | Feb | Mar | Apr | May | Jun | Jul | Aug | Sep | Oct | Nov | Dec 
2018: Jan | Feb | Mar | Apr | May | Jun | Jul | Aug | Sep | Oct | Nov | Dec 
2017: Jan | Feb | Mar | Apr | May | Jun | Jul | Aug | Sep | Oct | Nov | Dec 
2016: Jan | Feb | Mar | Apr | May | Jun | Jul | Aug | Sep | Oct | Nov | Dec 
2015: Jan | Feb | Mar | Apr | May | Jun | Jul | Aug | Sep | Oct | Nov | Dec 
2014: Jan | Feb | Mar | Apr | May | Jun | Jul | Aug | Sep | Oct | Nov | Dec 
2013: Jan | Feb | Mar | Apr | May | Jun | Jul | Aug | Sep | Oct | Nov | Dec 
2012: Jan | Feb | Mar | Apr | May | Jun | Jul | Aug | Sep | Oct | Nov | Dec 
2011: Jan | Feb | Mar | Apr | May | Jun | Jul | Aug | Sep | Oct | Nov | Dec 
2010: Jan | Feb | Mar | Apr | May | Jun | Jul | Aug | Sep | Oct | Nov | Dec 
2009: Jan | Feb | Mar | Apr | May | Jun | Jul | Aug | Sep | Oct | Nov | Dec 
2008: Jan | Feb | Mar | Apr | May | Jun | Jul | Aug | Sep | Oct | Nov | Dec 
2007: Jan | Feb | Mar | Apr | May | Jun | Jul | Aug | Sep | Oct | Nov | Dec 
2006: Jan | Feb | Mar | Apr | May | Jun | Jul | Aug | Sep | Oct | Nov | Dec 
2005: Jan | Feb | Mar | Apr | May | Jun | Jul | Aug | Sep | Oct | Nov | Dec 

Report for 2013 11
MONTHLY CLIMATOLOGICAL SUMMARY for Nov 2013 NAME: Cabrera de Mar, Barcelona ELEV: 9 meters LAT: 41-33.89 N LONG: 002-24.07 E TEMPERATURE (C), RAIN (cm), WIND SPEED (km/h) HEAT COOL AVG MEAN DEG DEG WIND DOM DAY TEMP HIGH TIME LOW TIME DAYS DAYS RAIN SPEED HIGH TIME DIR --------------------------------------------------------------------------------------- 01 15.1 19.8 13:40 9.8 06:50 3.2 0.0 0.00 5.9 30.6 16:30 217 02 18.9 23.7 12:00 15.8 00:50 0.0 0.5 0.00 9.6 38.6 15:40 222 03 17.8 19.5 09:40 15.8 05:10 0.5 0.0 0.00 6.1 24.1 14:20 111 04 16.8 19.4 10:50 14.5 05:40 1.5 0.0 0.00 9.1 51.5 16:30 235 05 17.0 22.6 12:10 14.2 07:50 1.3 0.0 0.00 6.9 41.8 03:30 304 06 17.7 22.6 14:20 14.2 05:50 0.7 0.0 0.00 3.4 22.5 09:00 44 07 17.1 21.3 12:40 13.6 04:20 1.2 0.0 0.00 2.5 11.3 09:50 45 08 18.3 24.8 13:10 13.5 06:10 0.1 0.0 0.00 6.7 32.2 14:00 244 09 16.0 17.8 14:40 14.4 20:40 2.3 0.0 0.02 6.8 35.4 21:50 222 10 15.5 20.7 13:40 12.4 23:40 2.9 0.0 0.00 5.8 32.2 07:20 290 11 14.1 18.1 15:50 10.4 07:10 4.2 0.0 0.00 3.6 16.1 14:10 82 12 14.8 21.8 12:20 9.8 07:00 3.5 0.0 0.02 3.9 25.7 15:30 172 13 16.3 19.1 12:30 14.2 08:10 2.1 0.0 0.00 1.8 11.3 23:50 185 14 15.2 18.8 15:00 11.6 00:00 3.2 0.0 0.00 4.9 24.1 14:30 181 15 11.9 16.8 12:30 6.6 08:10 6.4 0.0 0.00 8.0 37.0 10:00 339 16 12.3 14.7 09:30 9.6 00:10 6.1 0.0 1.40 20.2 78.9 09:20 7 17 13.7 16.2 14:00 11.9 07:20 4.6 0.0 4.16 12.0 59.5 22:50 7 18 13.5 14.8 03:30 12.4 16:50 4.8 0.0 4.30 13.3 45.1 00:10 16 19 15.0 18.7 13:00 11.7 23:50 3.3 0.0 0.00 10.6 43.5 03:40 299 20 10.4 14.2 13:30 6.6 21:20 8.0 0.0 0.00 6.8 35.4 12:00 280 21 10.3 14.5 12:20 7.6 01:30 8.0 0.0 0.00 11.2 61.2 07:10 251 22 9.5 14.6 13:40 5.9 22:20 8.9 0.0 0.00 8.8 51.5 04:40 279 23 7.9 11.8 13:10 3.3 06:00 10.4 0.0 0.00 4.2 22.5 00:10 250 24 9.7 14.9 14:50 6.8 03:10 8.6 0.0 0.00 4.2 22.5 14:10 234 25 9.2 14.6 12:40 5.1 07:10 9.2 0.0 0.00 4.5 25.7 11:20 257 26 8.9 13.7 12:50 4.6 06:00 9.5 0.0 0.00 4.2 24.1 10:30 244 27 7.3 11.8 12:50 3.7 05:50 11.1 0.0 0.00 10.7 45.1 16:10 353 28 7.9 11.8 16:00 3.5 08:20 10.4 0.0 0.00 5.5 30.6 00:20 355 29 7.0 10.9 16:30 2.5 08:00 11.4 0.0 0.00 3.7 20.9 00:00 7 30 7.2 9.9 14:10 5.1 04:50 11.1 0.0 0.10 5.7 41.8 19:10 347 --------------------------------------------------------------------------------------- 13.1 24.8 08 2.5 29 158.4 0.5 10.00 7.0 78.9 16 302