NOAA-Style Climate Reports

NOAA style reports
2022: Jan | Feb | Mar | Apr | May | Jun | Jul | Aug | Sep | Oct | Nov | Dec 
2021: Jan | Feb | Mar | Apr | May | Jun | Jul | Aug | Sep | Oct | Nov | Dec 
2020: Jan | Feb | Mar | Apr | May | Jun | Jul | Aug | Sep | Oct | Nov | Dec 
2019: Jan | Feb | Mar | Apr | May | Jun | Jul | Aug | Sep | Oct | Nov | Dec 
2018: Jan | Feb | Mar | Apr | May | Jun | Jul | Aug | Sep | Oct | Nov | Dec 
2017: Jan | Feb | Mar | Apr | May | Jun | Jul | Aug | Sep | Oct | Nov | Dec 
2016: Jan | Feb | Mar | Apr | May | Jun | Jul | Aug | Sep | Oct | Nov | Dec 
2015: Jan | Feb | Mar | Apr | May | Jun | Jul | Aug | Sep | Oct | Nov | Dec 
2014: Jan | Feb | Mar | Apr | May | Jun | Jul | Aug | Sep | Oct | Nov | Dec 
2013: Jan | Feb | Mar | Apr | May | Jun | Jul | Aug | Sep | Oct | Nov | Dec 
2012: Jan | Feb | Mar | Apr | May | Jun | Jul | Aug | Sep | Oct | Nov | Dec 
2011: Jan | Feb | Mar | Apr | May | Jun | Jul | Aug | Sep | Oct | Nov | Dec 
2010: Jan | Feb | Mar | Apr | May | Jun | Jul | Aug | Sep | Oct | Nov | Dec 
2009: Jan | Feb | Mar | Apr | May | Jun | Jul | Aug | Sep | Oct | Nov | Dec 
2008: Jan | Feb | Mar | Apr | May | Jun | Jul | Aug | Sep | Oct | Nov | Dec 
2007: Jan | Feb | Mar | Apr | May | Jun | Jul | Aug | Sep | Oct | Nov | Dec 
2006: Jan | Feb | Mar | Apr | May | Jun | Jul | Aug | Sep | Oct | Nov | Dec 
2005: Jan | Feb | Mar | Apr | May | Jun | Jul | Aug | Sep | Oct | Nov | Dec 

Report for 2013 10
MONTHLY CLIMATOLOGICAL SUMMARY for Oct 2013 NAME: Cabrera de Mar, Barcelona ELEV: 9 meters LAT: 41-33.89 N LONG: 002-24.07 E TEMPERATURE (C), RAIN (cm), WIND SPEED (km/h) HEAT COOL AVG MEAN DEG DEG WIND DOM DAY TEMP HIGH TIME LOW TIME DAYS DAYS RAIN SPEED HIGH TIME DIR --------------------------------------------------------------------------------------- 01 23.7 27.3 17:40 20.2 07:40 0.0 5.3 0.00 5.9 35.4 16:00 214 02 23.0 26.6 12:40 19.8 07:00 0.0 4.7 0.00 5.0 25.7 22:50 41 03 23.6 25.2 14:30 22.1 03:10 0.0 5.3 0.00 10.6 37.0 17:00 39 04 22.0 23.8 12:50 18.9 20:30 0.0 3.7 1.18 10.5 59.5 19:20 19 05 20.7 25.1 14:40 16.9 07:20 0.0 2.4 0.02 7.7 32.2 12:50 223 06 19.2 22.7 13:30 16.9 16:40 0.0 0.9 2.78 4.4 37.0 16:10 125 07 20.0 23.9 14:00 16.9 08:00 0.0 1.6 0.02 5.8 27.4 15:40 190 08 19.8 22.7 16:00 16.9 06:30 0.0 1.5 0.00 3.8 19.3 18:30 152 09 19.8 21.4 14:20 17.3 08:50 0.0 1.5 0.02 4.4 25.7 18:50 144 10 18.5 21.3 15:30 15.9 08:10 0.0 0.2 1.20 6.2 30.6 21:20 67 11 13.5 16.7 00:10 11.6 14:30 4.9 0.0 0.06 6.6 35.4 01:20 39 12 15.6 19.5 15:30 11.8 08:20 2.7 0.0 0.00 6.6 27.4 14:50 212 13 17.8 21.4 15:50 13.2 06:40 0.5 0.0 0.00 4.2 22.5 01:30 144 14 18.7 22.2 17:10 14.3 08:30 0.0 0.3 0.00 3.3 19.3 19:10 79 15 20.5 25.2 16:40 17.1 08:20 0.0 2.2 0.00 6.1 33.8 18:00 195 16 19.9 24.1 14:30 15.9 08:20 0.0 1.6 0.00 2.8 16.1 14:40 176 17 20.7 24.1 14:00 18.2 03:20 0.0 2.4 0.00 4.0 24.1 17:10 161 18 20.8 25.0 15:00 17.8 03:40 0.0 2.5 0.00 6.8 32.2 17:00 201 19 21.4 24.4 13:40 18.8 07:20 0.0 3.1 0.00 2.9 17.7 13:20 174 20 21.3 25.3 14:30 18.1 08:10 0.0 2.9 0.00 5.2 29.0 15:10 188 21 20.9 24.6 15:20 17.7 07:10 0.0 2.5 0.02 4.7 22.5 12:30 188 22 21.1 24.4 13:20 18.2 04:40 0.0 2.8 0.00 5.5 32.2 15:40 190 23 22.3 27.7 14:20 18.8 23:50 0.0 4.0 0.14 6.3 29.0 14:50 225 24 20.0 23.8 17:40 15.4 07:50 0.0 1.7 0.00 2.6 16.1 18:00 268 25 21.4 25.1 15:00 18.1 08:00 0.0 3.1 0.00 3.6 17.7 18:10 114 26 21.6 24.9 12:50 19.3 08:30 0.0 3.3 0.00 8.3 30.6 12:40 40 27 22.1 29.4 14:00 17.1 23:50 0.0 3.8 0.00 8.2 37.0 12:20 247 28 21.1 24.3 13:40 17.4 00:10 0.0 2.7 0.00 8.2 33.8 11:30 218 29 16.6 18.3 00:10 13.7 00:00 1.7 0.0 0.38 2.1 17.7 01:50 335 30 14.3 16.9 14:50 11.6 07:50 4.0 0.0 0.00 2.8 17.7 01:20 296 31 15.2 19.1 15:30 11.6 07:10 3.1 0.0 0.00 4.0 19.3 08:50 247 --------------------------------------------------------------------------------------- 19.9 29.4 27 11.6 11 17.0 65.7 5.82 5.5 59.5 04 173