NOAA-Style Climate Reports

NOAA style reports
2022: Jan | Feb | Mar | Apr | May | Jun | Jul | Aug | Sep | Oct | Nov | Dec 
2021: Jan | Feb | Mar | Apr | May | Jun | Jul | Aug | Sep | Oct | Nov | Dec 
2020: Jan | Feb | Mar | Apr | May | Jun | Jul | Aug | Sep | Oct | Nov | Dec 
2019: Jan | Feb | Mar | Apr | May | Jun | Jul | Aug | Sep | Oct | Nov | Dec 
2018: Jan | Feb | Mar | Apr | May | Jun | Jul | Aug | Sep | Oct | Nov | Dec 
2017: Jan | Feb | Mar | Apr | May | Jun | Jul | Aug | Sep | Oct | Nov | Dec 
2016: Jan | Feb | Mar | Apr | May | Jun | Jul | Aug | Sep | Oct | Nov | Dec 
2015: Jan | Feb | Mar | Apr | May | Jun | Jul | Aug | Sep | Oct | Nov | Dec 
2014: Jan | Feb | Mar | Apr | May | Jun | Jul | Aug | Sep | Oct | Nov | Dec 
2013: Jan | Feb | Mar | Apr | May | Jun | Jul | Aug | Sep | Oct | Nov | Dec 
2012: Jan | Feb | Mar | Apr | May | Jun | Jul | Aug | Sep | Oct | Nov | Dec 
2011: Jan | Feb | Mar | Apr | May | Jun | Jul | Aug | Sep | Oct | Nov | Dec 
2010: Jan | Feb | Mar | Apr | May | Jun | Jul | Aug | Sep | Oct | Nov | Dec 
2009: Jan | Feb | Mar | Apr | May | Jun | Jul | Aug | Sep | Oct | Nov | Dec 
2008: Jan | Feb | Mar | Apr | May | Jun | Jul | Aug | Sep | Oct | Nov | Dec 
2007: Jan | Feb | Mar | Apr | May | Jun | Jul | Aug | Sep | Oct | Nov | Dec 
2006: Jan | Feb | Mar | Apr | May | Jun | Jul | Aug | Sep | Oct | Nov | Dec 
2005: Jan | Feb | Mar | Apr | May | Jun | Jul | Aug | Sep | Oct | Nov | Dec 

Report for 2013 09
MONTHLY CLIMATOLOGICAL SUMMARY for Sep 2013 NAME: Cabrera de Mar, Barcelona ELEV: 9 meters LAT: 41-33.89 N LONG: 002-24.07 E TEMPERATURE (C), RAIN (cm), WIND SPEED (km/h) HEAT COOL AVG MEAN DEG DEG WIND DOM DAY TEMP HIGH TIME LOW TIME DAYS DAYS RAIN SPEED HIGH TIME DIR --------------------------------------------------------------------------------------- 01 24.1 27.2 16:20 19.2 07:20 0.0 5.8 0.00 6.4 30.6 02:50 182 02 23.1 26.8 16:20 19.4 07:40 0.0 4.7 0.00 3.4 24.1 18:10 161 03 22.6 27.3 15:00 18.2 05:10 0.0 4.3 0.00 4.1 20.9 16:00 84 04 23.0 26.6 15:40 19.2 06:50 0.0 4.7 0.00 3.8 16.1 13:50 70 05 22.9 26.6 14:20 17.7 07:40 0.0 4.6 0.00 3.8 17.7 17:40 169 06 23.6 27.9 15:10 18.8 04:30 0.0 5.2 0.00 7.3 29.0 15:10 186 07 22.5 27.1 13:40 19.5 21:00 0.0 4.2 0.52 4.3 32.2 18:00 204 08 21.6 25.5 14:20 18.9 04:30 0.0 3.3 0.78 5.1 30.6 20:10 47 09 21.0 23.4 15:00 18.6 03:30 0.0 2.7 0.00 4.0 22.5 14:00 120 10 21.7 25.8 15:10 18.3 06:00 0.0 3.3 0.00 4.8 30.6 17:50 112 11 18.6 21.8 17:10 17.3 07:50 0.0 0.3 1.24 5.5 32.2 13:10 288 12 20.0 23.3 16:30 17.3 07:20 0.0 1.7 0.00 4.1 22.5 15:20 131 13 21.6 24.3 14:10 18.2 07:30 0.0 3.3 0.00 4.9 20.9 12:40 140 14 22.8 26.3 15:20 18.2 07:40 0.0 4.4 0.00 10.0 53.1 15:50 196 15 20.9 22.0 00:10 20.2 14:10 0.0 2.6 0.12 6.2 38.6 09:10 72 16 22.2 25.9 16:30 19.2 05:10 0.0 3.9 0.00 8.1 38.6 16:20 181 17 21.2 22.4 11:10 19.9 00:20 0.0 2.8 0.08 6.6 22.5 04:10 109 18 21.4 25.1 15:20 17.7 05:50 0.0 3.1 0.00 5.8 25.7 06:40 198 19 21.6 24.9 14:00 17.3 04:30 0.0 3.3 0.00 7.2 32.2 15:50 182 20 22.4 25.7 13:20 18.4 07:50 0.0 4.1 0.00 6.3 29.0 16:00 193 21 22.3 25.9 15:20 19.1 01:20 0.0 4.0 0.00 4.4 22.5 14:20 192 22 21.4 25.3 14:50 17.6 07:40 0.0 3.0 0.00 3.2 16.1 14:00 139 23 20.7 24.5 14:30 15.5 08:00 0.0 2.4 0.00 3.4 16.1 15:10 112 24 22.3 25.9 15:10 18.2 08:10 0.0 3.9 0.00 7.4 32.2 16:10 185 25 23.2 26.2 14:20 20.2 07:50 0.0 4.9 0.00 9.0 35.4 14:10 191 26 23.4 26.6 15:30 19.9 04:20 0.0 5.1 0.00 8.5 37.0 13:20 196 27 22.7 26.4 14:20 18.5 08:00 0.0 4.4 0.00 4.1 24.1 14:50 189 28 23.1 25.2 16:00 21.0 00:20 0.0 4.8 0.00 5.7 37.0 16:50 201 29 23.7 30.3 17:10 19.5 08:00 0.0 5.4 0.00 6.8 40.2 14:00 222 30 22.7 29.7 15:50 18.5 05:20 0.0 4.4 0.00 6.6 38.6 14:10 242 --------------------------------------------------------------------------------------- 22.2 30.3 29 15.5 23 0.0 114.5 2.74 5.7 53.1 14 174