NOAA-Style Climate Reports

NOAA style reports
2022: Jan | Feb | Mar | Apr | May | Jun | Jul | Aug | Sep | Oct | Nov | Dec 
2021: Jan | Feb | Mar | Apr | May | Jun | Jul | Aug | Sep | Oct | Nov | Dec 
2020: Jan | Feb | Mar | Apr | May | Jun | Jul | Aug | Sep | Oct | Nov | Dec 
2019: Jan | Feb | Mar | Apr | May | Jun | Jul | Aug | Sep | Oct | Nov | Dec 
2018: Jan | Feb | Mar | Apr | May | Jun | Jul | Aug | Sep | Oct | Nov | Dec 
2017: Jan | Feb | Mar | Apr | May | Jun | Jul | Aug | Sep | Oct | Nov | Dec 
2016: Jan | Feb | Mar | Apr | May | Jun | Jul | Aug | Sep | Oct | Nov | Dec 
2015: Jan | Feb | Mar | Apr | May | Jun | Jul | Aug | Sep | Oct | Nov | Dec 
2014: Jan | Feb | Mar | Apr | May | Jun | Jul | Aug | Sep | Oct | Nov | Dec 
2013: Jan | Feb | Mar | Apr | May | Jun | Jul | Aug | Sep | Oct | Nov | Dec 
2012: Jan | Feb | Mar | Apr | May | Jun | Jul | Aug | Sep | Oct | Nov | Dec 
2011: Jan | Feb | Mar | Apr | May | Jun | Jul | Aug | Sep | Oct | Nov | Dec 
2010: Jan | Feb | Mar | Apr | May | Jun | Jul | Aug | Sep | Oct | Nov | Dec 
2009: Jan | Feb | Mar | Apr | May | Jun | Jul | Aug | Sep | Oct | Nov | Dec 
2008: Jan | Feb | Mar | Apr | May | Jun | Jul | Aug | Sep | Oct | Nov | Dec 
2007: Jan | Feb | Mar | Apr | May | Jun | Jul | Aug | Sep | Oct | Nov | Dec 
2006: Jan | Feb | Mar | Apr | May | Jun | Jul | Aug | Sep | Oct | Nov | Dec 
2005: Jan | Feb | Mar | Apr | May | Jun | Jul | Aug | Sep | Oct | Nov | Dec 

Report for 2013 07
MONTHLY CLIMATOLOGICAL SUMMARY for Jul 2013 NAME: Cabrera de Mar, Barcelona ELEV: 9 meters LAT: 41-33.89 N LONG: 002-24.07 E TEMPERATURE (C), RAIN (cm), WIND SPEED (km/h) HEAT COOL AVG MEAN DEG DEG WIND DOM DAY TEMP HIGH TIME LOW TIME DAYS DAYS RAIN SPEED HIGH TIME DIR --------------------------------------------------------------------------------------- 01 22.1 25.2 10:50 19.1 06:30 0.0 3.7 0.00 4.0 16.1 10:40 87 02 21.6 24.5 13:10 19.2 02:00 0.0 3.3 0.00 3.7 17.7 17:10 77 03 22.1 24.4 14:30 19.7 05:30 0.0 3.7 0.00 4.5 17.7 12:30 110 04 22.8 25.0 10:30 21.6 00:30 0.0 4.4 0.00 4.8 22.5 10:50 132 05 23.0 25.8 15:00 19.3 07:10 0.0 4.7 0.00 4.9 17.7 14:20 143 06 24.0 26.7 10:40 20.6 06:00 0.0 5.6 0.00 3.5 19.3 06:40 74 07 25.5 29.1 14:30 21.1 06:50 0.0 7.1 0.00 3.2 16.1 14:00 156 08 25.0 27.7 14:10 22.6 05:40 0.0 6.7 0.00 2.9 17.7 11:50 64 09 24.5 27.6 16:50 20.5 06:50 0.0 6.2 0.00 3.9 17.7 16:40 143 10 24.8 27.9 15:40 20.8 06:20 0.0 6.5 0.00 6.9 25.7 18:20 188 11 23.7 26.3 13:40 20.9 23:50 0.0 5.4 0.20 3.3 17.7 00:10 102 12 24.3 27.7 15:50 20.2 06:50 0.0 6.0 0.00 4.1 19.3 16:50 107 13 25.6 28.3 14:30 22.2 06:10 0.0 7.3 0.00 4.7 20.9 14:20 182 14 25.9 28.6 12:10 22.3 06:40 0.0 7.6 0.00 4.5 45.1 02:50 140 15 25.6 29.4 14:00 21.3 06:30 0.0 7.2 0.00 3.6 19.3 15:50 161 16 25.5 28.9 15:10 21.9 06:40 0.0 7.2 0.00 3.5 24.1 18:40 121 17 25.3 28.1 17:50 23.2 04:10 0.0 7.0 0.00 2.9 14.5 06:30 92 18 24.8 28.9 14:30 21.4 07:20 0.0 6.5 1.18 6.2 40.2 07:10 232 19 24.4 28.1 15:40 20.2 06:30 0.0 6.0 0.00 4.2 25.7 15:40 171 20 24.7 28.6 16:00 20.3 04:10 0.0 6.4 0.00 4.5 24.1 14:10 55 21 24.9 28.2 14:30 21.6 06:30 0.0 6.6 0.00 3.8 17.7 11:40 57 22 25.5 29.1 15:00 21.6 07:10 0.0 7.2 0.00 5.2 20.9 14:50 144 23 25.8 29.3 17:00 21.6 07:00 0.0 7.5 0.00 7.1 29.0 12:50 184 24 26.5 30.3 14:00 22.6 06:40 0.0 8.2 0.00 8.3 37.0 16:10 198 25 26.1 29.1 15:30 22.3 05:40 0.0 7.8 0.00 7.1 27.4 19:10 193 26 25.9 30.3 16:10 20.9 06:20 0.0 7.6 0.00 3.3 17.7 17:30 72 27 27.6 31.0 14:20 24.9 03:10 0.0 9.2 0.00 6.7 22.5 11:00 60 28 27.5 31.3 14:00 23.8 07:00 0.0 9.2 0.00 8.1 38.6 16:30 189 29 24.9 28.3 16:00 20.3 07:30 0.0 6.6 0.54 5.9 48.3 02:40 154 30 24.8 28.9 16:50 21.0 06:40 0.0 6.5 0.00 6.6 30.6 17:10 176 31 25.2 28.2 16:40 21.3 07:10 0.0 6.8 0.00 3.2 16.1 13:40 138 --------------------------------------------------------------------------------------- 24.8 31.3 28 19.1 01 0.0 201.6 1.92 4.8 48.3 29 146