NOAA-Style Climate Reports

NOAA style reports
2022: Jan | Feb | Mar | Apr | May | Jun | Jul | Aug | Sep | Oct | Nov | Dec 
2021: Jan | Feb | Mar | Apr | May | Jun | Jul | Aug | Sep | Oct | Nov | Dec 
2020: Jan | Feb | Mar | Apr | May | Jun | Jul | Aug | Sep | Oct | Nov | Dec 
2019: Jan | Feb | Mar | Apr | May | Jun | Jul | Aug | Sep | Oct | Nov | Dec 
2018: Jan | Feb | Mar | Apr | May | Jun | Jul | Aug | Sep | Oct | Nov | Dec 
2017: Jan | Feb | Mar | Apr | May | Jun | Jul | Aug | Sep | Oct | Nov | Dec 
2016: Jan | Feb | Mar | Apr | May | Jun | Jul | Aug | Sep | Oct | Nov | Dec 
2015: Jan | Feb | Mar | Apr | May | Jun | Jul | Aug | Sep | Oct | Nov | Dec 
2014: Jan | Feb | Mar | Apr | May | Jun | Jul | Aug | Sep | Oct | Nov | Dec 
2013: Jan | Feb | Mar | Apr | May | Jun | Jul | Aug | Sep | Oct | Nov | Dec 
2012: Jan | Feb | Mar | Apr | May | Jun | Jul | Aug | Sep | Oct | Nov | Dec 
2011: Jan | Feb | Mar | Apr | May | Jun | Jul | Aug | Sep | Oct | Nov | Dec 
2010: Jan | Feb | Mar | Apr | May | Jun | Jul | Aug | Sep | Oct | Nov | Dec 
2009: Jan | Feb | Mar | Apr | May | Jun | Jul | Aug | Sep | Oct | Nov | Dec 
2008: Jan | Feb | Mar | Apr | May | Jun | Jul | Aug | Sep | Oct | Nov | Dec 
2007: Jan | Feb | Mar | Apr | May | Jun | Jul | Aug | Sep | Oct | Nov | Dec 
2006: Jan | Feb | Mar | Apr | May | Jun | Jul | Aug | Sep | Oct | Nov | Dec 
2005: Jan | Feb | Mar | Apr | May | Jun | Jul | Aug | Sep | Oct | Nov | Dec 

Report for 2013 06
MONTHLY CLIMATOLOGICAL SUMMARY for Jun 2013 NAME: Cabrera de Mar, Barcelona ELEV: 9 meters LAT: 41-33.89 N LONG: 002-24.07 E TEMPERATURE (C), RAIN (cm), WIND SPEED (km/h) HEAT COOL AVG MEAN DEG DEG WIND DOM DAY TEMP HIGH TIME LOW TIME DAYS DAYS RAIN SPEED HIGH TIME DIR --------------------------------------------------------------------------------------- 01 20.9 30.3 15:10 15.6 00:50 0.0 2.6 0.00 11.2 45.1 06:20 304 02 19.0 22.7 17:30 15.7 02:40 0.0 0.6 0.00 5.2 27.4 06:40 162 03 17.8 21.0 14:10 14.3 06:30 0.5 0.0 0.00 4.6 19.3 15:00 142 04 18.1 20.9 14:00 14.1 06:30 0.3 0.0 0.00 5.9 29.0 13:20 173 05 18.3 21.6 14:20 13.8 06:20 0.0 0.0 0.00 4.6 24.1 11:30 168 06 18.6 21.7 17:10 14.3 06:20 0.0 0.2 0.00 3.8 14.5 12:30 82 07 19.5 22.2 14:30 15.8 04:20 0.0 1.1 0.00 6.1 27.4 09:40 171 08 18.8 21.6 17:40 14.9 11:40 0.0 0.4 1.12 6.8 43.5 11:20 189 09 18.3 21.9 13:10 14.1 07:00 0.0 0.0 0.02 8.6 38.6 15:00 203 10 18.5 21.7 12:30 14.5 06:50 0.0 0.2 0.00 4.8 22.5 01:30 143 11 19.2 22.4 15:10 15.5 06:20 0.0 0.8 0.00 3.6 14.5 12:50 71 12 21.6 25.1 15:00 17.3 06:30 0.0 3.2 0.00 7.1 30.6 15:10 192 13 22.2 26.8 14:10 18.2 05:50 0.0 3.9 0.00 6.4 32.2 22:50 183 14 21.7 24.3 14:00 19.1 06:10 0.0 3.4 0.00 9.6 33.8 12:10 192 15 21.2 24.8 16:50 18.5 05:40 0.0 2.9 0.00 2.7 14.5 14:40 127 16 22.7 27.9 16:30 17.9 02:40 0.0 4.4 0.00 1.5 11.3 17:30 39 17 22.9 26.6 15:10 19.9 02:30 0.0 4.6 0.00 8.5 38.6 16:00 45 18 22.0 23.9 11:40 21.0 21:30 0.0 3.6 0.00 10.2 38.6 17:00 60 19 21.7 24.9 14:50 18.5 07:30 0.0 3.4 0.10 8.1 37.0 17:20 189 20 21.3 23.9 17:30 18.2 06:10 0.0 3.0 0.00 9.9 35.4 16:10 213 21 20.3 23.2 16:30 16.2 06:30 0.0 2.0 0.00 5.7 27.4 21:10 89 22 20.8 23.7 15:30 17.2 06:40 0.0 2.5 0.00 5.9 24.1 00:50 171 23 20.0 22.9 12:30 17.2 05:20 0.0 1.7 0.02 4.7 25.7 16:50 100 24 19.7 21.9 12:30 17.4 06:10 0.0 1.4 0.00 8.1 25.7 05:10 197 25 20.2 22.6 16:10 17.9 08:20 0.0 1.9 0.04 5.2 22.5 15:30 158 26 20.6 23.3 16:50 17.7 05:40 0.0 2.2 0.00 5.3 20.9 12:10 122 27 20.7 23.4 15:10 18.1 07:00 0.0 2.4 0.00 5.0 27.4 05:20 144 28 21.4 24.5 14:10 18.7 05:10 0.0 3.1 0.00 4.7 22.5 12:50 157 29 21.3 24.2 15:30 18.2 07:10 0.0 3.0 0.00 3.8 16.1 15:20 121 30 21.8 24.7 16:40 19.2 03:00 0.0 3.5 0.00 4.4 20.9 15:00 166 --------------------------------------------------------------------------------------- 20.4 30.3 01 13.8 05 0.8 61.9 1.30 6.1 45.1 01 158