NOAA-Style Climate Reports

NOAA style reports
2022: Jan | Feb | Mar | Apr | May | Jun | Jul | Aug | Sep | Oct | Nov | Dec 
2021: Jan | Feb | Mar | Apr | May | Jun | Jul | Aug | Sep | Oct | Nov | Dec 
2020: Jan | Feb | Mar | Apr | May | Jun | Jul | Aug | Sep | Oct | Nov | Dec 
2019: Jan | Feb | Mar | Apr | May | Jun | Jul | Aug | Sep | Oct | Nov | Dec 
2018: Jan | Feb | Mar | Apr | May | Jun | Jul | Aug | Sep | Oct | Nov | Dec 
2017: Jan | Feb | Mar | Apr | May | Jun | Jul | Aug | Sep | Oct | Nov | Dec 
2016: Jan | Feb | Mar | Apr | May | Jun | Jul | Aug | Sep | Oct | Nov | Dec 
2015: Jan | Feb | Mar | Apr | May | Jun | Jul | Aug | Sep | Oct | Nov | Dec 
2014: Jan | Feb | Mar | Apr | May | Jun | Jul | Aug | Sep | Oct | Nov | Dec 
2013: Jan | Feb | Mar | Apr | May | Jun | Jul | Aug | Sep | Oct | Nov | Dec 
2012: Jan | Feb | Mar | Apr | May | Jun | Jul | Aug | Sep | Oct | Nov | Dec 
2011: Jan | Feb | Mar | Apr | May | Jun | Jul | Aug | Sep | Oct | Nov | Dec 
2010: Jan | Feb | Mar | Apr | May | Jun | Jul | Aug | Sep | Oct | Nov | Dec 
2009: Jan | Feb | Mar | Apr | May | Jun | Jul | Aug | Sep | Oct | Nov | Dec 
2008: Jan | Feb | Mar | Apr | May | Jun | Jul | Aug | Sep | Oct | Nov | Dec 
2007: Jan | Feb | Mar | Apr | May | Jun | Jul | Aug | Sep | Oct | Nov | Dec 
2006: Jan | Feb | Mar | Apr | May | Jun | Jul | Aug | Sep | Oct | Nov | Dec 
2005: Jan | Feb | Mar | Apr | May | Jun | Jul | Aug | Sep | Oct | Nov | Dec 

Report for 2013 03
MONTHLY CLIMATOLOGICAL SUMMARY for Mar 2013 NAME: Cabrera de Mar, Barcelona ELEV: 9 meters LAT: 41-33.89 N LONG: 002-24.07 E TEMPERATURE (C), RAIN (cm), WIND SPEED (km/h) HEAT COOL AVG MEAN DEG DEG WIND DOM DAY TEMP HIGH TIME LOW TIME DAYS DAYS RAIN SPEED HIGH TIME DIR --------------------------------------------------------------------------------------- 01 9.6 11.8 20:10 7.5 07:50 8.7 0.0 1.06 21.2 62.8 12:00 9 02 10.6 14.2 14:00 7.4 07:50 7.8 0.0 0.00 5.1 27.4 11:50 196 03 10.0 14.8 13:40 5.5 07:30 8.3 0.0 0.00 4.3 22.5 14:20 194 04 10.9 13.5 12:50 6.2 05:20 7.4 0.0 0.04 8.5 35.4 19:50 52 05 13.0 13.7 15:40 12.6 01:00 5.3 0.0 2.80 16.8 46.7 20:10 45 06 13.5 15.1 13:30 10.9 00:00 4.8 0.0 1.58 8.0 43.5 00:50 31 07 13.1 18.4 10:30 9.2 06:20 5.3 0.0 0.04 3.9 27.4 11:00 115 08 16.7 22.9 14:50 12.8 02:40 1.7 0.0 0.00 13.0 45.1 05:10 241 09 15.4 21.1 13:20 13.0 07:50 2.9 0.0 0.00 11.1 43.5 17:00 215 10 16.0 21.3 14:20 11.4 02:30 2.3 0.0 0.00 11.4 51.5 16:40 239 11 14.8 19.9 14:30 10.3 07:30 3.5 0.0 0.00 10.7 51.5 15:10 248 12 12.7 15.3 14:30 9.2 00:00 5.6 0.0 0.08 8.4 37.0 05:50 215 13 7.7 10.6 10:10 4.8 22:40 10.7 0.0 1.46 5.1 30.6 16:30 272 14 8.2 14.4 16:00 2.7 05:30 10.1 0.0 0.00 8.9 48.3 16:20 295 15 7.4 11.9 16:20 1.7 05:30 10.9 0.0 0.00 5.0 22.5 14:50 182 16 10.2 14.3 15:30 4.8 06:10 8.1 0.0 0.00 9.9 43.5 22:30 187 17 12.6 13.9 15:30 11.4 07:10 5.8 0.0 0.10 5.6 27.4 00:30 202 18 13.4 17.7 15:20 9.9 07:40 5.0 0.0 0.08 12.9 53.1 14:30 249 19 11.6 15.7 13:30 6.9 07:20 6.7 0.0 0.00 4.9 33.8 10:20 59 20 12.1 15.6 15:50 9.3 06:40 6.2 0.0 0.24 7.5 37.0 14:30 175 21 12.2 15.9 11:00 7.3 07:30 6.2 0.0 0.00 8.7 33.8 16:10 203 22 13.2 17.0 13:30 9.7 06:00 5.2 0.0 0.00 7.7 32.2 16:10 203 23 12.7 16.7 12:50 10.2 03:00 5.6 0.0 0.00 3.3 19.3 12:40 44 24 12.6 15.5 14:40 10.4 07:20 5.7 0.0 0.00 3.1 17.7 14:10 58 25 14.7 21.8 15:50 8.7 06:10 3.6 0.0 0.02 8.1 51.5 18:50 226 26 13.3 15.3 10:50 10.1 07:10 5.0 0.0 0.06 6.3 33.8 00:50 74 27 13.3 16.2 12:00 12.5 03:40 5.0 0.0 0.00 4.9 20.9 15:50 67 28 14.6 17.5 16:10 12.3 00:30 3.7 0.0 0.00 9.2 40.2 13:40 196 29 16.9 22.8 12:00 12.8 06:00 1.4 0.0 0.04 9.6 45.1 15:00 230 30 15.3 19.9 12:50 11.1 00:00 3.1 0.0 0.00 10.2 41.8 04:10 299 31 12.7 16.2 14:10 9.7 07:50 5.6 0.0 0.00 6.0 38.6 03:40 348 --------------------------------------------------------------------------------------- 12.6 22.9 08 1.7 15 177.3 0.0 7.60 8.4 62.8 01 236