NOAA-Style Climate Reports

NOAA style reports
2022: Jan | Feb | Mar | Apr | May | Jun | Jul | Aug | Sep | Oct | Nov | Dec 
2021: Jan | Feb | Mar | Apr | May | Jun | Jul | Aug | Sep | Oct | Nov | Dec 
2020: Jan | Feb | Mar | Apr | May | Jun | Jul | Aug | Sep | Oct | Nov | Dec 
2019: Jan | Feb | Mar | Apr | May | Jun | Jul | Aug | Sep | Oct | Nov | Dec 
2018: Jan | Feb | Mar | Apr | May | Jun | Jul | Aug | Sep | Oct | Nov | Dec 
2017: Jan | Feb | Mar | Apr | May | Jun | Jul | Aug | Sep | Oct | Nov | Dec 
2016: Jan | Feb | Mar | Apr | May | Jun | Jul | Aug | Sep | Oct | Nov | Dec 
2015: Jan | Feb | Mar | Apr | May | Jun | Jul | Aug | Sep | Oct | Nov | Dec 
2014: Jan | Feb | Mar | Apr | May | Jun | Jul | Aug | Sep | Oct | Nov | Dec 
2013: Jan | Feb | Mar | Apr | May | Jun | Jul | Aug | Sep | Oct | Nov | Dec 
2012: Jan | Feb | Mar | Apr | May | Jun | Jul | Aug | Sep | Oct | Nov | Dec 
2011: Jan | Feb | Mar | Apr | May | Jun | Jul | Aug | Sep | Oct | Nov | Dec 
2010: Jan | Feb | Mar | Apr | May | Jun | Jul | Aug | Sep | Oct | Nov | Dec 
2009: Jan | Feb | Mar | Apr | May | Jun | Jul | Aug | Sep | Oct | Nov | Dec 
2008: Jan | Feb | Mar | Apr | May | Jun | Jul | Aug | Sep | Oct | Nov | Dec 
2007: Jan | Feb | Mar | Apr | May | Jun | Jul | Aug | Sep | Oct | Nov | Dec 
2006: Jan | Feb | Mar | Apr | May | Jun | Jul | Aug | Sep | Oct | Nov | Dec 
2005: Jan | Feb | Mar | Apr | May | Jun | Jul | Aug | Sep | Oct | Nov | Dec 

Report for 2013 01
MONTHLY CLIMATOLOGICAL SUMMARY for Jan 2013 NAME: Cabrera de Mar, Barcelona ELEV: 9 meters LAT: 41-33.89 N LONG: 002-24.07 E TEMPERATURE (C), RAIN (cm), WIND SPEED (km/h) HEAT COOL AVG MEAN DEG DEG WIND DOM DAY TEMP HIGH TIME LOW TIME DAYS DAYS RAIN SPEED HIGH TIME DIR --------------------------------------------------------------------------------------- 01 10.4 11.8 11:20 7.7 00:00 8.0 0.0 0.06 5.8 27.4 02:40 270 02 9.3 14.0 12:40 6.4 07:40 9.0 0.0 0.00 4.2 20.9 10:50 246 03 9.1 16.6 14:50 4.4 06:50 9.3 0.0 0.00 3.6 20.9 15:30 125 04 10.2 17.9 13:20 4.6 07:20 8.1 0.0 0.00 3.6 25.7 12:20 328 05 12.0 19.3 16:10 7.2 08:20 6.3 0.0 0.00 2.6 14.5 13:20 292 06 12.0 18.2 11:50 7.4 05:40 6.3 0.0 0.00 6.3 29.0 13:00 234 07 11.5 17.6 12:50 7.0 06:00 6.8 0.0 0.00 3.2 24.1 12:50 62 08 9.8 14.4 15:40 5.7 06:40 8.5 0.0 0.02 3.3 12.9 16:00 97 09 8.7 12.9 12:20 5.2 07:50 9.6 0.0 0.02 3.9 30.6 21:40 184 10 9.1 13.7 14:10 4.4 05:00 9.3 0.0 0.00 4.3 25.7 00:10 255 11 9.8 16.4 14:20 6.6 04:20 8.5 0.0 0.00 3.9 20.9 16:00 217 12 8.8 14.7 14:30 4.2 06:10 9.5 0.0 0.00 5.0 25.7 15:10 214 13 8.6 10.3 02:50 6.1 22:10 9.7 0.0 0.24 6.5 40.2 01:10 261 14 8.0 11.8 15:40 4.6 06:10 10.3 0.0 0.00 4.0 22.5 21:30 272 15 8.5 13.7 15:10 5.6 06:00 9.8 0.0 0.00 10.4 37.0 15:40 274 16 8.6 13.3 15:30 4.1 06:30 9.8 0.0 0.00 6.8 40.2 15:50 283 17 9.7 13.1 14:00 6.9 08:00 8.7 0.0 0.00 7.2 33.8 14:00 147 18 9.9 12.3 15:10 7.0 01:00 8.4 0.0 0.00 4.3 22.5 14:20 182 19 11.8 14.8 12:30 8.7 05:50 6.5 0.0 0.42 7.5 53.1 19:10 196 20 10.8 15.5 15:30 6.8 00:00 7.6 0.0 0.18 7.8 37.0 16:30 275 21 9.4 12.8 14:50 5.9 07:20 9.0 0.0 0.00 8.0 48.3 20:30 266 22 9.1 13.6 13:30 6.2 07:10 9.2 0.0 0.26 9.4 35.4 12:00 232 23 7.4 11.8 16:10 4.6 02:20 10.9 0.0 1.06 7.2 43.5 13:40 264 24 8.6 12.0 13:30 6.4 09:00 9.7 0.0 0.00 8.9 53.1 01:00 271 25 10.5 16.7 15:50 4.8 00:40 7.8 0.0 0.00 10.1 40.2 03:30 279 26 10.0 11.8 16:50 7.3 01:10 8.4 0.0 0.00 4.9 30.6 01:20 197 27 11.0 15.2 13:00 6.7 08:20 7.3 0.0 0.00 8.2 40.2 23:30 230 28 12.3 17.6 15:20 8.0 08:30 6.0 0.0 0.40 8.6 35.4 13:40 289 29 11.1 16.7 13:40 7.5 23:30 7.2 0.0 0.00 5.7 29.0 12:10 228 30 12.0 18.4 14:00 5.5 07:00 6.3 0.0 0.00 7.3 35.4 15:30 226 31 14.2 19.9 13:00 9.8 08:10 4.2 0.0 0.00 4.7 30.6 15:10 213 --------------------------------------------------------------------------------------- 10.1 19.9 31 4.1 16 256.1 0.0 2.66 6.1 53.1 19 244