NOAA-Style Climate Reports

NOAA style reports
2022: Jan | Feb | Mar | Apr | May | Jun | Jul | Aug | Sep | Oct | Nov | Dec 
2021: Jan | Feb | Mar | Apr | May | Jun | Jul | Aug | Sep | Oct | Nov | Dec 
2020: Jan | Feb | Mar | Apr | May | Jun | Jul | Aug | Sep | Oct | Nov | Dec 
2019: Jan | Feb | Mar | Apr | May | Jun | Jul | Aug | Sep | Oct | Nov | Dec 
2018: Jan | Feb | Mar | Apr | May | Jun | Jul | Aug | Sep | Oct | Nov | Dec 
2017: Jan | Feb | Mar | Apr | May | Jun | Jul | Aug | Sep | Oct | Nov | Dec 
2016: Jan | Feb | Mar | Apr | May | Jun | Jul | Aug | Sep | Oct | Nov | Dec 
2015: Jan | Feb | Mar | Apr | May | Jun | Jul | Aug | Sep | Oct | Nov | Dec 
2014: Jan | Feb | Mar | Apr | May | Jun | Jul | Aug | Sep | Oct | Nov | Dec 
2013: Jan | Feb | Mar | Apr | May | Jun | Jul | Aug | Sep | Oct | Nov | Dec 
2012: Jan | Feb | Mar | Apr | May | Jun | Jul | Aug | Sep | Oct | Nov | Dec 
2011: Jan | Feb | Mar | Apr | May | Jun | Jul | Aug | Sep | Oct | Nov | Dec 
2010: Jan | Feb | Mar | Apr | May | Jun | Jul | Aug | Sep | Oct | Nov | Dec 
2009: Jan | Feb | Mar | Apr | May | Jun | Jul | Aug | Sep | Oct | Nov | Dec 
2008: Jan | Feb | Mar | Apr | May | Jun | Jul | Aug | Sep | Oct | Nov | Dec 
2007: Jan | Feb | Mar | Apr | May | Jun | Jul | Aug | Sep | Oct | Nov | Dec 
2006: Jan | Feb | Mar | Apr | May | Jun | Jul | Aug | Sep | Oct | Nov | Dec 
2005: Jan | Feb | Mar | Apr | May | Jun | Jul | Aug | Sep | Oct | Nov | Dec 

Report for 2012 12
MONTHLY CLIMATOLOGICAL SUMMARY for Dec 2012 NAME: Cabrera de Mar, Barcelona ELEV: 9 meters LAT: 41-33.89 N LONG: 002-24.07 E TEMPERATURE (C), RAIN (cm), WIND SPEED (km/h) HEAT COOL AVG MEAN DEG DEG WIND DOM DAY TEMP HIGH TIME LOW TIME DAYS DAYS RAIN SPEED HIGH TIME DIR --------------------------------------------------------------------------------------- 01 6.8 10.6 11:30 3.6 06:20 11.6 0.0 0.00 2.9 19.3 00:10 270 02 7.4 13.9 14:00 2.2 06:50 11.0 0.0 0.00 4.7 25.7 14:20 257 03 10.5 15.4 15:10 6.7 02:20 7.8 0.0 0.00 4.5 29.0 05:40 223 04 11.2 16.1 15:10 8.1 03:30 7.1 0.0 0.00 8.8 49.9 10:20 280 05 10.4 15.1 14:30 6.1 05:50 7.9 0.0 0.00 11.9 45.1 22:20 275 06 9.7 14.3 15:00 5.6 07:50 8.6 0.0 0.00 7.7 30.6 01:30 243 07 10.5 16.2 15:30 7.0 07:20 7.8 0.0 0.00 10.1 35.4 13:00 266 08 10.8 15.3 13:50 7.9 20:50 7.6 0.0 0.00 8.8 38.6 10:40 293 09 8.1 13.7 15:20 3.6 08:20 10.2 0.0 0.00 5.4 24.1 14:30 249 10 7.9 12.8 13:10 2.9 08:00 10.4 0.0 0.00 5.1 25.7 14:00 12 11 8.4 11.3 15:10 5.5 00:00 10.0 0.0 0.00 2.3 20.9 02:40 241 12 6.8 10.9 15:40 3.3 04:50 11.5 0.0 0.00 2.4 9.7 04:40 243 13 11.6 14.2 14:50 9.3 00:40 6.8 0.0 0.16 6.8 35.4 16:10 230 14 13.3 15.8 13:40 10.4 00:10 5.0 0.0 0.00 14.1 38.6 03:50 229 15 16.9 20.2 13:40 14.6 00:10 1.4 0.0 0.00 14.5 45.1 03:30 255 16 15.2 18.4 16:10 10.9 08:30 3.2 0.0 0.00 7.8 33.8 22:00 251 17 13.1 17.1 12:10 9.2 00:00 5.2 0.0 0.00 4.0 22.5 00:40 302 18 11.6 16.7 14:10 8.3 06:00 6.8 0.0 0.00 3.7 17.7 07:10 284 19 11.8 15.2 15:10 9.7 04:00 6.5 0.0 0.00 2.5 16.1 16:30 247 20 12.5 16.1 14:10 9.7 02:20 5.9 0.0 0.00 5.0 33.8 11:30 240 21 13.1 18.1 14:10 9.7 00:00 5.3 0.0 0.00 5.8 40.2 11:30 306 22 12.5 15.8 14:20 8.7 08:40 5.9 0.0 0.00 6.0 24.1 13:20 240 23 13.9 19.2 13:30 10.8 08:50 4.4 0.0 0.00 6.2 27.4 14:00 219 24 11.5 14.4 14:40 7.4 08:20 6.9 0.0 0.00 6.3 27.4 13:00 202 25 12.0 14.1 15:10 9.7 07:00 6.3 0.0 0.00 5.2 20.9 03:20 194 26 12.1 15.5 14:00 8.6 23:10 6.3 0.0 0.02 3.7 29.0 03:10 337 27 11.2 15.5 14:20 7.8 03:40 7.1 0.0 0.00 7.4 37.0 12:00 261 28 11.6 17.3 14:20 6.8 07:10 6.8 0.0 0.00 5.8 22.5 12:00 250 29 11.0 15.0 14:10 6.4 06:10 7.3 0.0 0.00 8.2 37.0 16:00 204 30 10.6 15.0 12:30 7.5 09:00 7.7 0.0 0.00 4.6 35.4 05:30 308 31 10.1 13.7 12:10 5.4 08:10 8.3 0.0 0.00 8.8 38.6 17:50 226 --------------------------------------------------------------------------------------- 11.1 20.2 15 2.2 02 224.5 0.0 0.18 6.6 49.9 04 251