NOAA-Style Climate Reports

NOAA style reports
2022: Jan | Feb | Mar | Apr | May | Jun | Jul | Aug | Sep | Oct | Nov | Dec 
2021: Jan | Feb | Mar | Apr | May | Jun | Jul | Aug | Sep | Oct | Nov | Dec 
2020: Jan | Feb | Mar | Apr | May | Jun | Jul | Aug | Sep | Oct | Nov | Dec 
2019: Jan | Feb | Mar | Apr | May | Jun | Jul | Aug | Sep | Oct | Nov | Dec 
2018: Jan | Feb | Mar | Apr | May | Jun | Jul | Aug | Sep | Oct | Nov | Dec 
2017: Jan | Feb | Mar | Apr | May | Jun | Jul | Aug | Sep | Oct | Nov | Dec 
2016: Jan | Feb | Mar | Apr | May | Jun | Jul | Aug | Sep | Oct | Nov | Dec 
2015: Jan | Feb | Mar | Apr | May | Jun | Jul | Aug | Sep | Oct | Nov | Dec 
2014: Jan | Feb | Mar | Apr | May | Jun | Jul | Aug | Sep | Oct | Nov | Dec 
2013: Jan | Feb | Mar | Apr | May | Jun | Jul | Aug | Sep | Oct | Nov | Dec 
2012: Jan | Feb | Mar | Apr | May | Jun | Jul | Aug | Sep | Oct | Nov | Dec 
2011: Jan | Feb | Mar | Apr | May | Jun | Jul | Aug | Sep | Oct | Nov | Dec 
2010: Jan | Feb | Mar | Apr | May | Jun | Jul | Aug | Sep | Oct | Nov | Dec 
2009: Jan | Feb | Mar | Apr | May | Jun | Jul | Aug | Sep | Oct | Nov | Dec 
2008: Jan | Feb | Mar | Apr | May | Jun | Jul | Aug | Sep | Oct | Nov | Dec 
2007: Jan | Feb | Mar | Apr | May | Jun | Jul | Aug | Sep | Oct | Nov | Dec 
2006: Jan | Feb | Mar | Apr | May | Jun | Jul | Aug | Sep | Oct | Nov | Dec 
2005: Jan | Feb | Mar | Apr | May | Jun | Jul | Aug | Sep | Oct | Nov | Dec 

Report for 2012 11
MONTHLY CLIMATOLOGICAL SUMMARY for Nov 2012 NAME: Cabrera de Mar, Barcelona ELEV: 9 meters LAT: 41-33.89 N LONG: 002-24.07 E TEMPERATURE (C), RAIN (cm), WIND SPEED (km/h) HEAT COOL AVG MEAN DEG DEG WIND DOM DAY TEMP HIGH TIME LOW TIME DAYS DAYS RAIN SPEED HIGH TIME DIR --------------------------------------------------------------------------------------- 01 14.9 20.2 14:50 9.6 00:50 3.4 0.0 0.00 9.7 43.5 12:20 234 02 16.7 22.1 14:50 11.2 01:10 1.6 0.0 0.00 9.2 43.5 14:10 236 03 16.8 20.8 12:50 14.9 23:40 1.6 0.0 0.00 5.1 22.5 11:50 218 04 17.1 20.2 13:00 14.2 02:00 1.3 0.0 0.04 5.1 25.7 19:50 201 05 15.7 19.7 14:00 11.6 23:50 2.7 0.0 0.00 6.0 29.0 14:40 241 06 14.0 16.8 12:50 10.6 23:40 4.4 0.0 0.08 3.9 29.0 18:50 52 07 11.5 15.3 15:50 7.9 07:50 6.8 0.0 0.02 3.3 17.7 02:40 255 08 13.1 17.7 13:00 8.4 03:40 5.2 0.0 0.00 5.1 22.5 09:50 198 09 14.7 19.1 11:40 10.6 07:10 3.6 0.0 0.00 4.0 22.5 10:50 224 10 16.0 19.4 16:20 13.7 23:50 2.4 0.0 0.02 7.0 30.6 10:50 212 11 14.4 17.9 12:30 11.7 06:20 3.9 0.0 0.00 5.7 33.8 21:20 22 12 13.2 17.4 14:50 8.4 08:00 5.1 0.0 0.00 3.9 25.7 00:10 144 13 15.0 19.3 15:50 7.6 05:40 3.3 0.0 0.00 13.5 54.7 09:20 16 14 17.7 19.2 10:10 16.1 00:00 0.7 0.0 0.00 12.4 38.6 10:30 16 15 15.7 18.9 13:00 12.8 23:30 2.6 0.0 0.00 3.7 19.3 02:10 51 16 15.5 18.1 13:30 11.4 07:50 2.8 0.0 0.00 5.7 22.5 13:30 191 17 15.9 17.9 13:10 14.2 07:30 2.5 0.0 0.24 3.2 20.9 23:50 234 18 15.6 18.6 11:50 14.6 23:50 2.7 0.0 0.10 9.4 33.8 11:40 10 19 14.8 18.9 13:20 11.7 00:00 3.5 0.0 0.00 3.4 19.3 16:40 112 20 12.7 16.4 15:00 8.7 07:50 5.7 0.0 0.02 3.1 19.3 17:10 157 21 13.6 17.9 12:20 10.2 00:20 4.7 0.0 0.00 2.9 19.3 16:30 106 22 13.0 17.8 14:50 10.3 00:00 5.3 0.0 0.00 3.4 16.1 15:00 65 23 13.0 17.7 13:10 7.6 07:00 5.4 0.0 0.00 7.6 35.4 15:00 200 24 14.5 18.1 14:20 11.2 00:10 3.8 0.0 0.00 6.8 32.2 16:10 211 25 14.0 16.9 13:20 10.2 07:50 4.3 0.0 0.00 3.6 16.1 13:20 202 26 15.6 17.4 13:40 13.1 00:00 2.7 0.0 0.08 4.5 20.9 20:20 200 27 10.7 13.2 01:20 7.7 23:50 7.6 0.0 1.56 6.9 38.6 18:10 318 28 9.6 11.9 20:00 7.6 00:30 8.7 0.0 0.08 8.4 41.8 17:20 267 29 10.3 14.6 14:30 5.7 07:50 8.0 0.0 0.00 3.4 33.8 00:50 265 30 7.5 12.3 15:30 2.7 08:00 10.8 0.0 0.00 4.6 24.1 03:00 236 --------------------------------------------------------------------------------------- 14.1 22.1 02 2.7 30 127.1 0.0 2.24 5.9 54.7 13 241