NOAA-Style Climate Reports

NOAA style reports
2022: Jan | Feb | Mar | Apr | May | Jun | Jul | Aug | Sep | Oct | Nov | Dec 
2021: Jan | Feb | Mar | Apr | May | Jun | Jul | Aug | Sep | Oct | Nov | Dec 
2020: Jan | Feb | Mar | Apr | May | Jun | Jul | Aug | Sep | Oct | Nov | Dec 
2019: Jan | Feb | Mar | Apr | May | Jun | Jul | Aug | Sep | Oct | Nov | Dec 
2018: Jan | Feb | Mar | Apr | May | Jun | Jul | Aug | Sep | Oct | Nov | Dec 
2017: Jan | Feb | Mar | Apr | May | Jun | Jul | Aug | Sep | Oct | Nov | Dec 
2016: Jan | Feb | Mar | Apr | May | Jun | Jul | Aug | Sep | Oct | Nov | Dec 
2015: Jan | Feb | Mar | Apr | May | Jun | Jul | Aug | Sep | Oct | Nov | Dec 
2014: Jan | Feb | Mar | Apr | May | Jun | Jul | Aug | Sep | Oct | Nov | Dec 
2013: Jan | Feb | Mar | Apr | May | Jun | Jul | Aug | Sep | Oct | Nov | Dec 
2012: Jan | Feb | Mar | Apr | May | Jun | Jul | Aug | Sep | Oct | Nov | Dec 
2011: Jan | Feb | Mar | Apr | May | Jun | Jul | Aug | Sep | Oct | Nov | Dec 
2010: Jan | Feb | Mar | Apr | May | Jun | Jul | Aug | Sep | Oct | Nov | Dec 
2009: Jan | Feb | Mar | Apr | May | Jun | Jul | Aug | Sep | Oct | Nov | Dec 
2008: Jan | Feb | Mar | Apr | May | Jun | Jul | Aug | Sep | Oct | Nov | Dec 
2007: Jan | Feb | Mar | Apr | May | Jun | Jul | Aug | Sep | Oct | Nov | Dec 
2006: Jan | Feb | Mar | Apr | May | Jun | Jul | Aug | Sep | Oct | Nov | Dec 
2005: Jan | Feb | Mar | Apr | May | Jun | Jul | Aug | Sep | Oct | Nov | Dec 

Report for 2012 09
MONTHLY CLIMATOLOGICAL SUMMARY for Sep 2012 NAME: Cabrera de Mar, Barcelona ELEV: 9 meters LAT: 41-33.89 N LONG: 002-24.07 E TEMPERATURE (C), RAIN (cm), WIND SPEED (km/h) HEAT COOL AVG MEAN DEG DEG WIND DOM DAY TEMP HIGH TIME LOW TIME DAYS DAYS RAIN SPEED HIGH TIME DIR --------------------------------------------------------------------------------------- 01 21.2 24.7 14:30 16.2 07:30 0.0 2.9 0.00 7.8 27.4 15:00 120 02 20.9 25.0 13:50 16.3 08:00 0.0 2.6 0.00 6.2 24.1 18:30 217 03 22.0 26.7 13:10 15.1 07:50 0.0 3.7 0.00 6.0 32.2 14:00 189 04 23.7 26.6 13:50 20.2 08:00 0.0 5.4 0.00 5.2 24.1 09:00 319 05 24.4 27.3 12:30 21.4 07:40 0.0 6.1 0.00 7.4 25.7 16:40 219 06 24.8 27.9 14:50 21.2 08:10 0.0 6.4 0.00 5.6 27.4 13:30 182 07 23.9 27.1 12:40 19.9 06:20 0.0 5.6 0.00 4.0 16.1 13:50 159 08 23.7 26.4 15:20 20.1 07:40 0.0 5.4 0.00 4.1 19.3 20:50 114 09 25.2 28.6 13:50 22.2 03:00 0.0 6.9 0.00 7.7 32.2 15:50 188 10 24.9 28.1 16:00 21.6 07:10 0.0 6.5 0.00 6.4 27.4 17:10 184 11 24.5 27.4 16:20 21.2 07:50 0.0 6.2 0.00 5.8 20.9 12:40 164 12 23.7 28.2 14:30 20.5 00:00 0.0 5.4 0.00 8.7 43.5 18:30 139 13 21.7 26.0 14:50 17.3 08:10 0.0 3.4 0.00 6.6 33.8 14:00 152 14 21.4 25.2 15:50 15.8 08:00 0.0 3.1 0.00 6.4 27.4 13:30 200 15 21.3 24.5 11:40 16.6 07:40 0.0 2.9 0.00 3.9 17.7 12:30 121 16 22.7 25.5 13:40 19.9 05:30 0.0 4.4 0.00 4.5 17.7 10:20 92 17 23.2 26.1 13:00 20.5 04:30 0.0 4.9 0.00 3.4 19.3 13:10 87 18 22.9 25.3 13:50 20.2 07:00 0.0 4.6 0.00 4.6 22.5 22:50 65 19 21.8 24.2 16:00 20.1 10:40 0.0 3.4 0.14 4.7 24.1 20:00 138 20 21.7 22.7 01:20 20.7 07:40 0.0 3.3 0.00 4.6 19.3 16:10 161 21 22.8 26.3 13:30 19.7 07:00 0.0 4.5 0.00 5.8 24.1 15:20 158 22 22.9 26.4 13:40 19.5 08:30 0.0 4.6 0.00 6.0 29.0 13:20 79 23 24.6 26.1 17:20 22.2 01:00 0.0 6.3 0.00 8.7 30.6 18:00 194 24 25.8 31.0 14:30 22.3 00:00 0.0 7.5 0.00 15.7 53.1 05:40 243 25 23.2 28.2 12:40 18.7 07:00 0.0 4.9 0.00 11.1 46.7 15:10 214 26 20.7 26.6 15:50 15.4 23:10 0.0 2.4 0.00 9.8 66.0 17:40 245 27 18.1 21.3 13:00 14.3 05:00 0.2 0.0 0.00 5.1 25.7 20:40 35 28 20.8 24.6 15:20 16.9 04:00 0.0 2.4 0.00 8.8 43.5 00:00 20 29 19.5 22.7 00:20 16.1 00:00 0.0 1.2 3.52 7.4 53.1 02:50 6 30 18.2 21.7 15:20 15.3 07:50 0.1 0.0 0.00 2.9 20.9 12:20 181 --------------------------------------------------------------------------------------- 22.5 31.0 24 14.3 27 0.3 126.7 3.66 6.6 66.0 26 178