NOAA-Style Climate Reports

NOAA style reports
2022: Jan | Feb | Mar | Apr | May | Jun | Jul | Aug | Sep | Oct | Nov | Dec 
2021: Jan | Feb | Mar | Apr | May | Jun | Jul | Aug | Sep | Oct | Nov | Dec 
2020: Jan | Feb | Mar | Apr | May | Jun | Jul | Aug | Sep | Oct | Nov | Dec 
2019: Jan | Feb | Mar | Apr | May | Jun | Jul | Aug | Sep | Oct | Nov | Dec 
2018: Jan | Feb | Mar | Apr | May | Jun | Jul | Aug | Sep | Oct | Nov | Dec 
2017: Jan | Feb | Mar | Apr | May | Jun | Jul | Aug | Sep | Oct | Nov | Dec 
2016: Jan | Feb | Mar | Apr | May | Jun | Jul | Aug | Sep | Oct | Nov | Dec 
2015: Jan | Feb | Mar | Apr | May | Jun | Jul | Aug | Sep | Oct | Nov | Dec 
2014: Jan | Feb | Mar | Apr | May | Jun | Jul | Aug | Sep | Oct | Nov | Dec 
2013: Jan | Feb | Mar | Apr | May | Jun | Jul | Aug | Sep | Oct | Nov | Dec 
2012: Jan | Feb | Mar | Apr | May | Jun | Jul | Aug | Sep | Oct | Nov | Dec 
2011: Jan | Feb | Mar | Apr | May | Jun | Jul | Aug | Sep | Oct | Nov | Dec 
2010: Jan | Feb | Mar | Apr | May | Jun | Jul | Aug | Sep | Oct | Nov | Dec 
2009: Jan | Feb | Mar | Apr | May | Jun | Jul | Aug | Sep | Oct | Nov | Dec 
2008: Jan | Feb | Mar | Apr | May | Jun | Jul | Aug | Sep | Oct | Nov | Dec 
2007: Jan | Feb | Mar | Apr | May | Jun | Jul | Aug | Sep | Oct | Nov | Dec 
2006: Jan | Feb | Mar | Apr | May | Jun | Jul | Aug | Sep | Oct | Nov | Dec 
2005: Jan | Feb | Mar | Apr | May | Jun | Jul | Aug | Sep | Oct | Nov | Dec 

Report for 2012 08
MONTHLY CLIMATOLOGICAL SUMMARY for Aug 2012 NAME: Cabrera de Mar, Barcelona ELEV: 9 meters LAT: 41-33.89 N LONG: 002-24.07 E TEMPERATURE (C), RAIN (cm), WIND SPEED (km/h) HEAT COOL AVG MEAN DEG DEG WIND DOM DAY TEMP HIGH TIME LOW TIME DAYS DAYS RAIN SPEED HIGH TIME DIR --------------------------------------------------------------------------------------- 01 26.1 29.2 13:50 23.3 05:30 0.0 7.8 0.00 9.1 35.4 13:30 176 02 25.4 28.4 15:10 21.9 07:00 0.0 7.0 0.00 4.6 17.7 12:20 86 03 25.6 29.6 13:10 21.4 06:00 0.0 7.2 0.00 4.2 17.7 13:30 106 04 25.7 29.1 15:50 21.1 07:10 0.0 7.4 0.00 6.1 25.7 15:40 165 05 25.2 27.9 13:50 21.9 04:10 0.0 6.8 0.00 5.4 24.1 09:20 110 06 24.6 27.3 14:30 21.3 09:00 0.0 6.2 0.10 7.0 24.1 02:20 72 07 24.3 27.3 12:20 19.4 07:00 0.0 6.0 0.00 4.2 19.3 13:40 135 08 25.2 27.6 11:00 20.2 04:30 0.0 6.9 0.00 6.0 25.7 08:40 124 09 25.4 28.9 12:30 21.3 04:40 0.0 7.1 0.00 5.1 24.1 10:30 85 10 26.3 29.6 14:20 21.9 07:00 0.0 7.9 0.00 3.5 14.5 07:20 82 11 26.3 29.8 12:40 22.8 07:10 0.0 8.0 0.00 4.0 19.3 12:30 95 12 25.6 27.9 12:30 23.6 23:40 0.0 7.3 0.00 7.0 30.6 12:40 174 13 26.0 29.2 14:40 21.8 07:30 0.0 7.7 0.00 7.5 32.2 16:10 182 14 26.2 28.9 12:10 22.5 07:40 0.0 7.9 0.00 10.3 35.4 14:50 189 15 26.7 29.5 12:40 23.6 05:40 0.0 8.3 0.00 8.4 32.2 13:50 191 16 26.3 29.1 14:30 22.9 07:20 0.0 8.0 0.00 5.9 25.7 00:50 115 17 26.1 28.4 15:20 22.3 07:30 0.0 7.8 0.00 3.9 16.1 14:50 180 18 26.1 29.7 14:00 22.0 07:00 0.0 7.8 0.00 3.1 16.1 14:00 128 19 26.5 29.5 14:40 22.6 06:10 0.0 8.2 0.00 4.7 20.9 19:30 142 20 27.8 30.9 14:50 24.7 07:20 0.0 9.5 0.00 5.0 27.4 15:50 184 21 27.7 31.9 10:30 22.8 07:20 0.0 9.4 0.00 7.8 37.0 18:50 201 22 27.3 31.1 16:10 23.4 07:00 0.0 9.0 0.00 5.6 24.1 14:40 200 23 27.2 29.5 17:50 22.9 07:50 0.0 8.8 0.00 3.3 14.5 12:40 108 24 27.0 30.4 15:50 22.8 06:50 0.0 8.7 0.00 6.0 24.1 15:50 169 25 27.8 30.6 15:40 24.4 06:50 0.0 9.4 0.00 6.7 29.0 15:30 173 26 25.1 28.0 14:10 22.9 06:50 0.0 6.7 0.00 9.4 35.4 14:00 176 27 25.9 29.4 17:10 21.7 07:20 0.0 7.5 0.00 9.5 43.5 15:50 193 28 27.0 29.9 12:20 24.6 23:40 0.0 8.7 0.00 8.1 27.4 14:30 183 29 26.3 29.1 16:30 22.9 05:20 0.0 8.0 0.00 4.4 17.7 15:40 120 30 23.6 27.3 11:10 19.4 23:40 0.0 5.3 0.82 5.7 33.8 11:40 40 31 21.4 25.1 16:00 17.0 07:10 0.0 3.1 0.04 5.4 20.9 14:10 96 --------------------------------------------------------------------------------------- 25.9 31.9 21 17.0 31 0.0 235.3 0.96 6.1 43.5 27 158