NOAA-Style Climate Reports

NOAA style reports
2022: Jan | Feb | Mar | Apr | May | Jun | Jul | Aug | Sep | Oct | Nov | Dec 
2021: Jan | Feb | Mar | Apr | May | Jun | Jul | Aug | Sep | Oct | Nov | Dec 
2020: Jan | Feb | Mar | Apr | May | Jun | Jul | Aug | Sep | Oct | Nov | Dec 
2019: Jan | Feb | Mar | Apr | May | Jun | Jul | Aug | Sep | Oct | Nov | Dec 
2018: Jan | Feb | Mar | Apr | May | Jun | Jul | Aug | Sep | Oct | Nov | Dec 
2017: Jan | Feb | Mar | Apr | May | Jun | Jul | Aug | Sep | Oct | Nov | Dec 
2016: Jan | Feb | Mar | Apr | May | Jun | Jul | Aug | Sep | Oct | Nov | Dec 
2015: Jan | Feb | Mar | Apr | May | Jun | Jul | Aug | Sep | Oct | Nov | Dec 
2014: Jan | Feb | Mar | Apr | May | Jun | Jul | Aug | Sep | Oct | Nov | Dec 
2013: Jan | Feb | Mar | Apr | May | Jun | Jul | Aug | Sep | Oct | Nov | Dec 
2012: Jan | Feb | Mar | Apr | May | Jun | Jul | Aug | Sep | Oct | Nov | Dec 
2011: Jan | Feb | Mar | Apr | May | Jun | Jul | Aug | Sep | Oct | Nov | Dec 
2010: Jan | Feb | Mar | Apr | May | Jun | Jul | Aug | Sep | Oct | Nov | Dec 
2009: Jan | Feb | Mar | Apr | May | Jun | Jul | Aug | Sep | Oct | Nov | Dec 
2008: Jan | Feb | Mar | Apr | May | Jun | Jul | Aug | Sep | Oct | Nov | Dec 
2007: Jan | Feb | Mar | Apr | May | Jun | Jul | Aug | Sep | Oct | Nov | Dec 
2006: Jan | Feb | Mar | Apr | May | Jun | Jul | Aug | Sep | Oct | Nov | Dec 
2005: Jan | Feb | Mar | Apr | May | Jun | Jul | Aug | Sep | Oct | Nov | Dec 

Report for 2012 05
MONTHLY CLIMATOLOGICAL SUMMARY for May 2012 NAME: Cabrera de Mar, Barcelona ELEV: 9 meters LAT: 41-33.89 N LONG: 002-24.07 E TEMPERATURE (C), RAIN (cm), WIND SPEED (km/h) HEAT COOL AVG MEAN DEG DEG WIND DOM DAY TEMP HIGH TIME LOW TIME DAYS DAYS RAIN SPEED HIGH TIME DIR --------------------------------------------------------------------------------------- 01 14.6 18.3 14:40 8.8 06:40 3.7 0.0 0.00 5.4 24.1 01:30 178 02 15.4 19.4 14:50 9.5 07:10 3.0 0.0 0.00 9.3 33.8 17:10 189 03 15.3 18.9 13:50 10.6 06:40 3.0 0.0 0.00 11.1 38.6 16:10 199 04 15.9 19.3 19:30 12.3 05:20 2.5 0.0 0.00 7.5 38.6 18:30 205 05 16.8 21.6 14:40 11.6 07:00 1.5 0.0 0.00 11.9 46.7 18:00 206 06 15.6 18.2 12:20 12.8 03:40 2.7 0.0 0.08 4.9 25.7 10:50 140 07 16.0 18.8 14:30 10.6 06:00 2.3 0.0 0.00 5.2 22.5 20:00 145 08 17.5 21.0 15:30 13.0 06:10 0.8 0.0 0.00 10.7 40.2 12:50 206 09 17.2 20.1 16:00 14.7 07:10 1.2 0.0 0.00 5.0 19.3 11:30 50 10 18.4 21.7 19:50 13.3 06:40 0.0 0.1 0.00 4.8 20.9 18:10 102 11 21.1 23.9 14:50 15.0 06:20 0.0 2.8 0.00 12.1 40.2 14:40 205 12 20.7 24.2 14:10 16.6 07:00 0.0 2.4 0.08 6.2 40.2 21:00 121 13 18.8 21.3 00:10 17.1 23:50 0.0 0.5 0.32 5.2 29.0 20:10 137 14 18.9 20.7 13:30 17.3 00:30 0.0 0.6 0.00 9.3 35.4 11:50 190 15 17.9 21.1 13:20 15.4 07:10 0.4 0.0 0.00 6.3 27.4 13:40 89 16 16.9 19.1 15:30 15.3 03:40 1.4 0.0 0.00 7.4 29.0 16:00 178 17 16.3 19.5 16:40 12.8 06:20 2.0 0.0 0.00 8.0 38.6 16:00 191 18 17.4 20.3 12:30 15.2 03:10 0.9 0.0 0.00 8.7 38.6 18:50 56 19 17.3 19.7 13:50 15.1 04:00 1.0 0.0 0.00 8.0 32.2 06:30 44 20 16.3 18.9 16:20 12.7 22:50 2.0 0.0 2.32 5.0 32.2 17:10 22 21 15.4 22.8 16:00 11.8 06:30 2.9 0.0 0.08 7.6 35.4 16:30 261 22 17.2 23.9 14:30 13.3 06:00 1.2 0.0 0.00 5.7 41.8 13:40 341 23 18.3 22.5 12:40 13.8 04:00 0.0 0.0 0.00 4.0 17.7 14:10 163 24 19.3 22.5 12:10 14.8 06:50 0.0 1.0 0.00 7.2 29.0 13:10 185 25 20.9 24.6 16:10 15.7 06:00 0.0 2.5 0.00 10.0 41.8 16:30 201 26 19.7 22.1 12:00 17.3 07:10 0.0 1.4 0.00 8.1 30.6 14:50 198 27 20.1 22.8 16:40 15.7 05:20 0.0 1.7 0.00 3.5 14.5 12:40 151 28 21.1 25.1 15:20 16.9 05:20 0.0 2.8 0.12 4.9 33.8 20:30 177 29 21.4 24.5 15:00 16.6 04:40 0.0 3.0 0.00 4.8 27.4 17:30 175 30 22.4 26.6 16:20 17.6 06:30 0.0 4.1 0.00 6.6 29.0 15:30 188 31 22.6 25.9 14:00 18.4 06:30 0.0 4.2 0.00 5.4 19.3 17:30 184 --------------------------------------------------------------------------------------- 18.1 26.6 30 8.8 01 32.7 27.1 3.00 7.1 46.7 05 182