NOAA-Style Climate Reports

NOAA style reports
2022: Jan | Feb | Mar | Apr | May | Jun | Jul | Aug | Sep | Oct | Nov | Dec 
2021: Jan | Feb | Mar | Apr | May | Jun | Jul | Aug | Sep | Oct | Nov | Dec 
2020: Jan | Feb | Mar | Apr | May | Jun | Jul | Aug | Sep | Oct | Nov | Dec 
2019: Jan | Feb | Mar | Apr | May | Jun | Jul | Aug | Sep | Oct | Nov | Dec 
2018: Jan | Feb | Mar | Apr | May | Jun | Jul | Aug | Sep | Oct | Nov | Dec 
2017: Jan | Feb | Mar | Apr | May | Jun | Jul | Aug | Sep | Oct | Nov | Dec 
2016: Jan | Feb | Mar | Apr | May | Jun | Jul | Aug | Sep | Oct | Nov | Dec 
2015: Jan | Feb | Mar | Apr | May | Jun | Jul | Aug | Sep | Oct | Nov | Dec 
2014: Jan | Feb | Mar | Apr | May | Jun | Jul | Aug | Sep | Oct | Nov | Dec 
2013: Jan | Feb | Mar | Apr | May | Jun | Jul | Aug | Sep | Oct | Nov | Dec 
2012: Jan | Feb | Mar | Apr | May | Jun | Jul | Aug | Sep | Oct | Nov | Dec 
2011: Jan | Feb | Mar | Apr | May | Jun | Jul | Aug | Sep | Oct | Nov | Dec 
2010: Jan | Feb | Mar | Apr | May | Jun | Jul | Aug | Sep | Oct | Nov | Dec 
2009: Jan | Feb | Mar | Apr | May | Jun | Jul | Aug | Sep | Oct | Nov | Dec 
2008: Jan | Feb | Mar | Apr | May | Jun | Jul | Aug | Sep | Oct | Nov | Dec 
2007: Jan | Feb | Mar | Apr | May | Jun | Jul | Aug | Sep | Oct | Nov | Dec 
2006: Jan | Feb | Mar | Apr | May | Jun | Jul | Aug | Sep | Oct | Nov | Dec 
2005: Jan | Feb | Mar | Apr | May | Jun | Jul | Aug | Sep | Oct | Nov | Dec 

Report for 2012 02
MONTHLY CLIMATOLOGICAL SUMMARY for Feb 2012 NAME: Cabrera de Mar, Barcelona ELEV: 9 meters LAT: 41-33.89 N LONG: 002-24.07 E TEMPERATURE (C), RAIN (cm), WIND SPEED (km/h) HEAT COOL AVG MEAN DEG DEG WIND DOM DAY TEMP HIGH TIME LOW TIME DAYS DAYS RAIN SPEED HIGH TIME DIR --------------------------------------------------------------------------------------- 01 6.1 7.7 11:50 4.6 02:30 12.2 0.0 0.76 5.8 32.2 22:30 14 02 3.3 5.7 16:00 1.5 10:50 15.0 0.0 0.24 5.9 24.1 13:30 336 03 3.1 5.9 12:30 1.0 08:40 15.2 0.0 0.02 6.7 33.8 09:20 275 04 2.2 6.8 12:40 -1.8 05:40 16.1 0.0 0.00 7.3 35.4 10:40 318 05 2.3 7.0 13:00 -2.5 07:20 16.1 0.0 0.02 4.5 37.0 14:50 246 06 6.4 13.9 14:40 0.1 07:00 12.0 0.0 0.00 12.0 59.5 15:00 311 07 7.4 12.1 12:00 2.2 23:40 10.9 0.0 0.00 12.2 48.3 00:10 261 08 4.3 8.4 12:40 0.1 06:50 14.0 0.0 0.00 5.6 30.6 10:00 240 09 6.6 13.1 14:50 1.8 08:10 11.7 0.0 0.00 5.5 33.8 06:00 257 10 7.9 12.0 12:10 2.7 07:50 10.5 0.0 0.00 9.0 33.8 05:20 246 11 4.5 8.2 13:30 -1.2 08:10 13.9 0.0 0.00 7.2 32.2 17:20 121 12 3.5 6.0 16:20 0.8 08:20 14.8 0.0 0.00 5.4 24.1 07:00 263 13 5.1 10.6 15:00 -0.9 07:40 13.2 0.0 0.00 8.6 33.8 16:20 223 14 7.7 11.1 13:00 4.5 07:40 10.7 0.0 0.00 6.5 25.7 12:50 244 15 8.5 15.8 16:40 2.4 07:50 9.9 0.0 0.00 6.5 32.2 18:30 209 16 9.6 14.3 16:00 4.2 08:00 8.7 0.0 0.00 5.6 25.7 14:00 213 17 11.4 13.9 12:00 8.4 00:00 7.0 0.0 0.00 6.2 32.2 02:30 149 18 9.9 14.4 12:50 4.2 07:40 8.5 0.0 0.00 7.0 30.6 15:50 197 19 9.7 12.9 16:00 5.7 03:10 8.7 0.0 0.00 4.1 17.7 15:10 264 20 9.0 12.6 15:20 5.4 08:00 9.3 0.0 0.00 3.3 24.1 09:00 72 21 7.5 11.7 15:10 3.6 03:30 10.9 0.0 0.00 3.4 20.9 11:20 67 22 8.9 14.6 14:40 3.1 07:20 9.5 0.0 0.00 4.8 27.4 23:40 141 23 10.9 17.9 13:00 4.6 06:00 7.5 0.0 0.00 5.2 30.6 15:40 226 24 12.0 16.6 14:20 7.3 07:50 6.4 0.0 0.00 3.1 20.9 14:00 112 25 10.9 14.9 13:30 6.4 05:40 7.4 0.0 0.00 2.8 11.3 05:50 56 26 12.0 15.9 13:10 7.0 07:30 6.3 0.0 0.00 3.7 17.7 11:00 98 27 12.3 17.3 12:00 8.2 07:20 6.1 0.0 0.00 8.5 33.8 10:50 200 28 10.8 14.8 14:40 6.9 07:00 7.6 0.0 0.00 3.4 14.5 15:10 126 29 10.8 15.2 13:50 5.7 06:50 7.5 0.0 0.00 5.0 24.1 14:30 151 --------------------------------------------------------------------------------------- 7.6 17.9 23 -2.5 05 307.4 0.0 1.04 6.1 59.5 06 241