NOAA-Style Climate Reports

NOAA style reports
2022: Jan | Feb | Mar | Apr | May | Jun | Jul | Aug | Sep | Oct | Nov | Dec 
2021: Jan | Feb | Mar | Apr | May | Jun | Jul | Aug | Sep | Oct | Nov | Dec 
2020: Jan | Feb | Mar | Apr | May | Jun | Jul | Aug | Sep | Oct | Nov | Dec 
2019: Jan | Feb | Mar | Apr | May | Jun | Jul | Aug | Sep | Oct | Nov | Dec 
2018: Jan | Feb | Mar | Apr | May | Jun | Jul | Aug | Sep | Oct | Nov | Dec 
2017: Jan | Feb | Mar | Apr | May | Jun | Jul | Aug | Sep | Oct | Nov | Dec 
2016: Jan | Feb | Mar | Apr | May | Jun | Jul | Aug | Sep | Oct | Nov | Dec 
2015: Jan | Feb | Mar | Apr | May | Jun | Jul | Aug | Sep | Oct | Nov | Dec 
2014: Jan | Feb | Mar | Apr | May | Jun | Jul | Aug | Sep | Oct | Nov | Dec 
2013: Jan | Feb | Mar | Apr | May | Jun | Jul | Aug | Sep | Oct | Nov | Dec 
2012: Jan | Feb | Mar | Apr | May | Jun | Jul | Aug | Sep | Oct | Nov | Dec 
2011: Jan | Feb | Mar | Apr | May | Jun | Jul | Aug | Sep | Oct | Nov | Dec 
2010: Jan | Feb | Mar | Apr | May | Jun | Jul | Aug | Sep | Oct | Nov | Dec 
2009: Jan | Feb | Mar | Apr | May | Jun | Jul | Aug | Sep | Oct | Nov | Dec 
2008: Jan | Feb | Mar | Apr | May | Jun | Jul | Aug | Sep | Oct | Nov | Dec 
2007: Jan | Feb | Mar | Apr | May | Jun | Jul | Aug | Sep | Oct | Nov | Dec 
2006: Jan | Feb | Mar | Apr | May | Jun | Jul | Aug | Sep | Oct | Nov | Dec 
2005: Jan | Feb | Mar | Apr | May | Jun | Jul | Aug | Sep | Oct | Nov | Dec 

Report for 2012 01
MONTHLY CLIMATOLOGICAL SUMMARY for Jan 2012 NAME: Cabrera de Mar, Barcelona ELEV: 9 meters LAT: 41-33.89 N LONG: 002-24.07 E TEMPERATURE (C), RAIN (cm), WIND SPEED (km/h) HEAT COOL AVG MEAN DEG DEG WIND DOM DAY TEMP HIGH TIME LOW TIME DAYS DAYS RAIN SPEED HIGH TIME DIR --------------------------------------------------------------------------------------- 01 12.8 17.0 12:00 7.9 07:20 5.5 0.0 0.00 4.6 24.1 16:40 221 02 13.5 18.5 14:40 8.7 00:00 4.8 0.0 0.00 6.8 35.4 13:10 237 03 10.9 16.1 15:10 7.4 03:50 7.4 0.0 0.00 3.9 24.1 12:10 268 04 11.1 16.4 12:40 8.3 05:50 7.2 0.0 0.00 6.6 46.7 06:20 268 05 11.7 15.5 21:00 9.7 18:20 6.6 0.0 0.00 10.2 56.3 21:50 275 06 12.3 16.1 11:30 9.0 21:10 6.0 0.0 0.00 3.2 29.0 00:20 354 07 9.8 16.1 14:50 5.3 06:30 8.5 0.0 0.00 4.9 25.7 13:30 243 08 9.6 15.8 14:30 4.2 07:40 8.8 0.0 0.00 3.4 22.5 13:30 270 09 9.3 16.1 14:30 5.1 05:30 9.0 0.0 0.00 4.5 29.0 15:20 225 10 9.8 14.3 13:40 4.5 08:20 8.5 0.0 0.00 4.2 24.1 21:30 207 11 9.6 14.2 14:20 5.3 08:30 8.7 0.0 0.00 4.0 17.7 14:30 210 12 10.7 14.8 12:00 6.8 00:00 7.6 0.0 0.00 7.7 30.6 12:10 205 13 8.3 15.9 16:30 3.8 06:30 10.1 0.0 0.00 3.0 17.7 15:50 232 14 7.9 13.1 12:20 4.1 04:10 10.5 0.0 0.00 3.6 14.5 11:00 196 15 7.8 11.3 16:30 4.5 04:10 10.6 0.0 0.02 2.7 11.3 04:00 102 16 9.8 11.9 14:50 6.0 02:30 8.6 0.0 0.10 11.4 38.6 20:40 13 17 11.2 14.5 13:50 8.7 21:30 7.1 0.0 0.00 10.1 32.2 02:50 18 18 9.2 13.3 15:20 5.4 08:00 9.1 0.0 0.00 3.8 20.9 04:50 292 19 9.6 15.4 13:20 3.7 08:10 8.7 0.0 0.00 6.2 30.6 14:10 224 20 10.2 15.3 15:30 6.2 03:20 8.1 0.0 0.00 4.1 20.9 07:00 247 21 10.5 15.7 11:50 6.1 07:30 7.8 0.0 0.00 3.3 16.1 06:30 268 22 11.0 15.3 11:20 7.0 08:10 7.3 0.0 0.00 2.8 17.7 05:20 309 23 10.7 15.4 12:00 6.4 07:40 7.6 0.0 0.00 2.7 14.5 00:10 135 24 10.3 14.4 15:30 7.3 23:40 8.0 0.0 0.00 4.3 22.5 15:30 167 25 10.0 15.8 13:10 5.7 07:10 8.4 0.0 0.00 4.4 25.7 14:50 196 26 9.6 14.7 14:30 5.2 04:30 8.7 0.0 0.00 3.2 11.3 12:00 202 27 10.9 14.0 14:40 7.8 01:20 7.5 0.0 0.00 3.8 25.7 12:00 84 28 8.7 10.1 00:20 6.2 00:00 9.7 0.0 0.08 2.8 19.3 16:20 53 29 7.2 10.1 16:30 4.3 08:20 11.2 0.0 0.00 4.4 27.4 06:30 339 30 7.4 11.8 15:50 2.2 07:00 11.0 0.0 0.00 3.9 24.1 00:00 188 31 8.2 12.6 15:50 5.5 23:50 10.1 0.0 0.00 7.2 24.1 01:50 269 --------------------------------------------------------------------------------------- 10.0 18.5 02 2.2 30 258.7 0.0 0.20 4.9 56.3 05 250