NOAA-Style Climate Reports

NOAA style reports
2022: Jan | Feb | Mar | Apr | May | Jun | Jul | Aug | Sep | Oct | Nov | Dec 
2021: Jan | Feb | Mar | Apr | May | Jun | Jul | Aug | Sep | Oct | Nov | Dec 
2020: Jan | Feb | Mar | Apr | May | Jun | Jul | Aug | Sep | Oct | Nov | Dec 
2019: Jan | Feb | Mar | Apr | May | Jun | Jul | Aug | Sep | Oct | Nov | Dec 
2018: Jan | Feb | Mar | Apr | May | Jun | Jul | Aug | Sep | Oct | Nov | Dec 
2017: Jan | Feb | Mar | Apr | May | Jun | Jul | Aug | Sep | Oct | Nov | Dec 
2016: Jan | Feb | Mar | Apr | May | Jun | Jul | Aug | Sep | Oct | Nov | Dec 
2015: Jan | Feb | Mar | Apr | May | Jun | Jul | Aug | Sep | Oct | Nov | Dec 
2014: Jan | Feb | Mar | Apr | May | Jun | Jul | Aug | Sep | Oct | Nov | Dec 
2013: Jan | Feb | Mar | Apr | May | Jun | Jul | Aug | Sep | Oct | Nov | Dec 
2012: Jan | Feb | Mar | Apr | May | Jun | Jul | Aug | Sep | Oct | Nov | Dec 
2011: Jan | Feb | Mar | Apr | May | Jun | Jul | Aug | Sep | Oct | Nov | Dec 
2010: Jan | Feb | Mar | Apr | May | Jun | Jul | Aug | Sep | Oct | Nov | Dec 
2009: Jan | Feb | Mar | Apr | May | Jun | Jul | Aug | Sep | Oct | Nov | Dec 
2008: Jan | Feb | Mar | Apr | May | Jun | Jul | Aug | Sep | Oct | Nov | Dec 
2007: Jan | Feb | Mar | Apr | May | Jun | Jul | Aug | Sep | Oct | Nov | Dec 
2006: Jan | Feb | Mar | Apr | May | Jun | Jul | Aug | Sep | Oct | Nov | Dec 
2005: Jan | Feb | Mar | Apr | May | Jun | Jul | Aug | Sep | Oct | Nov | Dec 

Report for 2011 09
MONTHLY CLIMATOLOGICAL SUMMARY for Sep 2011 NAME: Cabrera de Mar, Barcelona ELEV: 9 meters LAT: 41-33.89 N LONG: 002-24.07 E TEMPERATURE (C), RAIN (cm), WIND SPEED (km/h) HEAT COOL AVG MEAN DEG DEG WIND DOM DAY TEMP HIGH TIME LOW TIME DAYS DAYS RAIN SPEED HIGH TIME DIR --------------------------------------------------------------------------------------- 01 25.6 28.7 13:00 22.3 05:20 0.0 7.3 0.00 4.4 20.9 12:50 80 02 24.5 27.3 15:10 21.7 04:20 0.0 6.2 0.00 4.0 27.4 10:50 110 03 24.7 28.2 13:30 22.0 07:10 0.0 6.4 0.00 5.5 29.0 13:40 148 04 24.5 27.8 15:30 21.6 07:10 0.0 6.2 0.00 4.6 19.3 00:10 185 05 23.3 25.5 14:30 21.2 06:10 0.0 5.0 0.16 3.9 17.7 08:40 127 06 23.6 26.2 12:40 19.4 06:50 0.0 5.3 0.00 7.3 32.2 14:30 181 07 23.7 26.8 15:40 19.5 07:10 0.0 5.4 0.00 4.5 22.5 17:50 59 08 24.7 27.6 17:30 21.0 07:40 0.0 6.3 0.00 4.6 19.3 12:30 149 09 25.4 28.3 13:50 20.5 07:30 0.0 7.1 0.00 9.3 33.8 15:20 185 10 25.6 28.3 15:20 20.8 08:00 0.0 7.2 0.00 5.8 20.9 17:30 174 11 24.9 28.0 13:50 19.9 07:40 0.0 6.5 0.00 7.5 32.2 13:40 190 12 25.4 28.2 14:30 22.9 08:00 0.0 7.1 0.00 9.8 35.4 15:00 192 13 25.4 28.0 15:50 21.0 07:00 0.0 7.1 0.00 5.2 25.7 15:30 189 14 25.6 28.3 13:20 22.1 06:40 0.0 7.3 0.00 4.7 19.3 13:50 163 15 24.7 26.8 12:20 21.8 08:10 0.0 6.4 0.00 5.9 20.9 03:50 51 16 24.7 28.3 16:30 20.5 07:30 0.0 6.4 0.00 6.1 20.9 10:00 165 17 24.3 27.3 15:00 19.6 08:10 0.0 6.0 0.00 7.1 27.4 17:50 186 18 21.3 24.1 00:20 16.2 23:50 0.0 2.9 0.14 6.2 25.7 07:40 68 19 19.0 23.2 14:10 13.8 07:40 0.0 0.7 0.00 6.6 27.4 09:40 41 20 20.4 24.1 15:50 17.1 02:50 0.0 2.1 0.00 5.8 32.2 04:40 170 21 21.8 26.0 15:10 16.7 07:40 0.0 3.4 0.00 5.8 27.4 17:00 184 22 22.5 25.9 16:00 18.2 06:20 0.0 4.2 0.00 5.3 24.1 18:00 212 23 22.5 25.7 15:20 18.1 07:30 0.0 4.2 0.00 6.0 27.4 17:30 176 24 21.4 22.9 14:30 19.2 23:20 0.0 3.0 0.52 5.4 29.0 19:40 197 25 20.7 24.4 14:00 16.6 07:10 0.0 2.4 0.02 3.1 16.1 13:20 59 26 21.0 24.7 16:00 17.0 07:40 0.0 2.7 0.00 2.7 14.5 13:00 90 27 22.0 26.4 13:30 17.3 07:30 0.0 3.7 0.00 2.8 14.5 15:00 59 28 22.1 26.6 13:20 17.1 07:10 0.0 3.8 0.00 3.0 17.7 01:10 52 29 22.2 26.6 12:20 16.1 07:40 0.0 3.9 0.00 6.8 37.0 14:40 62 30 21.5 25.9 14:20 15.8 06:30 0.0 3.1 0.00 6.2 27.4 10:30 47 --------------------------------------------------------------------------------------- 23.2 28.7 01 13.8 19 0.0 149.2 0.84 5.5 37.0 29 152