NOAA-Style Climate Reports

NOAA style reports
2022: Jan | Feb | Mar | Apr | May | Jun | Jul | Aug | Sep | Oct | Nov | Dec 
2021: Jan | Feb | Mar | Apr | May | Jun | Jul | Aug | Sep | Oct | Nov | Dec 
2020: Jan | Feb | Mar | Apr | May | Jun | Jul | Aug | Sep | Oct | Nov | Dec 
2019: Jan | Feb | Mar | Apr | May | Jun | Jul | Aug | Sep | Oct | Nov | Dec 
2018: Jan | Feb | Mar | Apr | May | Jun | Jul | Aug | Sep | Oct | Nov | Dec 
2017: Jan | Feb | Mar | Apr | May | Jun | Jul | Aug | Sep | Oct | Nov | Dec 
2016: Jan | Feb | Mar | Apr | May | Jun | Jul | Aug | Sep | Oct | Nov | Dec 
2015: Jan | Feb | Mar | Apr | May | Jun | Jul | Aug | Sep | Oct | Nov | Dec 
2014: Jan | Feb | Mar | Apr | May | Jun | Jul | Aug | Sep | Oct | Nov | Dec 
2013: Jan | Feb | Mar | Apr | May | Jun | Jul | Aug | Sep | Oct | Nov | Dec 
2012: Jan | Feb | Mar | Apr | May | Jun | Jul | Aug | Sep | Oct | Nov | Dec 
2011: Jan | Feb | Mar | Apr | May | Jun | Jul | Aug | Sep | Oct | Nov | Dec 
2010: Jan | Feb | Mar | Apr | May | Jun | Jul | Aug | Sep | Oct | Nov | Dec 
2009: Jan | Feb | Mar | Apr | May | Jun | Jul | Aug | Sep | Oct | Nov | Dec 
2008: Jan | Feb | Mar | Apr | May | Jun | Jul | Aug | Sep | Oct | Nov | Dec 
2007: Jan | Feb | Mar | Apr | May | Jun | Jul | Aug | Sep | Oct | Nov | Dec 
2006: Jan | Feb | Mar | Apr | May | Jun | Jul | Aug | Sep | Oct | Nov | Dec 
2005: Jan | Feb | Mar | Apr | May | Jun | Jul | Aug | Sep | Oct | Nov | Dec 

Report for 2011 08
MONTHLY CLIMATOLOGICAL SUMMARY for Aug 2011 NAME: Cabrera de Mar, Barcelona ELEV: 9 meters LAT: 41-33.89 N LONG: 002-24.07 E TEMPERATURE (C), RAIN (cm), WIND SPEED (km/h) HEAT COOL AVG MEAN DEG DEG WIND DOM DAY TEMP HIGH TIME LOW TIME DAYS DAYS RAIN SPEED HIGH TIME DIR --------------------------------------------------------------------------------------- 01 24.9 27.1 16:10 21.0 06:30 0.0 6.5 0.00 6.6 22.5 17:10 166 02 24.7 27.8 15:40 21.4 07:00 0.0 6.4 0.00 5.7 24.1 18:00 72 03 25.1 28.3 14:50 22.0 07:30 0.0 6.7 0.00 4.6 20.9 17:30 64 04 25.8 29.3 11:00 21.9 05:30 0.0 7.5 0.00 9.5 35.4 16:30 192 05 06 07 08 09 22.7 24.9 15:10 20.2 07:30 0.0 4.4 0.00 6.0 20.9 04:30 163 10 23.2 25.7 14:00 19.5 06:30 0.0 4.8 0.00 5.9 22.5 14:30 170 11 23.4 26.3 18:20 20.2 07:20 0.0 5.1 0.00 5.6 27.4 04:50 131 12 24.4 27.6 13:40 19.4 06:40 0.0 6.1 0.00 6.8 24.1 13:20 186 13 24.4 27.7 13:00 20.2 07:30 0.0 6.1 0.00 4.0 17.7 19:00 176 14 25.0 28.2 13:40 22.3 05:30 0.0 6.6 0.00 3.9 22.5 02:30 104 15 25.5 27.6 12:50 22.1 07:30 0.0 7.2 0.00 3.9 20.9 12:40 85 16 26.2 28.4 16:50 22.2 07:00 0.0 7.9 0.00 5.0 19.3 15:00 144 17 26.1 28.9 15:10 21.3 07:10 0.0 7.7 0.00 6.2 24.1 12:50 180 18 25.9 28.3 16:10 21.9 06:40 0.0 7.5 0.00 4.0 16.1 14:10 85 19 25.1 27.9 14:30 21.6 05:00 0.0 6.7 0.00 3.6 16.1 00:30 82 20 25.7 29.2 14:20 21.3 05:40 0.0 7.3 0.00 4.1 16.1 13:50 149 21 27.2 30.2 16:10 22.8 02:10 0.0 8.9 0.00 5.4 25.7 06:10 176 22 25.9 30.7 15:20 21.0 05:00 0.0 7.6 0.00 4.0 17.7 10:10 83 23 25.9 29.5 14:20 21.7 05:40 0.0 7.6 0.00 6.8 25.7 13:00 65 24 26.5 28.9 15:00 23.3 07:40 0.0 8.2 0.00 4.3 17.7 21:10 76 25 26.9 29.2 14:10 23.6 07:20 0.0 8.6 0.00 4.0 17.7 14:50 92 26 26.1 30.2 14:00 21.3 23:40 0.0 7.8 0.22 7.2 30.6 20:00 163 27 21.9 25.3 11:30 17.7 07:00 0.0 3.6 0.00 8.7 38.6 17:20 141 28 24.0 27.9 15:20 19.6 04:10 0.0 5.7 0.00 8.7 45.1 18:00 186 29 25.1 28.8 15:40 21.9 02:30 0.0 6.8 0.00 7.3 30.6 18:40 188 30 24.7 26.4 15:00 22.6 06:40 0.0 6.4 0.00 4.7 25.7 20:50 109 31 25.9 28.9 15:00 22.3 07:50 0.0 7.5 0.00 5.1 24.1 15:30 181 --------------------------------------------------------------------------------------- 25.1 30.7 22 17.7 27 0.0 183.3 0.22 5.6 45.1 28 144