NOAA-Style Climate Reports

NOAA style reports
2022: Jan | Feb | Mar | Apr | May | Jun | Jul | Aug | Sep | Oct | Nov | Dec 
2021: Jan | Feb | Mar | Apr | May | Jun | Jul | Aug | Sep | Oct | Nov | Dec 
2020: Jan | Feb | Mar | Apr | May | Jun | Jul | Aug | Sep | Oct | Nov | Dec 
2019: Jan | Feb | Mar | Apr | May | Jun | Jul | Aug | Sep | Oct | Nov | Dec 
2018: Jan | Feb | Mar | Apr | May | Jun | Jul | Aug | Sep | Oct | Nov | Dec 
2017: Jan | Feb | Mar | Apr | May | Jun | Jul | Aug | Sep | Oct | Nov | Dec 
2016: Jan | Feb | Mar | Apr | May | Jun | Jul | Aug | Sep | Oct | Nov | Dec 
2015: Jan | Feb | Mar | Apr | May | Jun | Jul | Aug | Sep | Oct | Nov | Dec 
2014: Jan | Feb | Mar | Apr | May | Jun | Jul | Aug | Sep | Oct | Nov | Dec 
2013: Jan | Feb | Mar | Apr | May | Jun | Jul | Aug | Sep | Oct | Nov | Dec 
2012: Jan | Feb | Mar | Apr | May | Jun | Jul | Aug | Sep | Oct | Nov | Dec 
2011: Jan | Feb | Mar | Apr | May | Jun | Jul | Aug | Sep | Oct | Nov | Dec 
2010: Jan | Feb | Mar | Apr | May | Jun | Jul | Aug | Sep | Oct | Nov | Dec 
2009: Jan | Feb | Mar | Apr | May | Jun | Jul | Aug | Sep | Oct | Nov | Dec 
2008: Jan | Feb | Mar | Apr | May | Jun | Jul | Aug | Sep | Oct | Nov | Dec 
2007: Jan | Feb | Mar | Apr | May | Jun | Jul | Aug | Sep | Oct | Nov | Dec 
2006: Jan | Feb | Mar | Apr | May | Jun | Jul | Aug | Sep | Oct | Nov | Dec 
2005: Jan | Feb | Mar | Apr | May | Jun | Jul | Aug | Sep | Oct | Nov | Dec 

Report for 2011 06
MONTHLY CLIMATOLOGICAL SUMMARY for Jun 2011 NAME: Cabrera de Mar, Barcelona ELEV: 9 meters LAT: 41-33.89 N LONG: 002-24.07 E TEMPERATURE (C), RAIN (cm), WIND SPEED (km/h) HEAT COOL AVG MEAN DEG DEG WIND DOM DAY TEMP HIGH TIME LOW TIME DAYS DAYS RAIN SPEED HIGH TIME DIR --------------------------------------------------------------------------------------- 01 17.9 23.7 13:10 13.6 06:10 0.5 0.0 1.12 9.0 43.5 14:10 170 02 17.2 21.6 17:30 14.7 06:30 1.1 0.0 0.20 8.1 40.2 19:00 360 03 17.6 19.1 11:20 15.3 06:50 0.7 0.0 0.00 5.6 30.6 00:50 48 04 18.6 21.4 13:30 14.8 06:00 0.0 0.3 0.42 3.9 17.7 13:10 163 05 18.2 21.1 15:10 15.1 06:20 0.1 0.0 0.34 5.5 20.9 14:10 182 06 19.8 22.4 15:00 15.6 06:30 0.0 1.4 0.00 5.5 20.9 14:20 170 07 20.1 23.3 13:20 17.0 06:10 0.0 1.8 0.14 8.6 32.2 13:10 149 08 16.6 17.4 00:10 14.8 14:10 1.7 0.0 0.72 3.9 22.5 12:30 112 09 18.3 20.7 13:50 15.5 03:20 0.1 0.0 0.00 3.9 17.7 15:00 117 10 18.6 19.6 14:40 17.6 06:50 0.0 0.3 0.72 4.0 24.1 13:30 40 11 18.8 21.3 10:50 15.5 05:40 0.0 0.4 0.06 8.5 33.8 17:10 167 12 20.9 23.6 15:50 17.8 05:50 0.0 2.5 0.00 8.2 37.0 16:30 178 13 21.3 23.6 14:00 19.1 06:00 0.0 3.0 0.00 4.2 20.9 14:50 173 14 23.4 26.8 14:50 17.8 06:10 0.0 5.0 0.00 7.3 29.0 15:30 192 15 23.6 26.4 14:20 19.4 06:20 0.0 5.3 0.00 4.9 22.5 16:50 177 16 23.1 25.7 14:10 18.2 06:40 0.0 4.8 0.00 7.3 27.4 11:50 182 17 22.3 24.4 13:10 19.7 06:30 0.0 4.0 0.00 5.3 20.9 17:20 117 18 22.1 25.0 13:00 20.3 06:10 0.0 3.8 0.00 6.6 25.7 13:10 151 19 20.6 21.8 13:00 19.9 07:50 0.0 2.3 0.00 10.1 33.8 15:30 160 20 22.4 25.4 17:10 18.5 05:40 0.0 4.1 0.00 10.0 35.4 14:20 200 21 23.2 26.2 14:50 18.6 06:10 0.0 4.9 0.00 10.5 33.8 11:50 201 22 23.1 27.1 14:30 19.1 05:20 0.0 4.8 0.00 5.5 30.6 19:00 144 23 22.6 25.2 14:20 19.1 06:50 0.0 4.3 0.00 6.2 24.1 12:20 144 24 22.4 24.2 13:40 21.3 07:00 0.0 4.1 0.00 7.6 29.0 03:40 155 25 23.6 26.9 15:30 18.7 05:10 0.0 5.2 0.00 7.9 29.0 14:40 190 26 24.0 26.9 08:40 20.1 05:20 0.0 5.7 0.00 4.1 14.5 03:50 102 27 23.6 25.5 15:00 20.6 05:40 0.0 5.3 0.00 3.9 14.5 11:30 92 28 23.8 26.9 15:40 19.4 06:30 0.0 5.5 0.00 3.8 16.1 14:20 100 29 25.4 30.2 11:50 21.3 05:00 0.0 7.1 0.00 9.5 33.8 16:20 181 30 23.7 26.4 13:10 21.8 07:30 0.0 5.4 0.00 8.6 35.4 13:20 192 --------------------------------------------------------------------------------------- 21.1 30.2 29 13.6 01 4.1 91.2 3.72 6.6 43.5 01 164