NOAA-Style Climate Reports

NOAA style reports
2022: Jan | Feb | Mar | Apr | May | Jun | Jul | Aug | Sep | Oct | Nov | Dec 
2021: Jan | Feb | Mar | Apr | May | Jun | Jul | Aug | Sep | Oct | Nov | Dec 
2020: Jan | Feb | Mar | Apr | May | Jun | Jul | Aug | Sep | Oct | Nov | Dec 
2019: Jan | Feb | Mar | Apr | May | Jun | Jul | Aug | Sep | Oct | Nov | Dec 
2018: Jan | Feb | Mar | Apr | May | Jun | Jul | Aug | Sep | Oct | Nov | Dec 
2017: Jan | Feb | Mar | Apr | May | Jun | Jul | Aug | Sep | Oct | Nov | Dec 
2016: Jan | Feb | Mar | Apr | May | Jun | Jul | Aug | Sep | Oct | Nov | Dec 
2015: Jan | Feb | Mar | Apr | May | Jun | Jul | Aug | Sep | Oct | Nov | Dec 
2014: Jan | Feb | Mar | Apr | May | Jun | Jul | Aug | Sep | Oct | Nov | Dec 
2013: Jan | Feb | Mar | Apr | May | Jun | Jul | Aug | Sep | Oct | Nov | Dec 
2012: Jan | Feb | Mar | Apr | May | Jun | Jul | Aug | Sep | Oct | Nov | Dec 
2011: Jan | Feb | Mar | Apr | May | Jun | Jul | Aug | Sep | Oct | Nov | Dec 
2010: Jan | Feb | Mar | Apr | May | Jun | Jul | Aug | Sep | Oct | Nov | Dec 
2009: Jan | Feb | Mar | Apr | May | Jun | Jul | Aug | Sep | Oct | Nov | Dec 
2008: Jan | Feb | Mar | Apr | May | Jun | Jul | Aug | Sep | Oct | Nov | Dec 
2007: Jan | Feb | Mar | Apr | May | Jun | Jul | Aug | Sep | Oct | Nov | Dec 
2006: Jan | Feb | Mar | Apr | May | Jun | Jul | Aug | Sep | Oct | Nov | Dec 
2005: Jan | Feb | Mar | Apr | May | Jun | Jul | Aug | Sep | Oct | Nov | Dec 

Report for 2010 12
MONTHLY CLIMATOLOGICAL SUMMARY for Dec 2010 NAME: Cabrera de Mar, Barcelona ELEV: 9 meters LAT: 41-33.89 N LONG: 002-24.07 E TEMPERATURE (C), RAIN (cm), WIND SPEED (km/h) HEAT COOL AVG MEAN DEG DEG WIND DOM DAY TEMP HIGH TIME LOW TIME DAYS DAYS RAIN SPEED HIGH TIME DIR --------------------------------------------------------------------------------------- 01 10.1 13.9 14:30 5.5 00:00 8.2 0.0 0.02 9.4 41.8 13:20 235 02 7.3 11.7 13:30 3.3 23:10 11.0 0.0 0.00 6.1 33.8 16:00 259 03 6.6 11.8 14:50 2.6 02:00 11.7 0.0 0.00 5.7 30.6 10:50 271 04 6.5 11.3 15:10 1.2 08:00 11.8 0.0 0.00 5.3 27.4 22:00 297 05 10.9 14.4 14:40 7.7 01:00 7.4 0.0 0.00 8.0 29.0 18:10 247 06 13.3 19.1 15:00 9.2 07:00 5.0 0.0 0.00 4.8 25.7 15:50 218 07 16.1 21.6 13:10 11.3 06:50 2.2 0.0 0.00 8.2 35.4 12:50 217 08 17.6 20.5 15:20 13.8 08:40 0.8 0.0 0.10 10.5 49.9 02:10 231 09 14.2 17.2 13:10 11.3 21:40 4.1 0.0 0.12 4.6 25.7 14:40 180 10 12.6 15.3 14:00 9.6 00:00 5.7 0.0 0.00 4.5 20.9 13:20 174 11 10.1 15.8 14:20 5.7 08:10 8.2 0.0 0.00 4.0 22.5 00:20 250 12 9.5 15.3 14:30 5.5 04:50 8.9 0.0 0.00 2.9 14.5 15:20 168 13 9.7 12.3 15:10 5.8 08:10 8.6 0.0 0.00 3.4 16.1 02:30 81 14 9.6 10.9 14:30 6.6 23:40 8.8 0.0 0.00 2.8 17.7 06:20 1 15 6.0 10.6 14:50 1.6 08:10 12.3 0.0 0.00 4.8 25.7 11:10 13 16 6.4 12.1 13:50 1.8 07:00 12.0 0.0 0.00 7.4 43.5 08:20 267 17 5.9 9.6 16:00 3.8 23:10 12.4 0.0 0.00 7.8 38.6 13:00 241 18 7.0 10.4 16:00 3.7 00:20 11.3 0.0 0.02 3.6 20.9 14:00 18 19 9.6 14.2 14:50 5.5 00:10 8.7 0.0 0.02 3.3 19.3 04:10 239 20 10.2 16.8 14:10 5.2 06:40 8.2 0.0 0.00 6.8 30.6 10:40 240 21 9.7 11.9 20:20 7.3 03:50 8.6 0.0 0.06 3.4 19.3 00:20 270 22 12.3 14.4 13:40 8.2 08:00 6.0 0.0 1.10 2.6 20.9 16:30 25 23 13.3 15.6 14:40 10.7 00:00 5.0 0.0 1.36 3.8 25.7 01:10 149 24 9.5 13.5 14:10 6.8 00:00 8.8 0.0 0.02 12.1 46.7 04:40 316 25 7.2 12.2 15:40 4.0 22:10 11.1 0.0 0.00 5.0 30.6 04:40 298 26 6.0 12.2 13:50 1.9 23:10 12.4 0.0 0.00 4.9 27.4 07:30 271 27 6.7 11.7 15:20 0.8 04:30 11.6 0.0 0.00 6.9 33.8 17:00 227 28 8.0 12.7 13:30 3.5 08:10 10.3 0.0 0.00 2.6 16.1 00:30 276 29 9.8 13.7 13:10 6.4 00:40 8.5 0.0 0.00 2.0 11.3 22:40 292 30 12.5 14.3 13:50 11.1 00:20 5.9 0.0 0.02 4.7 22.5 19:30 14 31 11.8 13.3 15:00 10.7 23:30 6.5 0.0 0.18 3.6 14.5 03:10 47 --------------------------------------------------------------------------------------- 9.8 21.6 07 0.8 27 262.1 0.0 3.02 5.5 49.9 08 254