NOAA-Style Climate Reports

NOAA style reports
2022: Jan | Feb | Mar | Apr | May | Jun | Jul | Aug | Sep | Oct | Nov | Dec 
2021: Jan | Feb | Mar | Apr | May | Jun | Jul | Aug | Sep | Oct | Nov | Dec 
2020: Jan | Feb | Mar | Apr | May | Jun | Jul | Aug | Sep | Oct | Nov | Dec 
2019: Jan | Feb | Mar | Apr | May | Jun | Jul | Aug | Sep | Oct | Nov | Dec 
2018: Jan | Feb | Mar | Apr | May | Jun | Jul | Aug | Sep | Oct | Nov | Dec 
2017: Jan | Feb | Mar | Apr | May | Jun | Jul | Aug | Sep | Oct | Nov | Dec 
2016: Jan | Feb | Mar | Apr | May | Jun | Jul | Aug | Sep | Oct | Nov | Dec 
2015: Jan | Feb | Mar | Apr | May | Jun | Jul | Aug | Sep | Oct | Nov | Dec 
2014: Jan | Feb | Mar | Apr | May | Jun | Jul | Aug | Sep | Oct | Nov | Dec 
2013: Jan | Feb | Mar | Apr | May | Jun | Jul | Aug | Sep | Oct | Nov | Dec 
2012: Jan | Feb | Mar | Apr | May | Jun | Jul | Aug | Sep | Oct | Nov | Dec 
2011: Jan | Feb | Mar | Apr | May | Jun | Jul | Aug | Sep | Oct | Nov | Dec 
2010: Jan | Feb | Mar | Apr | May | Jun | Jul | Aug | Sep | Oct | Nov | Dec 
2009: Jan | Feb | Mar | Apr | May | Jun | Jul | Aug | Sep | Oct | Nov | Dec 
2008: Jan | Feb | Mar | Apr | May | Jun | Jul | Aug | Sep | Oct | Nov | Dec 
2007: Jan | Feb | Mar | Apr | May | Jun | Jul | Aug | Sep | Oct | Nov | Dec 
2006: Jan | Feb | Mar | Apr | May | Jun | Jul | Aug | Sep | Oct | Nov | Dec 
2005: Jan | Feb | Mar | Apr | May | Jun | Jul | Aug | Sep | Oct | Nov | Dec 

Report for 2010 06
MONTHLY CLIMATOLOGICAL SUMMARY for Jun 2010 NAME: Cabrera de Mar, Barcelona ELEV: 9 meters LAT: 41-33.89 N LONG: 002-24.07 E TEMPERATURE (C), RAIN (cm), WIND SPEED (km/h) HEAT COOL AVG MEAN DEG DEG WIND DOM DAY TEMP HIGH TIME LOW TIME DAYS DAYS RAIN SPEED HIGH TIME DIR --------------------------------------------------------------------------------------- 01 20.2 22.7 12:00 17.6 06:10 0.0 1.8 0.00 3.4 17.7 09:20 102 02 20.5 22.8 14:50 17.7 06:40 0.0 2.2 0.00 5.4 17.7 13:30 147 03 20.9 23.7 14:40 17.1 07:00 0.0 2.5 0.00 6.8 32.2 12:10 191 04 21.6 25.5 13:40 17.1 06:40 0.0 3.3 0.00 8.6 30.6 14:20 198 05 22.4 25.6 14:50 17.9 06:30 0.0 4.1 0.00 9.2 35.4 18:20 207 06 20.7 23.2 12:30 19.1 03:50 0.0 2.3 0.22 3.0 20.9 18:40 230 07 20.7 23.1 14:40 17.3 06:50 0.0 2.3 0.00 7.9 30.6 16:10 202 08 21.3 23.9 14:40 17.9 05:20 0.0 3.0 0.00 5.5 24.1 10:50 187 09 20.7 22.1 19:20 19.1 05:40 0.0 2.4 0.08 2.0 16.1 08:50 135 10 20.8 23.3 17:10 18.8 00:00 0.0 2.5 0.08 6.0 27.4 17:50 178 11 19.7 21.6 17:40 17.4 22:40 0.0 1.3 0.14 3.4 33.8 11:50 200 12 20.1 22.9 14:20 15.0 06:50 0.0 1.8 0.00 3.9 16.1 14:50 89 13 20.8 23.6 14:30 16.1 06:30 0.0 2.4 0.00 4.8 20.9 15:50 142 14 19.5 22.2 14:30 16.3 06:00 0.0 1.2 0.06 3.6 24.1 18:40 121 15 18.9 22.3 12:50 15.7 07:20 0.0 0.5 0.16 9.3 32.2 21:40 214 16 19.6 22.5 15:00 15.3 06:30 0.0 1.3 0.00 11.2 41.8 18:50 199 17 19.2 22.1 12:50 15.8 06:40 0.0 0.8 0.00 6.9 32.2 10:40 82 18 20.8 24.4 14:50 16.9 07:10 0.0 2.5 0.00 9.4 41.8 17:10 189 19 19.5 22.2 14:00 15.8 06:00 0.0 1.2 0.22 4.6 24.1 01:20 89 20 19.1 21.0 15:40 15.8 06:30 0.0 0.7 0.00 9.1 35.4 18:00 143 21 18.6 21.3 17:00 14.2 07:00 0.0 0.3 0.00 7.3 27.4 06:50 187 22 19.1 21.9 16:40 14.7 06:10 0.0 0.7 0.00 6.1 22.5 18:10 164 23 20.8 23.3 16:40 16.7 05:40 0.0 2.5 0.00 8.8 35.4 14:30 190 24 21.3 23.8 14:20 17.3 06:30 0.0 3.0 0.00 5.8 24.1 18:20 180 25 22.3 25.1 13:30 17.6 05:40 0.0 4.0 0.00 5.9 20.9 17:00 179 26 22.7 25.6 15:40 19.1 06:30 0.0 4.4 0.00 6.1 27.4 15:10 190 27 23.6 26.6 18:40 19.2 06:20 0.0 5.3 0.00 5.3 25.7 17:30 164 28 24.5 26.8 16:50 20.6 06:00 0.0 6.2 0.00 5.8 24.1 17:00 196 29 24.5 27.9 12:30 21.2 07:00 0.0 6.1 0.00 5.6 25.7 12:40 189 30 24.7 28.3 13:40 20.9 06:10 0.0 6.3 0.00 6.5 30.6 12:50 179 --------------------------------------------------------------------------------------- 20.9 28.3 30 14.2 21 0.0 79.1 0.96 6.3 41.8 16 181