NOAA-Style Climate Reports

NOAA style reports
2022: Jan | Feb | Mar | Apr | May | Jun | Jul | Aug | Sep | Oct | Nov | Dec 
2021: Jan | Feb | Mar | Apr | May | Jun | Jul | Aug | Sep | Oct | Nov | Dec 
2020: Jan | Feb | Mar | Apr | May | Jun | Jul | Aug | Sep | Oct | Nov | Dec 
2019: Jan | Feb | Mar | Apr | May | Jun | Jul | Aug | Sep | Oct | Nov | Dec 
2018: Jan | Feb | Mar | Apr | May | Jun | Jul | Aug | Sep | Oct | Nov | Dec 
2017: Jan | Feb | Mar | Apr | May | Jun | Jul | Aug | Sep | Oct | Nov | Dec 
2016: Jan | Feb | Mar | Apr | May | Jun | Jul | Aug | Sep | Oct | Nov | Dec 
2015: Jan | Feb | Mar | Apr | May | Jun | Jul | Aug | Sep | Oct | Nov | Dec 
2014: Jan | Feb | Mar | Apr | May | Jun | Jul | Aug | Sep | Oct | Nov | Dec 
2013: Jan | Feb | Mar | Apr | May | Jun | Jul | Aug | Sep | Oct | Nov | Dec 
2012: Jan | Feb | Mar | Apr | May | Jun | Jul | Aug | Sep | Oct | Nov | Dec 
2011: Jan | Feb | Mar | Apr | May | Jun | Jul | Aug | Sep | Oct | Nov | Dec 
2010: Jan | Feb | Mar | Apr | May | Jun | Jul | Aug | Sep | Oct | Nov | Dec 
2009: Jan | Feb | Mar | Apr | May | Jun | Jul | Aug | Sep | Oct | Nov | Dec 
2008: Jan | Feb | Mar | Apr | May | Jun | Jul | Aug | Sep | Oct | Nov | Dec 
2007: Jan | Feb | Mar | Apr | May | Jun | Jul | Aug | Sep | Oct | Nov | Dec 
2006: Jan | Feb | Mar | Apr | May | Jun | Jul | Aug | Sep | Oct | Nov | Dec 
2005: Jan | Feb | Mar | Apr | May | Jun | Jul | Aug | Sep | Oct | Nov | Dec 

Report for 2010 03
MONTHLY CLIMATOLOGICAL SUMMARY for Mar 2010 NAME: Cabrera de Mar, Barcelona ELEV: 9 meters LAT: 41-33.89 N LONG: 002-24.07 E TEMPERATURE (C), RAIN (cm), WIND SPEED (km/h) HEAT COOL AVG MEAN DEG DEG WIND DOM DAY TEMP HIGH TIME LOW TIME DAYS DAYS RAIN SPEED HIGH TIME DIR --------------------------------------------------------------------------------------- 01 14.5 19.9 16:00 8.3 08:00 3.8 0.0 0.00 12.3 54.7 14:50 253 02 12.6 17.7 14:20 8.1 07:00 5.7 0.0 0.08 5.7 27.4 12:10 35 03 11.3 12.3 09:10 10.2 23:00 7.0 0.0 0.82 16.8 59.5 06:30 0 04 12.7 16.3 15:50 9.4 07:30 5.7 0.0 0.00 4.9 24.1 09:00 118 05 11.6 14.5 16:00 9.2 23:00 6.7 0.0 0.00 5.0 29.0 05:50 40 06 10.0 14.7 13:20 5.1 00:00 8.3 0.0 0.00 9.2 40.2 04:40 41 07 7.5 10.4 13:40 3.3 05:40 10.8 0.0 0.70 3.2 16.1 10:10 20 08 4.6 7.4 23:30 1.9 17:20 13.8 0.0 2.34 13.2 53.1 20:30 331 09 7.5 11.9 16:10 3.5 08:00 10.8 0.0 0.00 9.2 48.3 02:20 299 10 5.2 8.6 13:00 1.3 08:00 13.1 0.0 0.00 6.4 30.6 13:50 207 11 5.6 8.6 17:10 0.7 07:30 12.7 0.0 0.00 3.6 17.7 01:30 187 12 6.3 8.3 16:20 4.9 09:40 12.0 0.0 0.04 2.6 16.1 16:50 160 13 8.0 12.4 15:50 2.7 07:30 10.3 0.0 0.00 3.7 20.9 01:00 210 14 9.9 15.5 11:50 3.8 06:10 8.5 0.0 0.00 6.7 27.4 13:40 208 15 9.8 13.7 12:30 4.3 07:20 8.5 0.0 0.00 4.3 19.3 16:30 198 16 11.3 15.6 14:00 5.7 06:30 7.0 0.0 0.00 7.8 38.6 15:30 199 17 11.4 15.8 13:10 5.1 07:00 7.0 0.0 0.00 8.9 30.6 13:00 198 18 11.6 15.2 12:40 5.3 07:20 6.8 0.0 0.00 5.8 24.1 18:10 197 19 12.3 15.7 14:30 8.4 03:20 6.1 0.0 0.00 5.4 25.7 19:00 215 20 13.5 19.1 00:00 10.6 05:40 4.8 0.0 0.00 7.0 29.0 13:40 202 21 14.3 18.4 00:10 12.4 07:50 4.0 0.0 0.16 4.9 27.4 10:20 42 22 14.2 15.8 12:50 12.8 02:30 4.2 0.0 0.22 2.9 17.7 17:30 115 23 14.6 18.1 11:50 11.8 06:20 3.7 0.0 0.02 8.4 37.0 13:50 204 24 13.4 14.8 14:20 12.3 01:20 4.9 0.0 0.00 2.2 14.5 00:10 173 25 14.3 17.2 14:30 12.8 06:40 4.0 0.0 0.00 6.6 30.6 15:30 199 26 17.0 22.8 14:10 12.7 05:10 1.4 0.0 0.00 14.9 51.5 08:00 249 27 16.7 22.8 13:10 12.7 07:10 1.7 0.0 0.00 14.8 46.7 05:40 264 28 14.5 17.1 12:30 12.5 07:30 3.8 0.0 0.00 5.9 27.4 00:20 40 29 13.7 16.4 13:50 9.8 07:40 4.6 0.0 0.00 8.0 32.2 14:50 193 30 15.5 21.3 16:30 11.4 01:50 2.9 0.0 0.22 15.5 77.2 06:40 260 31 13.7 17.8 13:00 9.9 08:30 4.6 0.0 0.00 10.5 46.7 19:50 205 --------------------------------------------------------------------------------------- 11.6 22.8 26 0.7 11 209.3 0.0 4.60 7.8 77.2 30 242