NOAA-Style Climate Reports

NOAA style reports
2022: Jan | Feb | Mar | Apr | May | Jun | Jul | Aug | Sep | Oct | Nov | Dec 
2021: Jan | Feb | Mar | Apr | May | Jun | Jul | Aug | Sep | Oct | Nov | Dec 
2020: Jan | Feb | Mar | Apr | May | Jun | Jul | Aug | Sep | Oct | Nov | Dec 
2019: Jan | Feb | Mar | Apr | May | Jun | Jul | Aug | Sep | Oct | Nov | Dec 
2018: Jan | Feb | Mar | Apr | May | Jun | Jul | Aug | Sep | Oct | Nov | Dec 
2017: Jan | Feb | Mar | Apr | May | Jun | Jul | Aug | Sep | Oct | Nov | Dec 
2016: Jan | Feb | Mar | Apr | May | Jun | Jul | Aug | Sep | Oct | Nov | Dec 
2015: Jan | Feb | Mar | Apr | May | Jun | Jul | Aug | Sep | Oct | Nov | Dec 
2014: Jan | Feb | Mar | Apr | May | Jun | Jul | Aug | Sep | Oct | Nov | Dec 
2013: Jan | Feb | Mar | Apr | May | Jun | Jul | Aug | Sep | Oct | Nov | Dec 
2012: Jan | Feb | Mar | Apr | May | Jun | Jul | Aug | Sep | Oct | Nov | Dec 
2011: Jan | Feb | Mar | Apr | May | Jun | Jul | Aug | Sep | Oct | Nov | Dec 
2010: Jan | Feb | Mar | Apr | May | Jun | Jul | Aug | Sep | Oct | Nov | Dec 
2009: Jan | Feb | Mar | Apr | May | Jun | Jul | Aug | Sep | Oct | Nov | Dec 
2008: Jan | Feb | Mar | Apr | May | Jun | Jul | Aug | Sep | Oct | Nov | Dec 
2007: Jan | Feb | Mar | Apr | May | Jun | Jul | Aug | Sep | Oct | Nov | Dec 
2006: Jan | Feb | Mar | Apr | May | Jun | Jul | Aug | Sep | Oct | Nov | Dec 
2005: Jan | Feb | Mar | Apr | May | Jun | Jul | Aug | Sep | Oct | Nov | Dec 

Report for 2010 02
MONTHLY CLIMATOLOGICAL SUMMARY for Feb 2010 NAME: Cabrera de Mar, Barcelona ELEV: 9 meters LAT: 41-33.89 N LONG: 002-24.07 E TEMPERATURE (C), RAIN (cm), WIND SPEED (km/h) HEAT COOL AVG MEAN DEG DEG WIND DOM DAY TEMP HIGH TIME LOW TIME DAYS DAYS RAIN SPEED HIGH TIME DIR --------------------------------------------------------------------------------------- 01 7.1 11.9 14:20 3.8 08:00 11.2 0.0 0.04 7.0 30.6 16:20 219 02 8.1 12.2 15:00 3.6 04:20 10.2 0.0 0.00 3.8 22.5 18:10 223 03 9.5 15.1 12:00 5.4 04:50 8.8 0.0 0.00 9.7 35.4 12:30 228 04 9.8 12.7 14:20 5.4 05:40 8.6 0.0 0.68 3.4 16.1 16:00 293 05 13.2 18.2 15:40 8.9 00:00 5.2 0.0 0.00 12.6 51.5 12:30 258 06 12.0 17.9 13:40 7.3 02:30 6.3 0.0 0.00 7.7 40.2 11:00 267 07 11.3 15.7 14:40 7.6 03:10 7.0 0.0 0.00 6.4 25.7 14:20 219 08 9.9 11.9 12:40 8.3 08:30 8.4 0.0 3.14 3.7 24.1 20:50 39 09 8.7 10.3 14:10 6.7 23:40 9.6 0.0 0.90 9.4 38.6 03:30 340 10 6.9 11.1 16:50 2.7 07:10 11.4 0.0 0.00 5.3 27.4 18:00 252 11 4.7 8.8 12:40 1.8 23:20 13.6 0.0 0.00 18.0 64.4 16:10 290 12 4.4 9.2 15:00 -1.1 07:50 13.9 0.0 0.00 6.4 35.4 01:40 218 13 5.4 6.8 14:20 4.1 03:00 13.0 0.0 0.00 3.4 16.1 00:30 38 14 5.6 8.2 15:50 3.5 06:20 12.7 0.0 0.00 5.2 22.5 07:00 166 15 5.7 6.9 19:50 3.3 03:20 12.6 0.0 0.30 11.1 30.6 22:20 360 16 9.9 13.3 15:50 6.8 00:10 8.5 0.0 0.20 13.8 38.6 08:40 5 17 12.3 14.8 15:30 10.9 07:30 6.0 0.0 0.02 6.5 33.8 15:10 212 18 12.1 16.3 14:10 8.3 07:50 6.3 0.0 0.50 5.9 30.6 23:20 256 19 10.6 14.5 15:20 6.2 00:00 7.7 0.0 2.90 9.6 64.4 04:00 352 20 9.4 15.8 15:00 4.5 07:40 8.9 0.0 0.02 8.1 30.6 13:30 267 21 9.0 13.6 13:10 4.9 07:40 9.3 0.0 0.18 4.6 32.2 15:30 235 22 11.6 15.5 12:30 7.8 03:10 6.8 0.0 0.00 8.4 35.4 13:00 219 23 16.0 21.1 15:20 12.6 04:30 2.4 0.0 0.00 13.3 46.7 12:40 251 24 16.0 20.2 14:40 12.9 07:40 2.3 0.0 0.00 18.8 59.5 14:50 258 25 15.3 21.0 13:40 12.6 06:20 3.0 0.0 0.00 12.1 41.8 16:40 227 26 15.6 21.1 15:50 9.9 00:00 2.7 0.0 0.00 14.6 45.1 08:20 253 27 12.0 14.9 13:30 8.2 04:00 6.4 0.0 0.02 1.9 16.1 21:00 23 28 15.2 20.3 12:30 11.1 00:00 3.1 0.0 0.00 11.0 53.1 07:30 262 --------------------------------------------------------------------------------------- 10.5 21.1 23 -1.1 12 226.1 0.0 8.90 8.8 64.4 11 262