NOAA-Style Climate Reports

NOAA style reports
2022: Jan | Feb | Mar | Apr | May | Jun | Jul | Aug | Sep | Oct | Nov | Dec 
2021: Jan | Feb | Mar | Apr | May | Jun | Jul | Aug | Sep | Oct | Nov | Dec 
2020: Jan | Feb | Mar | Apr | May | Jun | Jul | Aug | Sep | Oct | Nov | Dec 
2019: Jan | Feb | Mar | Apr | May | Jun | Jul | Aug | Sep | Oct | Nov | Dec 
2018: Jan | Feb | Mar | Apr | May | Jun | Jul | Aug | Sep | Oct | Nov | Dec 
2017: Jan | Feb | Mar | Apr | May | Jun | Jul | Aug | Sep | Oct | Nov | Dec 
2016: Jan | Feb | Mar | Apr | May | Jun | Jul | Aug | Sep | Oct | Nov | Dec 
2015: Jan | Feb | Mar | Apr | May | Jun | Jul | Aug | Sep | Oct | Nov | Dec 
2014: Jan | Feb | Mar | Apr | May | Jun | Jul | Aug | Sep | Oct | Nov | Dec 
2013: Jan | Feb | Mar | Apr | May | Jun | Jul | Aug | Sep | Oct | Nov | Dec 
2012: Jan | Feb | Mar | Apr | May | Jun | Jul | Aug | Sep | Oct | Nov | Dec 
2011: Jan | Feb | Mar | Apr | May | Jun | Jul | Aug | Sep | Oct | Nov | Dec 
2010: Jan | Feb | Mar | Apr | May | Jun | Jul | Aug | Sep | Oct | Nov | Dec 
2009: Jan | Feb | Mar | Apr | May | Jun | Jul | Aug | Sep | Oct | Nov | Dec 
2008: Jan | Feb | Mar | Apr | May | Jun | Jul | Aug | Sep | Oct | Nov | Dec 
2007: Jan | Feb | Mar | Apr | May | Jun | Jul | Aug | Sep | Oct | Nov | Dec 
2006: Jan | Feb | Mar | Apr | May | Jun | Jul | Aug | Sep | Oct | Nov | Dec 
2005: Jan | Feb | Mar | Apr | May | Jun | Jul | Aug | Sep | Oct | Nov | Dec 

Report for 2010 01
MONTHLY CLIMATOLOGICAL SUMMARY for Jan 2010 NAME: Cabrera de Mar, Barcelona ELEV: 9 meters LAT: 41-33.89 N LONG: 002-24.07 E TEMPERATURE (C), RAIN (cm), WIND SPEED (km/h) HEAT COOL AVG MEAN DEG DEG WIND DOM DAY TEMP HIGH TIME LOW TIME DAYS DAYS RAIN SPEED HIGH TIME DIR --------------------------------------------------------------------------------------- 01 12.0 16.1 14:30 9.6 08:30 6.4 0.0 0.00 21.7 69.2 11:50 262 02 10.1 13.8 12:30 7.1 08:50 8.2 0.0 0.00 5.0 32.2 02:10 10 03 10.9 14.2 13:40 6.6 08:40 7.5 0.0 0.00 2.7 19.3 22:00 141 04 10.4 11.8 14:30 7.8 06:50 8.0 0.0 0.28 3.2 20.9 03:40 349 05 11.0 13.3 13:40 9.7 23:20 7.3 0.0 0.52 5.9 22.5 14:00 357 06 8.3 11.9 15:10 5.3 23:50 10.0 0.0 0.00 7.0 27.4 06:50 272 07 6.1 8.2 09:50 4.6 01:30 12.2 0.0 0.78 15.9 74.0 22:30 7 08 7.3 9.8 11:20 5.6 20:00 11.0 0.0 0.00 11.4 64.4 00:20 320 09 5.0 7.4 16:30 2.5 08:10 13.3 0.0 0.08 5.4 29.0 03:50 306 10 4.4 9.9 15:20 1.0 08:40 13.9 0.0 0.00 5.2 38.6 03:20 265 11 5.7 9.4 14:30 3.1 00:10 12.7 0.0 0.00 3.4 19.3 03:20 214 12 6.3 9.4 16:30 2.7 07:00 12.0 0.0 0.32 8.9 40.2 12:30 245 13 10.3 15.3 13:30 6.3 08:40 8.1 0.0 0.00 5.5 27.4 01:50 251 14 11.9 14.8 13:20 9.2 00:30 6.4 0.0 0.22 8.7 43.5 18:10 272 15 11.1 15.6 14:10 7.8 22:10 7.2 0.0 0.00 5.1 30.6 00:30 227 16 10.6 14.9 14:40 6.6 03:30 7.7 0.0 0.08 5.9 27.4 15:30 214 17 10.9 12.7 11:10 9.8 07:20 7.4 0.0 0.08 1.0 6.4 01:10 202 18 11.0 11.8 14:30 10.6 04:20 7.3 0.0 0.00 2.4 14.5 06:10 174 19 10.1 11.1 16:50 8.9 06:10 8.3 0.0 0.24 1.6 14.5 05:20 127 20 11.3 14.0 15:00 8.6 07:50 7.1 0.0 0.08 3.8 27.4 15:20 80 21 10.1 14.5 15:30 6.4 08:20 8.2 0.0 0.02 4.0 20.9 15:10 241 22 9.8 14.5 14:50 5.8 06:30 8.5 0.0 0.00 3.4 17.7 08:00 137 23 10.0 13.7 13:40 6.3 02:30 8.3 0.0 0.00 4.0 20.9 15:50 59 24 12.1 15.2 13:40 10.7 07:10 6.2 0.0 0.02 6.1 25.7 15:20 43 25 9.7 10.7 00:20 9.0 19:30 8.6 0.0 0.06 3.7 22.5 21:10 7 26 10.2 14.9 14:50 5.9 22:50 8.1 0.0 0.00 11.6 40.2 07:30 6 27 8.4 14.2 15:40 3.9 05:40 9.9 0.0 0.00 6.0 46.7 00:00 339 28 7.8 13.3 15:30 3.8 07:30 10.6 0.0 0.00 13.2 54.7 01:00 280 29 8.1 12.7 15:30 3.6 05:40 10.2 0.0 0.00 4.0 22.5 02:40 321 30 10.8 15.7 14:10 8.1 05:10 7.6 0.0 0.00 11.2 43.5 15:00 267 31 6.9 8.9 14:50 4.8 22:10 11.4 0.0 0.06 5.6 29.0 18:10 12 --------------------------------------------------------------------------------------- 9.2 16.1 01 1.0 10 279.5 0.0 2.84 6.8 74.0 07 297