NOAA-Style Climate Reports

NOAA style reports
2022: Jan | Feb | Mar | Apr | May | Jun | Jul | Aug | Sep | Oct | Nov | Dec 
2021: Jan | Feb | Mar | Apr | May | Jun | Jul | Aug | Sep | Oct | Nov | Dec 
2020: Jan | Feb | Mar | Apr | May | Jun | Jul | Aug | Sep | Oct | Nov | Dec 
2019: Jan | Feb | Mar | Apr | May | Jun | Jul | Aug | Sep | Oct | Nov | Dec 
2018: Jan | Feb | Mar | Apr | May | Jun | Jul | Aug | Sep | Oct | Nov | Dec 
2017: Jan | Feb | Mar | Apr | May | Jun | Jul | Aug | Sep | Oct | Nov | Dec 
2016: Jan | Feb | Mar | Apr | May | Jun | Jul | Aug | Sep | Oct | Nov | Dec 
2015: Jan | Feb | Mar | Apr | May | Jun | Jul | Aug | Sep | Oct | Nov | Dec 
2014: Jan | Feb | Mar | Apr | May | Jun | Jul | Aug | Sep | Oct | Nov | Dec 
2013: Jan | Feb | Mar | Apr | May | Jun | Jul | Aug | Sep | Oct | Nov | Dec 
2012: Jan | Feb | Mar | Apr | May | Jun | Jul | Aug | Sep | Oct | Nov | Dec 
2011: Jan | Feb | Mar | Apr | May | Jun | Jul | Aug | Sep | Oct | Nov | Dec 
2010: Jan | Feb | Mar | Apr | May | Jun | Jul | Aug | Sep | Oct | Nov | Dec 
2009: Jan | Feb | Mar | Apr | May | Jun | Jul | Aug | Sep | Oct | Nov | Dec 
2008: Jan | Feb | Mar | Apr | May | Jun | Jul | Aug | Sep | Oct | Nov | Dec 
2007: Jan | Feb | Mar | Apr | May | Jun | Jul | Aug | Sep | Oct | Nov | Dec 
2006: Jan | Feb | Mar | Apr | May | Jun | Jul | Aug | Sep | Oct | Nov | Dec 
2005: Jan | Feb | Mar | Apr | May | Jun | Jul | Aug | Sep | Oct | Nov | Dec 

Report for 2009 09
MONTHLY CLIMATOLOGICAL SUMMARY for Sep 2009 NAME: Cabrera de Mar, Barcelona ELEV: 9 meters LAT: 41-33.89 N LONG: 002-24.07 E TEMPERATURE (C), RAIN (cm), WIND SPEED (km/h) HEAT COOL AVG MEAN DEG DEG WIND DOM DAY TEMP HIGH TIME LOW TIME DAYS DAYS RAIN SPEED HIGH TIME DIR --------------------------------------------------------------------------------------- 01 25.9 29.4 14:50 23.1 04:10 0.0 7.6 0.00 6.2 29.0 17:30 192 02 25.4 27.6 16:40 23.7 04:00 0.0 7.1 0.00 4.9 22.5 18:00 146 03 25.2 28.3 14:10 22.3 06:50 0.0 6.8 0.00 4.5 24.1 12:20 79 04 24.6 27.9 14:00 22.7 00:00 0.0 6.3 0.10 4.8 38.6 17:30 66 05 22.4 24.3 15:20 21.2 00:00 0.0 4.1 0.00 4.7 19.3 11:40 165 06 21.9 24.7 13:20 18.6 07:10 0.0 3.6 0.00 2.8 19.3 10:30 107 07 22.0 26.0 14:30 17.0 07:40 0.0 3.7 0.00 2.6 17.7 14:40 96 08 22.4 26.0 12:30 18.6 03:50 0.0 4.1 0.00 3.6 17.7 10:30 78 09 22.1 26.7 13:00 16.9 06:20 0.0 3.8 0.00 2.8 16.1 14:00 86 10 23.1 26.8 11:30 18.2 07:10 0.0 4.7 0.00 3.7 22.5 01:40 87 11 23.5 26.9 11:40 20.2 03:30 0.0 5.2 0.00 3.7 20.9 12:20 95 12 22.8 25.8 14:50 18.9 07:50 0.0 4.4 0.00 3.7 17.7 14:00 82 13 22.7 25.6 14:20 20.2 01:50 0.0 4.4 0.00 3.8 20.9 23:30 109 14 21.2 24.8 10:40 16.8 23:50 0.0 2.8 0.66 7.9 35.4 11:30 74 15 17.3 19.1 14:50 15.3 23:10 1.1 0.0 0.04 4.4 24.1 14:40 15 16 19.3 24.8 15:10 13.5 07:00 0.0 1.0 0.00 7.7 37.0 15:50 207 17 21.2 25.6 13:40 16.2 06:50 0.0 2.9 0.00 8.4 30.6 12:10 52 18 21.5 25.0 15:50 18.2 00:00 0.0 3.1 0.26 11.1 45.1 17:30 209 19 19.9 24.4 16:00 16.4 08:50 0.0 1.6 0.04 4.8 48.3 04:30 264 20 19.7 24.3 13:20 16.1 07:50 0.0 1.4 2.16 4.7 32.2 16:00 140 21 20.5 25.3 15:30 15.2 08:00 0.0 2.1 0.04 4.0 22.5 15:30 206 22 23.5 29.2 15:00 18.6 02:30 0.0 5.2 0.00 10.2 48.3 16:40 23 23 23.9 27.3 12:20 20.2 23:40 0.0 5.6 0.00 9.5 38.6 10:30 45 24 22.7 26.8 16:20 16.9 08:10 0.0 4.4 0.00 3.4 19.3 17:00 139 25 23.2 27.1 12:20 18.6 07:20 0.0 4.9 0.00 3.9 25.7 03:00 213 26 21.9 25.8 15:30 17.7 08:10 0.0 3.6 0.00 2.7 17.7 17:40 116 27 22.0 27.2 12:40 17.2 06:10 0.0 3.7 0.00 8.3 32.2 11:00 48 28 22.1 26.0 16:20 18.7 08:30 0.0 3.8 0.00 7.1 30.6 13:10 27 29 22.2 26.6 14:30 17.3 08:00 0.0 3.9 0.00 4.5 22.5 12:30 52 30 21.1 25.7 11:10 17.7 03:30 0.0 2.8 0.00 2.4 16.1 11:10 126 --------------------------------------------------------------------------------------- 22.2 29.4 01 13.5 16 1.1 118.6 3.30 5.3 48.3 19 85