NOAA-Style Climate Reports

NOAA style reports
2022: Jan | Feb | Mar | Apr | May | Jun | Jul | Aug | Sep | Oct | Nov | Dec 
2021: Jan | Feb | Mar | Apr | May | Jun | Jul | Aug | Sep | Oct | Nov | Dec 
2020: Jan | Feb | Mar | Apr | May | Jun | Jul | Aug | Sep | Oct | Nov | Dec 
2019: Jan | Feb | Mar | Apr | May | Jun | Jul | Aug | Sep | Oct | Nov | Dec 
2018: Jan | Feb | Mar | Apr | May | Jun | Jul | Aug | Sep | Oct | Nov | Dec 
2017: Jan | Feb | Mar | Apr | May | Jun | Jul | Aug | Sep | Oct | Nov | Dec 
2016: Jan | Feb | Mar | Apr | May | Jun | Jul | Aug | Sep | Oct | Nov | Dec 
2015: Jan | Feb | Mar | Apr | May | Jun | Jul | Aug | Sep | Oct | Nov | Dec 
2014: Jan | Feb | Mar | Apr | May | Jun | Jul | Aug | Sep | Oct | Nov | Dec 
2013: Jan | Feb | Mar | Apr | May | Jun | Jul | Aug | Sep | Oct | Nov | Dec 
2012: Jan | Feb | Mar | Apr | May | Jun | Jul | Aug | Sep | Oct | Nov | Dec 
2011: Jan | Feb | Mar | Apr | May | Jun | Jul | Aug | Sep | Oct | Nov | Dec 
2010: Jan | Feb | Mar | Apr | May | Jun | Jul | Aug | Sep | Oct | Nov | Dec 
2009: Jan | Feb | Mar | Apr | May | Jun | Jul | Aug | Sep | Oct | Nov | Dec 
2008: Jan | Feb | Mar | Apr | May | Jun | Jul | Aug | Sep | Oct | Nov | Dec 
2007: Jan | Feb | Mar | Apr | May | Jun | Jul | Aug | Sep | Oct | Nov | Dec 
2006: Jan | Feb | Mar | Apr | May | Jun | Jul | Aug | Sep | Oct | Nov | Dec 
2005: Jan | Feb | Mar | Apr | May | Jun | Jul | Aug | Sep | Oct | Nov | Dec 

Report for 2009 07
MONTHLY CLIMATOLOGICAL SUMMARY for Jul 2009 NAME: Cabrera de Mar, Barcelona ELEV: 9 meters LAT: 41-33.89 N LONG: 002-24.07 E TEMPERATURE (C), RAIN (cm), WIND SPEED (km/h) HEAT COOL AVG MEAN DEG DEG WIND DOM DAY TEMP HIGH TIME LOW TIME DAYS DAYS RAIN SPEED HIGH TIME DIR --------------------------------------------------------------------------------------- 01 27.1 31.6 16:30 22.6 07:00 0.0 8.8 0.00 3.3 22.5 07:50 178 02 26.5 30.1 11:40 21.9 05:30 0.0 8.2 0.00 3.4 25.7 15:20 117 03 26.2 29.8 14:10 22.1 06:20 0.0 7.9 0.00 6.5 27.4 15:30 190 04 26.6 31.1 16:00 22.4 06:00 0.0 8.3 0.00 3.2 19.3 14:50 163 05 26.3 30.3 15:10 22.6 06:50 0.0 7.9 0.14 5.3 29.0 20:00 188 06 25.3 28.7 15:40 21.9 06:40 0.0 7.0 0.00 4.3 20.9 11:50 141 07 24.1 25.5 09:30 22.9 07:00 0.0 5.8 0.00 3.9 17.7 04:20 82 08 22.8 24.9 12:30 20.4 00:00 0.0 4.4 0.00 3.3 20.9 10:20 131 09 21.2 24.4 10:10 19.2 06:20 0.0 2.9 0.40 2.3 24.1 12:10 205 10 22.3 25.1 16:40 20.4 06:00 0.0 4.0 0.00 2.3 20.9 10:50 113 11 22.4 24.7 17:20 19.1 01:50 0.0 4.1 0.00 2.8 20.9 15:00 178 12 24.9 28.1 12:30 21.6 02:20 0.0 6.6 0.00 8.6 32.2 16:00 196 13 25.3 29.2 16:30 21.9 03:00 0.0 7.0 0.00 3.5 17.7 17:50 84 14 25.3 28.3 11:10 23.3 05:30 0.0 7.0 0.00 7.9 33.8 12:20 59 15 24.6 26.8 15:10 21.9 06:10 0.0 6.3 0.00 3.8 17.7 01:40 132 16 24.1 26.4 16:50 21.3 05:40 0.0 5.7 0.00 4.8 17.7 15:10 157 17 24.1 26.2 14:20 20.5 00:00 0.0 5.7 0.00 5.6 22.5 14:00 127 18 22.2 25.4 15:40 18.1 06:10 0.0 3.8 0.00 5.1 25.7 16:10 143 19 22.6 26.1 16:40 18.1 07:00 0.0 4.3 0.00 6.7 29.0 20:30 173 20 24.2 27.4 16:00 20.5 06:30 0.0 5.9 0.00 9.7 33.8 16:50 200 21 24.6 27.4 15:30 21.6 06:30 0.0 6.3 0.00 6.3 27.4 10:20 195 22 25.3 28.8 14:10 21.6 07:10 0.0 7.0 0.20 4.5 29.0 05:20 89 23 29.2 38.0 14:20 23.6 02:50 0.0 10.8 0.00 11.5 53.1 14:10 218 24 27.0 30.4 13:10 22.1 06:40 0.0 8.7 0.00 4.6 20.9 16:00 125 25 24.2 26.8 14:50 21.4 06:50 0.0 5.8 0.00 4.6 22.5 14:10 125 26 25.0 28.3 16:20 21.4 07:20 0.0 6.6 0.00 9.6 35.4 15:50 196 27 25.2 28.6 15:30 21.6 06:40 0.0 6.9 0.00 6.4 33.8 18:30 112 28 24.6 27.7 12:40 21.4 06:10 0.0 6.3 0.00 4.4 20.9 13:10 158 29 25.4 28.6 14:30 21.0 07:10 0.0 7.1 0.00 7.9 33.8 16:40 193 30 25.5 27.9 17:10 23.1 06:20 0.0 7.2 0.00 5.1 22.5 14:30 139 31 25.8 28.8 15:10 21.9 06:40 0.0 7.5 0.00 10.4 40.2 18:00 196 --------------------------------------------------------------------------------------- 24.8 38.0 23 18.1 18 0.0 201.8 0.74 5.5 53.1 23 168