NOAA-Style Climate Reports

NOAA style reports
2022: Jan | Feb | Mar | Apr | May | Jun | Jul | Aug | Sep | Oct | Nov | Dec 
2021: Jan | Feb | Mar | Apr | May | Jun | Jul | Aug | Sep | Oct | Nov | Dec 
2020: Jan | Feb | Mar | Apr | May | Jun | Jul | Aug | Sep | Oct | Nov | Dec 
2019: Jan | Feb | Mar | Apr | May | Jun | Jul | Aug | Sep | Oct | Nov | Dec 
2018: Jan | Feb | Mar | Apr | May | Jun | Jul | Aug | Sep | Oct | Nov | Dec 
2017: Jan | Feb | Mar | Apr | May | Jun | Jul | Aug | Sep | Oct | Nov | Dec 
2016: Jan | Feb | Mar | Apr | May | Jun | Jul | Aug | Sep | Oct | Nov | Dec 
2015: Jan | Feb | Mar | Apr | May | Jun | Jul | Aug | Sep | Oct | Nov | Dec 
2014: Jan | Feb | Mar | Apr | May | Jun | Jul | Aug | Sep | Oct | Nov | Dec 
2013: Jan | Feb | Mar | Apr | May | Jun | Jul | Aug | Sep | Oct | Nov | Dec 
2012: Jan | Feb | Mar | Apr | May | Jun | Jul | Aug | Sep | Oct | Nov | Dec 
2011: Jan | Feb | Mar | Apr | May | Jun | Jul | Aug | Sep | Oct | Nov | Dec 
2010: Jan | Feb | Mar | Apr | May | Jun | Jul | Aug | Sep | Oct | Nov | Dec 
2009: Jan | Feb | Mar | Apr | May | Jun | Jul | Aug | Sep | Oct | Nov | Dec 
2008: Jan | Feb | Mar | Apr | May | Jun | Jul | Aug | Sep | Oct | Nov | Dec 
2007: Jan | Feb | Mar | Apr | May | Jun | Jul | Aug | Sep | Oct | Nov | Dec 
2006: Jan | Feb | Mar | Apr | May | Jun | Jul | Aug | Sep | Oct | Nov | Dec 
2005: Jan | Feb | Mar | Apr | May | Jun | Jul | Aug | Sep | Oct | Nov | Dec 

Report for 2009 05
MONTHLY CLIMATOLOGICAL SUMMARY for May 2009 NAME: Cabrera de Mar, Barcelona ELEV: 9 meters LAT: 41-33.89 N LONG: 002-24.07 E TEMPERATURE (C), RAIN (cm), WIND SPEED (km/h) HEAT COOL AVG MEAN DEG DEG WIND DOM DAY TEMP HIGH TIME LOW TIME DAYS DAYS RAIN SPEED HIGH TIME DIR --------------------------------------------------------------------------------------- 01 16.1 22.9 14:50 13.1 03:40 2.2 0.0 0.44 7.8 37.0 12:50 288 02 17.0 22.7 16:00 10.9 06:50 1.3 0.0 0.00 4.9 29.0 16:20 200 03 18.2 21.7 16:40 13.7 06:40 0.2 0.0 0.00 3.1 24.1 00:40 154 04 18.0 21.1 13:00 15.5 06:20 0.3 0.0 0.00 2.5 19.3 09:00 78 05 17.1 19.6 12:10 13.1 07:10 1.3 0.0 0.00 6.4 35.4 18:30 199 06 18.0 23.3 17:10 13.3 07:10 0.3 0.0 0.00 5.2 25.7 15:40 187 07 18.9 21.9 12:50 15.5 07:20 0.0 0.6 0.00 8.8 35.4 15:00 206 08 17.9 21.0 13:10 14.4 06:20 0.4 0.0 0.00 4.6 29.0 00:30 187 09 17.5 20.6 12:50 14.3 03:20 0.8 0.0 0.00 5.4 24.1 08:00 53 10 17.9 20.4 14:40 16.6 06:50 0.4 0.0 0.00 4.5 25.7 03:00 63 11 17.8 20.6 17:00 14.6 07:00 0.5 0.0 0.00 8.3 30.6 14:00 42 12 18.8 22.0 13:50 15.7 07:00 0.0 0.5 0.00 4.9 25.7 12:00 54 13 18.4 21.6 15:20 16.8 04:00 0.0 0.1 0.00 5.6 37.0 11:10 47 14 17.0 19.3 12:10 14.5 23:10 1.3 0.0 0.44 3.1 25.7 22:20 62 15 16.0 18.9 18:00 12.7 05:50 2.4 0.0 0.00 6.2 30.6 08:30 186 16 16.9 21.3 15:40 12.2 07:00 1.4 0.0 0.00 6.8 30.6 14:40 196 17 17.8 21.3 15:20 13.6 04:00 0.5 0.0 0.00 7.3 29.0 17:40 198 18 17.6 20.7 15:50 14.0 02:40 0.7 0.0 0.00 3.4 16.1 06:50 83 19 17.8 21.2 14:50 13.3 05:20 0.5 0.0 0.00 3.5 16.1 13:30 157 20 19.6 25.5 14:40 14.3 06:50 0.0 1.3 0.00 3.6 20.9 17:10 61 21 20.9 23.9 13:50 17.2 06:30 0.0 2.6 0.00 5.9 30.6 12:10 42 22 20.4 24.1 16:40 16.3 07:00 0.0 2.0 0.00 4.2 29.0 13:00 42 23 20.5 24.1 15:10 18.6 07:50 0.0 2.2 0.00 5.6 30.6 13:10 46 24 20.8 24.9 12:50 17.6 07:00 0.0 2.5 0.00 5.3 27.4 12:40 47 25 19.7 22.4 15:50 17.8 00:00 0.0 1.4 0.00 5.7 24.1 07:10 107 26 19.9 23.3 14:10 16.6 03:20 0.0 1.6 0.00 4.6 29.0 17:40 146 27 19.9 22.7 14:50 17.6 04:20 0.0 1.6 0.00 7.4 32.2 14:50 195 28 20.4 25.7 14:10 14.9 05:30 0.0 2.0 0.00 4.2 29.0 14:50 184 29 20.6 23.6 14:00 16.7 06:30 0.0 2.3 0.00 5.9 22.5 14:20 185 30 20.8 23.7 14:30 17.4 06:30 0.0 2.4 0.00 4.3 24.1 12:10 179 31 19.4 23.7 14:10 15.7 06:00 0.0 1.1 2.30 5.7 57.9 19:10 58 --------------------------------------------------------------------------------------- 18.6 25.7 28 10.9 02 14.7 24.1 3.18 5.3 57.9 31 127