NOAA-Style Climate Reports

NOAA style reports
2022: Jan | Feb | Mar | Apr | May | Jun | Jul | Aug | Sep | Oct | Nov | Dec 
2021: Jan | Feb | Mar | Apr | May | Jun | Jul | Aug | Sep | Oct | Nov | Dec 
2020: Jan | Feb | Mar | Apr | May | Jun | Jul | Aug | Sep | Oct | Nov | Dec 
2019: Jan | Feb | Mar | Apr | May | Jun | Jul | Aug | Sep | Oct | Nov | Dec 
2018: Jan | Feb | Mar | Apr | May | Jun | Jul | Aug | Sep | Oct | Nov | Dec 
2017: Jan | Feb | Mar | Apr | May | Jun | Jul | Aug | Sep | Oct | Nov | Dec 
2016: Jan | Feb | Mar | Apr | May | Jun | Jul | Aug | Sep | Oct | Nov | Dec 
2015: Jan | Feb | Mar | Apr | May | Jun | Jul | Aug | Sep | Oct | Nov | Dec 
2014: Jan | Feb | Mar | Apr | May | Jun | Jul | Aug | Sep | Oct | Nov | Dec 
2013: Jan | Feb | Mar | Apr | May | Jun | Jul | Aug | Sep | Oct | Nov | Dec 
2012: Jan | Feb | Mar | Apr | May | Jun | Jul | Aug | Sep | Oct | Nov | Dec 
2011: Jan | Feb | Mar | Apr | May | Jun | Jul | Aug | Sep | Oct | Nov | Dec 
2010: Jan | Feb | Mar | Apr | May | Jun | Jul | Aug | Sep | Oct | Nov | Dec 
2009: Jan | Feb | Mar | Apr | May | Jun | Jul | Aug | Sep | Oct | Nov | Dec 
2008: Jan | Feb | Mar | Apr | May | Jun | Jul | Aug | Sep | Oct | Nov | Dec 
2007: Jan | Feb | Mar | Apr | May | Jun | Jul | Aug | Sep | Oct | Nov | Dec 
2006: Jan | Feb | Mar | Apr | May | Jun | Jul | Aug | Sep | Oct | Nov | Dec 
2005: Jan | Feb | Mar | Apr | May | Jun | Jul | Aug | Sep | Oct | Nov | Dec 

Report for 2008 10
MONTHLY CLIMATOLOGICAL SUMMARY for Oct 2008 NAME: Cabrera de Mar, Barcelona ELEV: 9 meters LAT: 41-33.89 N LONG: 002-24.07 E TEMPERATURE (C), RAIN (cm), WIND SPEED (km/h) HEAT COOL AVG MEAN DEG DEG WIND DOM DAY TEMP HIGH TIME LOW TIME DAYS DAYS RAIN SPEED HIGH TIME DIR --------------------------------------------------------------------------------------- 01 18.6 22.2 15:50 14.3 08:00 0.0 0.2 0.00 4.5 25.7 17:50 42 02 19.3 22.9 16:30 16.2 02:40 0.0 0.9 0.00 3.1 17.7 12:20 51 03 16.5 20.6 15:00 10.6 19:20 1.8 0.0 2.38 6.8 48.3 17:50 179 04 14.2 19.3 15:50 8.4 08:10 4.1 0.0 0.02 6.7 27.4 13:20 204 05 17.3 22.9 12:30 11.7 08:10 1.0 0.0 0.00 8.6 45.1 16:00 214 06 19.0 23.4 15:30 13.3 08:00 0.0 0.7 0.00 8.5 33.8 15:40 211 07 20.2 23.8 14:40 16.1 08:20 0.0 1.8 0.00 8.4 33.8 15:40 216 08 18.3 21.3 12:40 15.3 00:00 0.1 0.0 0.30 5.2 29.0 17:40 342 09 17.3 20.8 14:50 13.3 06:40 1.0 0.0 0.00 9.6 43.5 15:50 11 10 20.5 23.7 11:50 17.3 23:30 0.0 2.2 0.00 9.0 33.8 02:00 34 11 19.4 23.9 14:00 14.6 04:30 0.0 1.1 0.00 8.4 33.8 15:30 38 12 21.4 23.3 15:00 20.5 01:50 0.0 3.1 0.00 8.2 27.4 09:50 30 13 21.7 23.9 16:10 19.9 23:50 0.0 3.3 0.10 2.9 22.5 07:50 184 14 20.7 23.7 14:10 18.3 03:50 0.0 2.4 0.02 3.8 19.3 15:50 178 15 20.4 24.1 15:20 16.7 08:20 0.0 2.0 0.00 3.1 22.5 19:40 205 16 20.8 24.5 12:40 17.7 06:30 0.0 2.4 0.60 6.8 32.2 14:40 203 17 19.6 22.5 14:10 17.7 07:50 0.0 1.3 0.04 3.8 29.0 14:50 92 18 17.4 19.1 02:50 15.9 11:40 0.9 0.0 0.62 7.2 32.2 14:10 23 19 18.9 22.0 15:40 16.4 04:20 0.0 0.5 0.02 4.3 22.5 13:00 38 20 19.8 23.1 16:20 17.3 05:50 0.0 1.5 0.00 1.3 9.7 16:00 72 21 19.7 22.9 15:10 16.3 07:10 0.0 1.3 0.00 2.9 17.7 18:40 169 22 18.2 20.7 13:00 14.8 23:30 0.2 0.0 0.20 3.8 29.0 10:00 261 23 15.0 16.8 17:00 13.9 03:30 3.3 0.0 0.12 2.4 24.1 03:40 276 24 16.9 20.3 13:20 13.1 07:00 1.5 0.0 0.00 3.2 22.5 18:10 66 25 18.9 23.1 14:30 15.5 00:00 0.0 0.6 0.00 4.1 25.7 17:50 42 26 17.1 21.6 12:00 12.7 07:20 1.3 0.0 0.00 2.9 16.1 11:20 172 27 18.0 23.4 11:40 12.0 06:00 0.3 0.0 0.00 9.0 43.5 18:10 215 28 14.4 17.2 00:10 10.9 21:40 4.0 0.0 1.46 5.6 33.8 18:00 357 29 8.9 11.1 00:10 6.6 23:50 9.4 0.0 0.78 8.0 49.9 09:40 305 30 11.4 17.7 14:50 6.1 06:30 7.0 0.0 0.00 10.8 48.3 13:20 246 31 15.5 18.9 23:00 12.6 08:30 2.8 0.0 0.94 11.9 56.3 19:10 204 --------------------------------------------------------------------------------------- 17.9 24.5 16 6.1 30 38.7 25.4 7.60 6.0 56.3 31 249