NOAA-Style Climate Reports

NOAA style reports
2022: Jan | Feb | Mar | Apr | May | Jun | Jul | Aug | Sep | Oct | Nov | Dec 
2021: Jan | Feb | Mar | Apr | May | Jun | Jul | Aug | Sep | Oct | Nov | Dec 
2020: Jan | Feb | Mar | Apr | May | Jun | Jul | Aug | Sep | Oct | Nov | Dec 
2019: Jan | Feb | Mar | Apr | May | Jun | Jul | Aug | Sep | Oct | Nov | Dec 
2018: Jan | Feb | Mar | Apr | May | Jun | Jul | Aug | Sep | Oct | Nov | Dec 
2017: Jan | Feb | Mar | Apr | May | Jun | Jul | Aug | Sep | Oct | Nov | Dec 
2016: Jan | Feb | Mar | Apr | May | Jun | Jul | Aug | Sep | Oct | Nov | Dec 
2015: Jan | Feb | Mar | Apr | May | Jun | Jul | Aug | Sep | Oct | Nov | Dec 
2014: Jan | Feb | Mar | Apr | May | Jun | Jul | Aug | Sep | Oct | Nov | Dec 
2013: Jan | Feb | Mar | Apr | May | Jun | Jul | Aug | Sep | Oct | Nov | Dec 
2012: Jan | Feb | Mar | Apr | May | Jun | Jul | Aug | Sep | Oct | Nov | Dec 
2011: Jan | Feb | Mar | Apr | May | Jun | Jul | Aug | Sep | Oct | Nov | Dec 
2010: Jan | Feb | Mar | Apr | May | Jun | Jul | Aug | Sep | Oct | Nov | Dec 
2009: Jan | Feb | Mar | Apr | May | Jun | Jul | Aug | Sep | Oct | Nov | Dec 
2008: Jan | Feb | Mar | Apr | May | Jun | Jul | Aug | Sep | Oct | Nov | Dec 
2007: Jan | Feb | Mar | Apr | May | Jun | Jul | Aug | Sep | Oct | Nov | Dec 
2006: Jan | Feb | Mar | Apr | May | Jun | Jul | Aug | Sep | Oct | Nov | Dec 
2005: Jan | Feb | Mar | Apr | May | Jun | Jul | Aug | Sep | Oct | Nov | Dec 

Report for 2008 08
MONTHLY CLIMATOLOGICAL SUMMARY for Aug 2008 NAME: Cabrera de Mar, Barcelona ELEV: 9 meters LAT: 41-33.89 N LONG: 002-24.07 E TEMPERATURE (C), RAIN (cm), WIND SPEED (km/h) HEAT COOL AVG MEAN DEG DEG WIND DOM DAY TEMP HIGH TIME LOW TIME DAYS DAYS RAIN SPEED HIGH TIME DIR --------------------------------------------------------------------------------------- 01 25.8 28.9 13:50 23.2 02:20 0.0 7.5 0.00 5.6 30.6 10:50 71 02 25.4 29.1 13:40 21.7 07:00 0.0 7.0 0.00 6.9 29.0 13:40 166 03 25.9 29.3 14:30 21.9 06:20 0.0 7.6 0.00 8.5 38.6 16:40 203 04 26.7 29.9 14:40 22.9 07:10 0.0 8.4 0.00 8.1 37.0 14:50 214 05 26.2 29.6 16:20 22.5 05:00 0.0 7.9 0.00 7.6 37.0 22:30 206 06 27.1 30.2 15:10 23.3 07:00 0.0 8.7 0.00 6.8 27.4 13:30 205 07 25.5 28.9 14:50 21.9 04:50 0.0 7.1 0.00 4.7 22.5 20:30 55 08 24.9 27.3 15:00 22.1 07:20 0.0 6.5 0.00 6.5 25.7 15:30 158 09 25.0 27.3 13:40 21.9 07:30 0.0 6.6 0.00 8.3 33.8 14:50 179 10 25.6 29.4 14:30 22.2 03:50 0.0 7.3 0.00 8.5 40.2 15:20 197 11 26.4 29.2 14:10 23.3 06:50 0.0 8.1 0.00 7.9 30.6 17:20 196 12 27.5 30.9 15:10 24.6 00:00 0.0 9.2 0.00 10.7 45.1 17:20 213 13 24.3 26.3 15:50 22.4 06:30 0.0 6.0 0.00 8.0 27.4 11:40 68 14 23.4 25.3 17:00 20.9 07:20 0.0 5.0 0.00 3.3 19.3 17:30 162 15 22.6 25.6 11:30 18.9 08:00 0.0 4.3 0.00 8.7 37.0 08:30 111 16 23.9 26.2 12:30 20.8 07:20 0.0 5.5 0.00 13.3 48.3 15:10 193 17 23.3 27.1 13:50 19.9 07:30 0.0 5.0 0.00 3.8 19.3 15:50 60 18 24.5 28.4 16:00 20.1 07:00 0.0 6.2 0.00 6.5 29.0 16:20 183 19 24.9 27.6 14:50 21.1 06:10 0.0 6.5 0.00 5.3 33.8 22:00 83 20 23.1 25.5 15:20 20.8 06:10 0.0 4.8 0.00 4.2 24.1 16:50 136 21 24.2 27.8 14:30 19.9 07:30 0.0 5.9 0.00 8.4 32.2 14:20 196 22 24.4 27.9 14:00 20.4 23:40 0.0 6.1 0.94 6.9 45.1 23:20 107 23 21.7 25.2 12:40 18.6 07:00 0.0 3.4 0.04 5.9 29.0 12:30 191 24 23.0 25.9 18:10 19.7 07:10 0.0 4.7 0.00 4.1 20.9 11:30 64 25 23.4 26.1 15:50 20.4 03:30 0.0 5.1 0.08 2.9 16.1 14:40 126 26 23.4 26.4 14:40 21.2 03:30 0.0 5.0 0.00 3.1 17.7 15:10 112 27 23.7 26.8 12:30 20.1 07:20 0.0 5.4 0.00 3.1 16.1 12:50 102 28 24.2 27.8 13:20 20.3 06:50 0.0 5.9 0.00 3.2 17.7 13:10 110 29 24.6 27.9 14:40 21.2 07:20 0.0 6.2 0.00 5.0 27.4 11:30 104 30 24.7 28.9 14:40 20.3 06:40 0.0 6.4 0.00 8.1 35.4 14:20 208 31 24.9 28.2 13:10 22.0 01:30 0.0 6.5 0.00 5.0 22.5 12:00 54 --------------------------------------------------------------------------------------- 24.6 30.9 12 18.6 23 0.0 195.7 1.06 6.4 48.3 16 169