NOAA-Style Climate Reports

NOAA style reports
2022: Jan | Feb | Mar | Apr | May | Jun | Jul | Aug | Sep | Oct | Nov | Dec 
2021: Jan | Feb | Mar | Apr | May | Jun | Jul | Aug | Sep | Oct | Nov | Dec 
2020: Jan | Feb | Mar | Apr | May | Jun | Jul | Aug | Sep | Oct | Nov | Dec 
2019: Jan | Feb | Mar | Apr | May | Jun | Jul | Aug | Sep | Oct | Nov | Dec 
2018: Jan | Feb | Mar | Apr | May | Jun | Jul | Aug | Sep | Oct | Nov | Dec 
2017: Jan | Feb | Mar | Apr | May | Jun | Jul | Aug | Sep | Oct | Nov | Dec 
2016: Jan | Feb | Mar | Apr | May | Jun | Jul | Aug | Sep | Oct | Nov | Dec 
2015: Jan | Feb | Mar | Apr | May | Jun | Jul | Aug | Sep | Oct | Nov | Dec 
2014: Jan | Feb | Mar | Apr | May | Jun | Jul | Aug | Sep | Oct | Nov | Dec 
2013: Jan | Feb | Mar | Apr | May | Jun | Jul | Aug | Sep | Oct | Nov | Dec 
2012: Jan | Feb | Mar | Apr | May | Jun | Jul | Aug | Sep | Oct | Nov | Dec 
2011: Jan | Feb | Mar | Apr | May | Jun | Jul | Aug | Sep | Oct | Nov | Dec 
2010: Jan | Feb | Mar | Apr | May | Jun | Jul | Aug | Sep | Oct | Nov | Dec 
2009: Jan | Feb | Mar | Apr | May | Jun | Jul | Aug | Sep | Oct | Nov | Dec 
2008: Jan | Feb | Mar | Apr | May | Jun | Jul | Aug | Sep | Oct | Nov | Dec 
2007: Jan | Feb | Mar | Apr | May | Jun | Jul | Aug | Sep | Oct | Nov | Dec 
2006: Jan | Feb | Mar | Apr | May | Jun | Jul | Aug | Sep | Oct | Nov | Dec 
2005: Jan | Feb | Mar | Apr | May | Jun | Jul | Aug | Sep | Oct | Nov | Dec 

Report for 2008 05
MONTHLY CLIMATOLOGICAL SUMMARY for May 2008 NAME: Cabrera de Mar, Barcelona ELEV: 9 meters LAT: 41-33.89 N LONG: 002-24.07 E TEMPERATURE (C), RAIN (cm), WIND SPEED (km/h) HEAT COOL AVG MEAN DEG DEG WIND DOM DAY TEMP HIGH TIME LOW TIME DAYS DAYS RAIN SPEED HIGH TIME DIR --------------------------------------------------------------------------------------- 01 14.9 18.5 14:20 9.9 06:40 3.4 0.0 0.00 4.0 19.3 18:50 175 02 15.3 18.3 17:30 10.7 05:40 3.1 0.0 0.00 3.6 16.1 09:00 154 03 17.0 21.2 12:30 11.9 06:20 1.3 0.0 0.00 3.9 22.5 12:50 177 04 17.6 21.0 17:30 12.8 06:50 0.7 0.0 0.00 5.7 25.7 11:20 184 05 17.4 20.4 13:00 14.2 05:00 0.9 0.0 0.00 3.2 17.7 11:30 144 06 18.0 20.7 16:40 16.1 07:10 0.3 0.0 0.00 5.4 22.5 04:00 63 07 17.7 21.3 13:40 14.2 06:20 0.6 0.0 0.00 7.5 32.2 15:10 61 08 17.5 21.6 12:20 12.8 06:50 0.8 0.0 0.00 6.4 25.7 19:30 46 09 15.4 18.1 00:10 13.5 20:50 2.9 0.0 1.58 13.5 49.9 16:40 15 10 15.0 17.1 12:40 13.3 20:40 3.3 0.0 4.52 19.1 53.1 08:40 26 11 16.4 19.2 11:50 14.0 00:10 2.0 0.0 0.12 10.2 45.1 12:20 51 12 17.0 20.9 15:20 14.7 07:10 1.3 0.0 0.04 10.6 40.2 08:00 14 13 17.2 19.6 15:50 14.7 07:10 1.1 0.0 0.00 7.2 25.7 00:40 202 14 17.0 18.9 17:50 13.7 05:40 1.3 0.0 0.00 6.4 25.7 10:50 192 15 17.8 20.2 15:00 16.1 03:30 0.5 0.0 0.02 5.9 20.9 13:40 187 16 17.4 19.8 14:50 15.7 03:40 0.9 0.0 0.02 3.7 20.9 04:10 129 17 16.7 19.3 15:30 14.0 03:50 1.6 0.0 0.10 3.2 22.5 12:00 130 18 17.6 20.7 14:20 14.2 06:20 0.7 0.0 0.00 6.1 25.7 15:30 189 19 17.4 20.6 16:00 14.1 04:10 0.9 0.0 0.00 9.9 48.3 23:40 252 20 18.3 21.6 17:30 15.8 05:50 0.0 0.0 0.00 9.9 46.7 00:10 290 21 18.7 23.1 13:50 15.6 06:00 0.0 0.4 0.00 4.7 22.5 11:40 61 22 17.7 21.0 15:30 15.1 03:20 0.6 0.0 0.14 3.3 20.9 14:50 52 23 18.0 20.8 13:00 14.5 04:40 0.3 0.0 0.00 3.8 17.7 12:30 187 24 18.8 20.6 12:20 17.3 03:40 0.0 0.5 0.14 4.3 24.1 23:30 180 25 17.8 19.9 00:10 14.8 00:00 0.6 0.0 0.62 8.4 43.5 07:10 108 26 18.8 25.3 15:00 13.3 06:30 0.0 0.5 0.02 6.7 40.2 13:50 254 27 17.8 21.3 14:20 15.5 05:10 0.5 0.0 0.44 8.3 30.6 19:40 231 28 17.5 20.2 15:30 14.2 06:40 0.8 0.0 0.00 3.7 17.7 00:10 77 29 18.6 21.6 17:10 13.8 06:50 0.0 0.3 0.00 8.3 33.8 19:20 208 30 19.1 21.6 11:10 15.3 05:30 0.0 0.8 0.00 4.4 17.7 07:20 147 31 18.5 20.2 14:20 16.8 04:10 0.0 0.1 0.00 4.0 22.5 12:30 65 --------------------------------------------------------------------------------------- 17.4 25.3 26 9.9 01 30.7 2.5 7.76 6.7 53.1 10 87