NOAA-Style Climate Reports

NOAA style reports
2022: Jan | Feb | Mar | Apr | May | Jun | Jul | Aug | Sep | Oct | Nov | Dec 
2021: Jan | Feb | Mar | Apr | May | Jun | Jul | Aug | Sep | Oct | Nov | Dec 
2020: Jan | Feb | Mar | Apr | May | Jun | Jul | Aug | Sep | Oct | Nov | Dec 
2019: Jan | Feb | Mar | Apr | May | Jun | Jul | Aug | Sep | Oct | Nov | Dec 
2018: Jan | Feb | Mar | Apr | May | Jun | Jul | Aug | Sep | Oct | Nov | Dec 
2017: Jan | Feb | Mar | Apr | May | Jun | Jul | Aug | Sep | Oct | Nov | Dec 
2016: Jan | Feb | Mar | Apr | May | Jun | Jul | Aug | Sep | Oct | Nov | Dec 
2015: Jan | Feb | Mar | Apr | May | Jun | Jul | Aug | Sep | Oct | Nov | Dec 
2014: Jan | Feb | Mar | Apr | May | Jun | Jul | Aug | Sep | Oct | Nov | Dec 
2013: Jan | Feb | Mar | Apr | May | Jun | Jul | Aug | Sep | Oct | Nov | Dec 
2012: Jan | Feb | Mar | Apr | May | Jun | Jul | Aug | Sep | Oct | Nov | Dec 
2011: Jan | Feb | Mar | Apr | May | Jun | Jul | Aug | Sep | Oct | Nov | Dec 
2010: Jan | Feb | Mar | Apr | May | Jun | Jul | Aug | Sep | Oct | Nov | Dec 
2009: Jan | Feb | Mar | Apr | May | Jun | Jul | Aug | Sep | Oct | Nov | Dec 
2008: Jan | Feb | Mar | Apr | May | Jun | Jul | Aug | Sep | Oct | Nov | Dec 
2007: Jan | Feb | Mar | Apr | May | Jun | Jul | Aug | Sep | Oct | Nov | Dec 
2006: Jan | Feb | Mar | Apr | May | Jun | Jul | Aug | Sep | Oct | Nov | Dec 
2005: Jan | Feb | Mar | Apr | May | Jun | Jul | Aug | Sep | Oct | Nov | Dec 

Report for 2008 04
MONTHLY CLIMATOLOGICAL SUMMARY for Apr 2008 NAME: Cabrera de Mar, Barcelona ELEV: 9 meters LAT: 41-33.89 N LONG: 002-24.07 E TEMPERATURE (C), RAIN (cm), WIND SPEED (km/h) HEAT COOL AVG MEAN DEG DEG WIND DOM DAY TEMP HIGH TIME LOW TIME DAYS DAYS RAIN SPEED HIGH TIME DIR --------------------------------------------------------------------------------------- 01 12.6 18.3 16:20 6.8 07:00 5.7 0.0 0.00 5.3 29.0 17:50 219 02 13.7 16.4 16:20 8.8 07:20 4.6 0.0 0.00 3.4 19.3 00:10 178 03 14.6 19.1 17:10 10.4 07:40 3.7 0.0 0.00 4.2 24.1 17:50 164 04 13.1 16.7 15:50 9.9 07:30 5.3 0.0 0.00 3.7 20.9 14:20 92 05 13.9 17.3 13:00 9.2 07:50 4.4 0.0 0.00 10.1 43.5 17:50 214 06 13.7 16.7 17:30 9.9 06:00 4.6 0.0 0.00 5.0 32.2 20:20 91 07 11.8 12.7 13:10 10.6 03:50 6.6 0.0 0.00 4.9 24.1 08:50 69 08 15.6 24.1 14:50 10.3 03:10 2.8 0.0 0.00 10.7 51.5 14:00 223 09 16.6 22.6 17:00 11.8 04:10 1.8 0.0 0.08 10.7 49.9 16:10 219 10 17.7 20.7 10:10 14.8 00:00 0.6 0.0 0.00 11.9 43.5 04:30 222 11 13.7 16.7 10:50 9.3 23:40 4.7 0.0 0.20 8.6 41.8 16:10 79 12 13.0 17.1 12:40 9.4 00:10 5.4 0.0 0.08 12.4 37.0 19:20 237 13 13.5 17.3 17:10 8.9 06:30 4.8 0.0 0.00 8.0 41.8 18:20 202 14 14.1 16.7 13:00 11.8 22:00 4.2 0.0 0.00 10.3 43.5 15:00 195 15 13.1 15.7 14:10 10.4 08:00 5.2 0.0 0.00 4.7 19.3 12:10 131 16 13.4 16.6 14:10 10.1 07:00 4.9 0.0 0.00 7.5 33.8 17:00 192 17 12.9 15.3 19:10 9.9 23:30 5.5 0.0 1.30 5.2 35.4 18:10 236 18 13.9 17.9 17:50 9.4 06:10 4.5 0.0 0.08 9.5 54.7 16:00 236 19 15.2 18.1 13:50 11.4 07:20 3.1 0.0 0.00 11.2 40.2 16:30 205 20 14.5 16.8 11:10 12.7 06:00 3.8 0.0 0.08 8.3 53.1 16:30 210 21 14.7 22.0 16:50 9.2 07:40 3.6 0.0 0.00 7.6 40.2 17:00 229 22 13.8 17.3 17:00 9.2 07:20 4.6 0.0 0.00 4.7 29.0 19:00 83 23 14.6 18.2 14:00 9.9 06:40 3.7 0.0 0.18 3.8 24.1 21:20 168 24 15.8 19.4 13:40 11.8 05:40 2.5 0.0 0.02 4.4 22.5 16:40 181 25 16.5 20.3 14:00 12.0 06:20 1.8 0.0 0.00 7.3 35.4 16:20 207 26 16.3 20.2 14:20 11.8 07:10 2.0 0.0 0.00 4.1 20.9 17:40 84 27 15.9 19.6 14:00 11.2 06:10 2.5 0.0 0.00 3.9 16.1 09:10 107 28 16.1 18.9 12:30 14.2 00:00 2.3 0.0 0.10 8.7 32.2 13:30 205 29 15.4 17.7 11:20 13.0 06:00 2.9 0.0 0.02 12.8 43.5 14:30 210 30 15.7 18.9 11:20 12.9 23:50 2.7 0.0 0.00 7.1 38.6 11:50 76 --------------------------------------------------------------------------------------- 14.5 24.1 08 6.8 01 114.8 0.0 2.14 7.4 54.7 18 201