NOAA-Style Climate Reports

NOAA style reports
2022: Jan | Feb | Mar | Apr | May | Jun | Jul | Aug | Sep | Oct | Nov | Dec 
2021: Jan | Feb | Mar | Apr | May | Jun | Jul | Aug | Sep | Oct | Nov | Dec 
2020: Jan | Feb | Mar | Apr | May | Jun | Jul | Aug | Sep | Oct | Nov | Dec 
2019: Jan | Feb | Mar | Apr | May | Jun | Jul | Aug | Sep | Oct | Nov | Dec 
2018: Jan | Feb | Mar | Apr | May | Jun | Jul | Aug | Sep | Oct | Nov | Dec 
2017: Jan | Feb | Mar | Apr | May | Jun | Jul | Aug | Sep | Oct | Nov | Dec 
2016: Jan | Feb | Mar | Apr | May | Jun | Jul | Aug | Sep | Oct | Nov | Dec 
2015: Jan | Feb | Mar | Apr | May | Jun | Jul | Aug | Sep | Oct | Nov | Dec 
2014: Jan | Feb | Mar | Apr | May | Jun | Jul | Aug | Sep | Oct | Nov | Dec 
2013: Jan | Feb | Mar | Apr | May | Jun | Jul | Aug | Sep | Oct | Nov | Dec 
2012: Jan | Feb | Mar | Apr | May | Jun | Jul | Aug | Sep | Oct | Nov | Dec 
2011: Jan | Feb | Mar | Apr | May | Jun | Jul | Aug | Sep | Oct | Nov | Dec 
2010: Jan | Feb | Mar | Apr | May | Jun | Jul | Aug | Sep | Oct | Nov | Dec 
2009: Jan | Feb | Mar | Apr | May | Jun | Jul | Aug | Sep | Oct | Nov | Dec 
2008: Jan | Feb | Mar | Apr | May | Jun | Jul | Aug | Sep | Oct | Nov | Dec 
2007: Jan | Feb | Mar | Apr | May | Jun | Jul | Aug | Sep | Oct | Nov | Dec 
2006: Jan | Feb | Mar | Apr | May | Jun | Jul | Aug | Sep | Oct | Nov | Dec 
2005: Jan | Feb | Mar | Apr | May | Jun | Jul | Aug | Sep | Oct | Nov | Dec 

Report for 2008 03
MONTHLY CLIMATOLOGICAL SUMMARY for Mar 2008 NAME: Cabrera de Mar, Barcelona ELEV: 9 meters LAT: 41-33.89 N LONG: 002-24.07 E TEMPERATURE (C), RAIN (cm), WIND SPEED (km/h) HEAT COOL AVG MEAN DEG DEG WIND DOM DAY TEMP HIGH TIME LOW TIME DAYS DAYS RAIN SPEED HIGH TIME DIR --------------------------------------------------------------------------------------- 01 13.4 16.7 13:40 10.4 05:30 4.9 0.0 0.00 2.5 17.7 12:50 64 02 13.9 18.6 13:40 9.3 07:10 4.4 0.0 0.00 6.8 37.0 17:50 210 03 13.5 17.0 13:20 9.2 05:10 4.9 0.0 0.00 3.7 19.3 09:00 47 04 12.8 18.2 13:30 7.4 23:30 5.5 0.0 0.00 14.8 64.4 14:00 282 05 9.6 14.4 15:40 5.7 06:10 8.8 0.0 0.00 18.4 57.9 04:50 310 06 8.0 13.5 12:20 1.8 05:40 10.4 0.0 0.00 7.5 35.4 13:10 231 07 9.9 13.2 15:10 7.3 07:00 8.4 0.0 0.00 5.2 27.4 15:40 225 08 11.8 14.8 12:30 8.5 05:20 6.6 0.0 0.00 7.8 30.6 08:00 177 09 12.1 15.5 15:30 9.4 00:00 6.2 0.0 0.44 6.2 30.6 21:30 190 10 11.6 16.1 15:40 8.2 07:10 6.7 0.0 0.06 12.1 51.5 16:20 245 11 13.9 19.6 14:20 7.9 03:50 4.4 0.0 0.00 7.2 38.6 17:30 247 12 14.1 17.8 12:30 11.4 04:00 4.3 0.0 0.00 3.7 20.9 17:10 34 13 13.5 16.3 15:40 10.7 01:50 4.8 0.0 0.00 4.4 19.3 20:10 197 14 13.0 16.2 15:10 9.5 07:20 5.3 0.0 0.00 8.6 37.0 14:40 210 15 13.3 16.7 14:40 9.6 06:50 5.0 0.0 0.02 6.6 30.6 12:50 210 16 13.9 18.9 18:30 9.7 06:40 4.4 0.0 0.00 8.1 41.8 14:00 202 17 13.5 16.7 11:50 10.6 00:00 4.8 0.0 0.00 5.4 22.5 02:30 22 18 12.2 16.1 10:40 7.9 06:40 6.2 0.0 0.00 4.3 25.7 11:30 118 19 11.9 14.5 14:00 9.8 23:00 6.4 0.0 0.10 4.5 20.9 05:50 80 20 10.5 14.3 15:00 6.6 07:30 7.9 0.0 0.02 5.9 32.2 17:20 210 21 11.9 16.8 14:50 6.9 07:20 6.5 0.0 0.00 11.0 40.2 13:40 234 22 10.7 15.3 11:00 5.8 23:50 7.6 0.0 0.66 11.0 46.7 16:50 86 23 8.2 12.2 15:20 5.2 01:50 10.1 0.0 0.06 6.9 37.0 15:50 12 24 10.3 16.1 12:40 6.4 00:30 8.1 0.0 0.00 17.6 64.4 05:00 297 25 12.3 16.6 13:20 7.6 02:50 6.1 0.0 0.00 5.3 20.9 06:00 75 26 13.0 19.8 14:30 9.2 04:10 5.3 0.0 0.16 8.8 46.7 17:00 230 27 11.3 16.3 16:00 6.7 04:30 7.1 0.0 0.00 7.3 38.6 15:50 255 28 11.7 14.7 13:20 8.3 04:10 6.7 0.0 0.00 4.3 24.1 15:50 204 29 12.5 14.4 16:10 10.2 04:40 5.8 0.0 0.00 4.9 29.0 18:50 209 30 13.8 16.7 14:40 10.7 03:50 4.6 0.0 0.02 4.3 20.9 12:00 176 31 11.7 15.5 14:50 9.0 07:20 6.6 0.0 1.56 4.4 38.6 00:20 108 --------------------------------------------------------------------------------------- 12.0 19.8 26 1.8 06 194.8 0.0 3.10 7.4 64.4 04 242