NOAA-Style Climate Reports

NOAA style reports
2022: Jan | Feb | Mar | Apr | May | Jun | Jul | Aug | Sep | Oct | Nov | Dec 
2021: Jan | Feb | Mar | Apr | May | Jun | Jul | Aug | Sep | Oct | Nov | Dec 
2020: Jan | Feb | Mar | Apr | May | Jun | Jul | Aug | Sep | Oct | Nov | Dec 
2019: Jan | Feb | Mar | Apr | May | Jun | Jul | Aug | Sep | Oct | Nov | Dec 
2018: Jan | Feb | Mar | Apr | May | Jun | Jul | Aug | Sep | Oct | Nov | Dec 
2017: Jan | Feb | Mar | Apr | May | Jun | Jul | Aug | Sep | Oct | Nov | Dec 
2016: Jan | Feb | Mar | Apr | May | Jun | Jul | Aug | Sep | Oct | Nov | Dec 
2015: Jan | Feb | Mar | Apr | May | Jun | Jul | Aug | Sep | Oct | Nov | Dec 
2014: Jan | Feb | Mar | Apr | May | Jun | Jul | Aug | Sep | Oct | Nov | Dec 
2013: Jan | Feb | Mar | Apr | May | Jun | Jul | Aug | Sep | Oct | Nov | Dec 
2012: Jan | Feb | Mar | Apr | May | Jun | Jul | Aug | Sep | Oct | Nov | Dec 
2011: Jan | Feb | Mar | Apr | May | Jun | Jul | Aug | Sep | Oct | Nov | Dec 
2010: Jan | Feb | Mar | Apr | May | Jun | Jul | Aug | Sep | Oct | Nov | Dec 
2009: Jan | Feb | Mar | Apr | May | Jun | Jul | Aug | Sep | Oct | Nov | Dec 
2008: Jan | Feb | Mar | Apr | May | Jun | Jul | Aug | Sep | Oct | Nov | Dec 
2007: Jan | Feb | Mar | Apr | May | Jun | Jul | Aug | Sep | Oct | Nov | Dec 
2006: Jan | Feb | Mar | Apr | May | Jun | Jul | Aug | Sep | Oct | Nov | Dec 
2005: Jan | Feb | Mar | Apr | May | Jun | Jul | Aug | Sep | Oct | Nov | Dec 

Report for 2008 02
MONTHLY CLIMATOLOGICAL SUMMARY for Feb 2008 NAME: Cabrera de Mar, Barcelona ELEV: 9 meters LAT: 41-33.89 N LONG: 002-24.07 E TEMPERATURE (C), RAIN (cm), WIND SPEED (km/h) HEAT COOL AVG MEAN DEG DEG WIND DOM DAY TEMP HIGH TIME LOW TIME DAYS DAYS RAIN SPEED HIGH TIME DIR --------------------------------------------------------------------------------------- 01 10.3 13.8 13:40 6.2 02:30 8.1 0.0 0.00 6.8 32.2 16:30 232 02 10.4 12.8 10:30 5.9 08:10 7.9 0.0 0.00 5.7 30.6 01:20 256 03 10.8 13.5 13:40 8.3 04:40 7.5 0.0 0.72 8.9 49.9 23:50 204 04 12.7 17.5 14:20 8.7 00:00 5.6 0.0 0.30 14.7 54.7 02:50 235 05 10.9 17.5 14:40 5.9 08:00 7.4 0.0 0.00 5.0 25.7 12:40 242 06 11.3 15.9 16:40 6.6 07:40 7.1 0.0 0.00 3.5 19.3 00:40 209 07 11.3 16.1 11:50 6.8 04:40 7.1 0.0 0.00 3.5 19.3 14:40 218 08 10.8 15.5 15:10 6.6 07:30 7.5 0.0 0.00 3.7 17.7 16:10 21 09 10.5 14.3 14:10 7.3 23:50 7.9 0.0 0.00 2.2 11.3 11:50 161 10 9.0 13.4 13:30 4.4 07:20 9.3 0.0 0.02 2.2 11.3 14:00 173 11 10.2 14.4 14:20 6.4 03:30 8.1 0.0 0.00 5.8 29.0 17:20 34 12 10.5 13.7 13:00 8.4 03:20 7.8 0.0 0.00 12.5 38.6 11:00 13 13 10.5 14.3 13:20 6.2 04:20 7.8 0.0 0.00 9.6 30.6 16:00 30 14 11.2 14.7 14:40 9.3 08:40 7.1 0.0 0.34 9.9 30.6 11:00 20 15 11.2 14.7 13:10 8.8 21:40 7.1 0.0 0.00 5.8 19.3 07:30 24 16 9.8 13.7 15:10 6.0 07:10 8.6 0.0 0.00 2.9 20.9 10:40 68 17 11.6 15.6 15:10 8.7 04:40 6.8 0.0 0.00 6.4 22.5 15:00 56 18 11.7 13.2 11:50 9.7 02:00 6.6 0.0 0.38 6.6 24.1 06:30 111 19 12.5 14.0 15:30 11.6 21:10 5.8 0.0 0.14 5.4 20.9 18:30 73 20 13.1 16.2 13:00 11.3 00:00 5.2 0.0 0.08 7.1 25.7 09:10 40 21 11.9 14.7 13:50 8.2 06:40 6.5 0.0 0.00 4.1 20.9 16:00 197 22 12.7 16.8 12:20 8.8 07:30 5.7 0.0 0.00 1.9 9.7 14:30 144 23 12.1 16.1 12:10 8.7 07:10 6.2 0.0 0.02 3.1 16.1 20:20 174 24 12.5 15.2 11:00 9.8 05:10 5.8 0.0 0.00 3.9 20.9 20:30 20 25 13.9 15.8 14:20 12.7 05:40 4.5 0.0 0.04 2.4 11.3 01:10 40 26 14.1 17.3 13:20 11.6 06:30 4.3 0.0 0.00 5.6 30.6 18:00 202 27 12.2 13.7 14:00 10.6 03:50 6.1 0.0 0.02 1.9 14.5 19:40 165 28 12.6 14.8 13:40 10.2 08:30 5.7 0.0 0.00 2.2 14.5 16:20 174 29 14.5 18.3 14:50 11.7 08:10 3.8 0.0 0.00 3.8 24.1 13:40 191 --------------------------------------------------------------------------------------- 11.6 18.3 29 4.4 10 194.9 0.0 2.06 5.4 54.7 04 56