NOAA-Style Climate Reports

NOAA style reports
2022: Jan | Feb | Mar | Apr | May | Jun | Jul | Aug | Sep | Oct | Nov | Dec 
2021: Jan | Feb | Mar | Apr | May | Jun | Jul | Aug | Sep | Oct | Nov | Dec 
2020: Jan | Feb | Mar | Apr | May | Jun | Jul | Aug | Sep | Oct | Nov | Dec 
2019: Jan | Feb | Mar | Apr | May | Jun | Jul | Aug | Sep | Oct | Nov | Dec 
2018: Jan | Feb | Mar | Apr | May | Jun | Jul | Aug | Sep | Oct | Nov | Dec 
2017: Jan | Feb | Mar | Apr | May | Jun | Jul | Aug | Sep | Oct | Nov | Dec 
2016: Jan | Feb | Mar | Apr | May | Jun | Jul | Aug | Sep | Oct | Nov | Dec 
2015: Jan | Feb | Mar | Apr | May | Jun | Jul | Aug | Sep | Oct | Nov | Dec 
2014: Jan | Feb | Mar | Apr | May | Jun | Jul | Aug | Sep | Oct | Nov | Dec 
2013: Jan | Feb | Mar | Apr | May | Jun | Jul | Aug | Sep | Oct | Nov | Dec 
2012: Jan | Feb | Mar | Apr | May | Jun | Jul | Aug | Sep | Oct | Nov | Dec 
2011: Jan | Feb | Mar | Apr | May | Jun | Jul | Aug | Sep | Oct | Nov | Dec 
2010: Jan | Feb | Mar | Apr | May | Jun | Jul | Aug | Sep | Oct | Nov | Dec 
2009: Jan | Feb | Mar | Apr | May | Jun | Jul | Aug | Sep | Oct | Nov | Dec 
2008: Jan | Feb | Mar | Apr | May | Jun | Jul | Aug | Sep | Oct | Nov | Dec 
2007: Jan | Feb | Mar | Apr | May | Jun | Jul | Aug | Sep | Oct | Nov | Dec 
2006: Jan | Feb | Mar | Apr | May | Jun | Jul | Aug | Sep | Oct | Nov | Dec 
2005: Jan | Feb | Mar | Apr | May | Jun | Jul | Aug | Sep | Oct | Nov | Dec 

Report for 2007 12
MONTHLY CLIMATOLOGICAL SUMMARY for Dec 2007 NAME: Cabrera de Mar, Barcelona ELEV: 9 meters LAT: 41-33.89 N LONG: 002-24.07 E TEMPERATURE (C), RAIN (cm), WIND SPEED (km/h) HEAT COOL AVG MEAN DEG DEG WIND DOM DAY TEMP HIGH TIME LOW TIME DAYS DAYS RAIN SPEED HIGH TIME DIR --------------------------------------------------------------------------------------- 01 11.1 16.2 14:40 6.7 03:10 7.3 0.0 0.00 3.1 22.5 06:40 280 02 12.3 16.2 13:00 7.4 07:50 6.0 0.0 0.00 6.1 30.6 14:00 224 03 13.2 19.8 14:00 10.7 07:40 5.1 0.0 0.00 5.9 35.4 00:50 248 04 12.9 17.3 13:40 10.3 07:30 5.4 0.0 0.00 5.6 30.6 14:10 262 05 12.9 18.6 12:40 8.7 06:50 5.5 0.0 0.00 4.8 30.6 13:10 238 06 12.2 15.8 14:10 8.9 04:30 6.2 0.0 0.00 3.2 20.9 07:20 241 07 12.3 16.4 11:20 9.5 08:30 6.1 0.0 0.00 5.6 25.7 11:50 281 08 11.7 15.5 13:20 7.0 08:20 6.6 0.0 0.00 3.8 20.9 02:10 346 09 16.3 21.4 13:20 11.3 02:20 2.0 0.0 0.00 19.1 67.6 13:40 278 10 13.4 17.9 14:10 8.6 23:30 5.0 0.0 0.00 12.8 57.9 04:20 282 11 11.4 17.8 14:10 5.7 07:10 6.9 0.0 0.00 12.6 43.5 09:50 291 12 8.5 13.2 14:50 4.7 23:00 9.8 0.0 0.00 4.7 24.1 03:30 243 13 6.9 12.3 13:10 2.6 07:40 11.4 0.0 0.00 3.4 16.1 13:20 259 14 7.2 13.7 15:20 2.1 08:10 11.1 0.0 0.00 4.4 24.1 14:40 248 15 7.5 12.5 13:40 3.5 06:00 10.9 0.0 0.06 10.9 48.3 18:40 12 16 7.7 12.0 13:30 4.3 23:20 10.7 0.0 0.00 10.3 48.3 01:30 8 17 6.8 10.6 13:10 2.9 02:10 11.5 0.0 0.02 6.7 32.2 23:00 18 18 9.2 12.7 12:20 6.6 00:00 9.2 0.0 0.02 9.7 38.6 11:00 20 19 9.3 13.7 12:30 5.8 02:50 9.0 0.0 0.00 6.1 27.4 17:10 11 20 11.1 12.9 12:40 9.0 04:30 7.2 0.0 0.02 12.9 32.2 17:00 17 21 12.3 13.2 14:00 10.9 21:40 6.0 0.0 0.24 13.9 38.6 05:50 30 22 12.3 14.7 12:50 10.9 05:10 6.0 0.0 0.30 12.4 40.2 22:00 12 23 12.7 15.3 13:20 10.4 00:00 5.6 0.0 0.02 13.5 43.5 05:30 18 24 9.8 14.1 16:00 5.8 08:40 8.6 0.0 0.00 2.1 9.7 03:40 213 25 9.7 16.1 15:10 4.6 07:40 8.6 0.0 0.00 4.6 30.6 14:00 226 26 10.0 16.3 14:00 6.4 01:00 8.3 0.0 0.00 4.3 29.0 14:10 260 27 9.0 13.7 14:00 5.2 06:40 9.3 0.0 0.00 4.1 17.7 03:00 242 28 7.8 12.9 12:30 3.8 08:10 10.5 0.0 0.00 2.4 20.9 21:50 14 29 7.7 12.9 14:00 4.0 06:10 10.6 0.0 0.00 3.3 17.7 14:30 216 30 9.1 14.6 13:30 4.3 05:20 9.2 0.0 0.00 2.8 19.3 14:30 252 31 8.0 14.5 14:40 3.3 07:30 10.3 0.0 0.00 3.7 22.5 15:40 232 --------------------------------------------------------------------------------------- 10.4 21.4 09 2.1 14 246.0 0.0 0.68 7.1 67.6 09 328