NOAA-Style Climate Reports

NOAA style reports
2022: Jan | Feb | Mar | Apr | May | Jun | Jul | Aug | Sep | Oct | Nov | Dec 
2021: Jan | Feb | Mar | Apr | May | Jun | Jul | Aug | Sep | Oct | Nov | Dec 
2020: Jan | Feb | Mar | Apr | May | Jun | Jul | Aug | Sep | Oct | Nov | Dec 
2019: Jan | Feb | Mar | Apr | May | Jun | Jul | Aug | Sep | Oct | Nov | Dec 
2018: Jan | Feb | Mar | Apr | May | Jun | Jul | Aug | Sep | Oct | Nov | Dec 
2017: Jan | Feb | Mar | Apr | May | Jun | Jul | Aug | Sep | Oct | Nov | Dec 
2016: Jan | Feb | Mar | Apr | May | Jun | Jul | Aug | Sep | Oct | Nov | Dec 
2015: Jan | Feb | Mar | Apr | May | Jun | Jul | Aug | Sep | Oct | Nov | Dec 
2014: Jan | Feb | Mar | Apr | May | Jun | Jul | Aug | Sep | Oct | Nov | Dec 
2013: Jan | Feb | Mar | Apr | May | Jun | Jul | Aug | Sep | Oct | Nov | Dec 
2012: Jan | Feb | Mar | Apr | May | Jun | Jul | Aug | Sep | Oct | Nov | Dec 
2011: Jan | Feb | Mar | Apr | May | Jun | Jul | Aug | Sep | Oct | Nov | Dec 
2010: Jan | Feb | Mar | Apr | May | Jun | Jul | Aug | Sep | Oct | Nov | Dec 
2009: Jan | Feb | Mar | Apr | May | Jun | Jul | Aug | Sep | Oct | Nov | Dec 
2008: Jan | Feb | Mar | Apr | May | Jun | Jul | Aug | Sep | Oct | Nov | Dec 
2007: Jan | Feb | Mar | Apr | May | Jun | Jul | Aug | Sep | Oct | Nov | Dec 
2006: Jan | Feb | Mar | Apr | May | Jun | Jul | Aug | Sep | Oct | Nov | Dec 
2005: Jan | Feb | Mar | Apr | May | Jun | Jul | Aug | Sep | Oct | Nov | Dec 

Report for 2007 11
MONTHLY CLIMATOLOGICAL SUMMARY for Nov 2007 NAME: Cabrera de Mar, Barcelona ELEV: 9 meters LAT: 41-33.89 N LONG: 002-24.07 E TEMPERATURE (C), RAIN (cm), WIND SPEED (km/h) HEAT COOL AVG MEAN DEG DEG WIND DOM DAY TEMP HIGH TIME LOW TIME DAYS DAYS RAIN SPEED HIGH TIME DIR --------------------------------------------------------------------------------------- 01 14.9 21.9 13:50 10.4 07:40 3.5 0.0 0.00 3.6 27.4 15:30 181 02 13.6 18.2 14:00 9.7 07:40 4.8 0.0 0.00 2.6 14.5 06:00 171 03 13.5 18.2 14:20 9.7 07:20 4.8 0.0 0.00 2.3 14.5 12:20 91 04 14.1 18.8 13:50 9.6 04:40 4.2 0.0 0.00 5.8 30.6 16:00 218 05 15.0 18.2 13:30 11.6 07:00 3.4 0.0 0.00 4.0 24.1 13:40 187 06 15.0 18.2 14:40 11.6 07:10 3.3 0.0 0.00 3.5 17.7 15:30 93 07 13.6 20.9 14:30 8.2 07:20 4.7 0.0 0.00 4.5 29.0 13:30 222 08 12.7 17.8 13:30 7.7 07:30 5.7 0.0 0.00 2.2 11.3 22:30 244 09 13.9 19.1 15:10 11.3 21:40 4.5 0.0 0.00 6.4 33.8 11:00 281 10 12.9 17.9 13:10 8.8 05:40 5.4 0.0 0.00 5.5 25.7 11:20 241 11 12.7 17.3 12:50 8.2 07:40 5.6 0.0 0.00 4.9 27.4 13:30 222 12 13.0 15.8 14:30 10.1 03:10 5.3 0.0 0.00 2.5 14.5 00:40 115 13 13.3 16.1 15:20 10.9 21:00 5.0 0.0 0.00 3.0 22.5 23:10 231 14 12.0 16.1 14:40 8.8 02:10 6.3 0.0 0.00 6.3 32.2 07:20 290 15 9.5 13.9 13:30 4.0 23:50 8.8 0.0 0.00 6.2 57.9 18:40 325 16 6.7 12.2 14:40 1.3 05:30 11.6 0.0 0.00 4.6 22.5 13:40 233 17 6.6 12.8 14:30 2.0 07:20 11.7 0.0 0.00 4.0 24.1 13:50 221 18 8.4 15.6 14:00 2.3 07:30 9.9 0.0 0.00 5.0 25.7 14:40 250 19 10.7 15.8 11:50 4.4 07:30 7.6 0.0 0.00 3.0 14.5 01:30 250 20 15.7 19.4 12:30 12.3 00:10 2.6 0.0 0.04 1.9 14.5 22:10 355 21 16.5 19.1 15:00 14.1 23:40 1.8 0.0 0.02 1.7 9.7 12:10 214 22 14.7 17.6 13:20 12.3 05:40 3.7 0.0 0.00 2.4 20.9 19:10 262 23 14.0 16.3 11:50 12.4 00:00 4.3 0.0 0.00 2.5 17.7 05:00 35 24 12.6 16.7 12:20 9.2 00:00 5.7 0.0 0.00 2.8 19.3 07:20 309 25 10.7 16.4 15:10 6.8 06:50 7.7 0.0 0.00 3.3 24.1 12:20 302 26 11.0 17.2 13:30 5.6 07:10 7.3 0.0 0.00 4.6 32.2 12:20 230 27 10.8 17.0 13:40 6.4 04:40 7.5 0.0 0.00 3.4 22.5 13:40 227 28 11.2 15.2 14:20 6.6 08:00 7.2 0.0 0.00 5.4 32.2 15:00 19 29 11.0 16.4 13:30 6.8 07:00 7.3 0.0 0.00 6.0 27.4 15:40 282 30 11.4 17.4 11:50 6.1 07:30 6.9 0.0 0.00 5.3 29.0 13:50 229 --------------------------------------------------------------------------------------- 12.4 21.9 01 1.3 16 178.1 0.0 0.06 4.0 57.9 15 249