NOAA-Style Climate Reports

NOAA style reports
2022: Jan | Feb | Mar | Apr | May | Jun | Jul | Aug | Sep | Oct | Nov | Dec 
2021: Jan | Feb | Mar | Apr | May | Jun | Jul | Aug | Sep | Oct | Nov | Dec 
2020: Jan | Feb | Mar | Apr | May | Jun | Jul | Aug | Sep | Oct | Nov | Dec 
2019: Jan | Feb | Mar | Apr | May | Jun | Jul | Aug | Sep | Oct | Nov | Dec 
2018: Jan | Feb | Mar | Apr | May | Jun | Jul | Aug | Sep | Oct | Nov | Dec 
2017: Jan | Feb | Mar | Apr | May | Jun | Jul | Aug | Sep | Oct | Nov | Dec 
2016: Jan | Feb | Mar | Apr | May | Jun | Jul | Aug | Sep | Oct | Nov | Dec 
2015: Jan | Feb | Mar | Apr | May | Jun | Jul | Aug | Sep | Oct | Nov | Dec 
2014: Jan | Feb | Mar | Apr | May | Jun | Jul | Aug | Sep | Oct | Nov | Dec 
2013: Jan | Feb | Mar | Apr | May | Jun | Jul | Aug | Sep | Oct | Nov | Dec 
2012: Jan | Feb | Mar | Apr | May | Jun | Jul | Aug | Sep | Oct | Nov | Dec 
2011: Jan | Feb | Mar | Apr | May | Jun | Jul | Aug | Sep | Oct | Nov | Dec 
2010: Jan | Feb | Mar | Apr | May | Jun | Jul | Aug | Sep | Oct | Nov | Dec 
2009: Jan | Feb | Mar | Apr | May | Jun | Jul | Aug | Sep | Oct | Nov | Dec 
2008: Jan | Feb | Mar | Apr | May | Jun | Jul | Aug | Sep | Oct | Nov | Dec 
2007: Jan | Feb | Mar | Apr | May | Jun | Jul | Aug | Sep | Oct | Nov | Dec 
2006: Jan | Feb | Mar | Apr | May | Jun | Jul | Aug | Sep | Oct | Nov | Dec 
2005: Jan | Feb | Mar | Apr | May | Jun | Jul | Aug | Sep | Oct | Nov | Dec 

Report for 2007 07
MONTHLY CLIMATOLOGICAL SUMMARY for Jul 2007 NAME: Cabrera de Mar, Barcelona ELEV: 9 meters LAT: 41-33.89 N LONG: 002-24.07 E TEMPERATURE (C), RAIN (cm), WIND SPEED (km/h) HEAT COOL AVG MEAN DEG DEG WIND DOM DAY TEMP HIGH TIME LOW TIME DAYS DAYS RAIN SPEED HIGH TIME DIR --------------------------------------------------------------------------------------- 01 22.6 24.9 14:20 18.8 06:40 0.0 4.2 0.08 4.0 20.9 12:50 196 02 22.5 25.2 13:40 18.6 05:20 0.0 4.1 0.00 4.2 19.3 17:00 135 03 22.9 26.3 15:10 19.8 05:00 0.0 4.6 0.00 8.0 38.6 17:30 214 04 22.2 23.3 16:50 20.2 23:20 0.0 3.8 0.00 4.3 22.5 06:00 112 05 21.4 23.8 12:50 19.4 00:00 0.0 3.1 0.00 5.5 24.1 07:10 198 06 22.0 25.9 13:50 17.1 06:40 0.0 3.7 0.00 7.7 33.8 14:10 206 07 23.7 27.3 17:20 17.9 06:30 0.0 5.4 0.00 5.0 32.2 16:50 202 08 25.0 28.1 13:00 21.3 06:10 0.0 6.6 0.00 3.7 27.4 04:00 176 09 23.4 27.6 10:30 20.6 06:20 0.0 5.1 0.00 7.5 40.2 13:40 166 10 21.8 24.1 16:50 19.3 07:20 0.0 3.5 0.00 8.1 27.4 05:50 194 11 21.5 23.6 15:10 19.6 07:40 0.0 3.1 0.00 6.0 24.1 02:30 122 12 22.2 25.6 17:10 18.8 03:20 0.0 3.9 0.00 4.9 24.1 17:20 176 13 23.5 26.3 17:00 20.2 06:40 0.0 5.1 0.00 6.4 27.4 13:10 191 14 23.1 25.2 12:10 21.1 05:50 0.0 4.8 0.00 4.2 20.9 12:30 117 15 23.8 28.1 14:00 19.4 04:30 0.0 5.5 0.00 3.1 16.1 16:50 60 16 24.4 27.1 11:50 22.4 04:20 0.0 6.1 0.00 5.5 19.3 13:50 95 17 24.0 26.6 15:10 22.3 04:30 0.0 5.7 0.00 3.6 17.7 12:40 121 18 24.0 26.6 15:30 21.4 06:50 0.0 5.7 0.00 3.6 17.7 12:10 160 19 24.3 26.8 14:10 20.2 07:00 0.0 6.0 0.00 3.4 16.1 13:50 142 20 24.7 27.3 14:20 22.2 06:30 0.0 6.4 0.00 4.3 25.7 11:10 80 21 23.6 26.6 13:00 21.7 04:30 0.0 5.2 0.00 4.0 20.9 14:00 96 22 23.1 25.1 12:40 20.8 06:50 0.0 4.8 0.00 3.4 20.9 14:40 100 23 24.8 27.3 16:30 21.1 05:30 0.0 6.4 0.00 9.3 43.5 17:20 207 24 23.9 26.1 15:40 21.8 07:00 0.0 5.6 0.00 7.1 30.6 00:30 159 25 24.6 27.3 13:50 21.6 07:10 0.0 6.2 0.00 8.4 45.1 16:40 200 26 24.9 27.9 17:10 21.8 06:20 0.0 6.6 0.00 8.2 33.8 17:50 205 27 25.1 28.3 15:40 21.4 06:40 0.0 6.7 0.00 4.9 24.1 17:30 190 28 25.6 29.2 14:50 21.7 06:00 0.0 7.3 0.00 5.2 27.4 17:10 198 29 25.8 28.3 14:10 22.4 07:20 0.0 7.5 0.00 5.2 24.1 14:00 189 30 25.0 27.6 13:40 21.8 03:40 0.0 6.6 0.00 5.9 27.4 14:30 123 31 25.9 28.8 14:10 23.3 07:20 0.0 7.6 0.00 7.8 33.8 15:10 194 --------------------------------------------------------------------------------------- 23.7 29.2 28 17.1 06 0.0 166.9 0.08 5.6 45.1 25 173