NOAA-Style Climate Reports

NOAA style reports
2022: Jan | Feb | Mar | Apr | May | Jun | Jul | Aug | Sep | Oct | Nov | Dec 
2021: Jan | Feb | Mar | Apr | May | Jun | Jul | Aug | Sep | Oct | Nov | Dec 
2020: Jan | Feb | Mar | Apr | May | Jun | Jul | Aug | Sep | Oct | Nov | Dec 
2019: Jan | Feb | Mar | Apr | May | Jun | Jul | Aug | Sep | Oct | Nov | Dec 
2018: Jan | Feb | Mar | Apr | May | Jun | Jul | Aug | Sep | Oct | Nov | Dec 
2017: Jan | Feb | Mar | Apr | May | Jun | Jul | Aug | Sep | Oct | Nov | Dec 
2016: Jan | Feb | Mar | Apr | May | Jun | Jul | Aug | Sep | Oct | Nov | Dec 
2015: Jan | Feb | Mar | Apr | May | Jun | Jul | Aug | Sep | Oct | Nov | Dec 
2014: Jan | Feb | Mar | Apr | May | Jun | Jul | Aug | Sep | Oct | Nov | Dec 
2013: Jan | Feb | Mar | Apr | May | Jun | Jul | Aug | Sep | Oct | Nov | Dec 
2012: Jan | Feb | Mar | Apr | May | Jun | Jul | Aug | Sep | Oct | Nov | Dec 
2011: Jan | Feb | Mar | Apr | May | Jun | Jul | Aug | Sep | Oct | Nov | Dec 
2010: Jan | Feb | Mar | Apr | May | Jun | Jul | Aug | Sep | Oct | Nov | Dec 
2009: Jan | Feb | Mar | Apr | May | Jun | Jul | Aug | Sep | Oct | Nov | Dec 
2008: Jan | Feb | Mar | Apr | May | Jun | Jul | Aug | Sep | Oct | Nov | Dec 
2007: Jan | Feb | Mar | Apr | May | Jun | Jul | Aug | Sep | Oct | Nov | Dec 
2006: Jan | Feb | Mar | Apr | May | Jun | Jul | Aug | Sep | Oct | Nov | Dec 
2005: Jan | Feb | Mar | Apr | May | Jun | Jul | Aug | Sep | Oct | Nov | Dec 

Report for 2007 06
MONTHLY CLIMATOLOGICAL SUMMARY for Jun 2007 NAME: Cabrera de Mar, Barcelona ELEV: 9 meters LAT: 41-33.89 N LONG: 002-24.07 E TEMPERATURE (C), RAIN (cm), WIND SPEED (km/h) HEAT COOL AVG MEAN DEG DEG WIND DOM DAY TEMP HIGH TIME LOW TIME DAYS DAYS RAIN SPEED HIGH TIME DIR --------------------------------------------------------------------------------------- 01 18.5 21.6 15:10 14.6 05:50 0.0 0.1 0.00 8.3 40.2 15:00 177 02 18.9 22.5 14:30 14.9 03:50 0.0 0.5 0.00 7.1 29.0 12:20 215 03 19.6 22.3 14:30 17.2 00:10 0.0 1.3 0.00 5.4 24.1 03:20 213 04 20.9 23.3 15:20 18.8 06:40 0.0 2.6 0.00 4.8 29.0 01:30 219 05 20.7 23.1 15:00 18.2 06:10 0.0 2.3 0.00 3.8 24.1 17:30 179 06 20.8 24.1 12:20 17.2 05:50 0.0 2.4 0.00 3.9 22.5 13:30 174 07 21.0 24.2 13:50 17.7 05:50 0.0 2.6 0.00 4.7 24.1 14:20 187 08 21.4 24.6 14:20 17.3 06:30 0.0 3.1 0.00 5.8 30.6 14:40 201 09 22.4 25.2 15:30 18.7 06:20 0.0 4.0 0.00 9.1 37.0 13:40 219 10 22.0 24.9 14:40 18.1 06:10 0.0 3.6 0.00 6.6 37.0 14:10 210 11 21.7 24.6 10:40 17.9 05:30 0.0 3.3 0.00 4.3 25.7 15:30 180 12 22.4 27.1 14:50 18.2 05:50 0.0 4.1 0.00 6.2 25.7 18:40 203 13 22.3 25.3 15:00 18.2 06:20 0.0 4.0 0.00 6.8 29.0 11:40 209 14 22.6 25.4 15:20 19.9 06:20 0.0 4.3 0.00 7.8 30.6 16:10 212 15 24.6 31.6 17:20 20.6 01:30 0.0 6.2 0.00 12.6 59.5 06:30 252 16 21.1 22.8 09:40 18.7 04:40 0.0 2.8 0.00 4.0 20.9 19:20 141 17 22.3 24.4 14:30 20.3 01:00 0.0 4.0 0.00 9.2 29.0 05:10 220 18 23.4 27.2 10:40 19.6 03:30 0.0 5.1 0.04 2.8 24.1 22:10 17 19 23.5 26.2 12:10 20.2 03:50 0.0 5.2 0.00 4.6 24.1 11:50 81 20 22.8 25.4 15:50 20.1 03:30 0.0 4.4 0.00 6.7 24.1 12:50 192 21 22.3 24.2 15:30 20.1 06:10 0.0 3.9 0.00 3.5 17.7 08:30 146 22 22.0 24.9 12:40 19.5 07:00 0.0 3.7 0.00 3.3 19.3 13:30 111 23 21.1 28.8 10:10 17.4 05:30 0.0 2.8 0.00 5.4 24.1 13:10 168 24 21.8 25.1 17:20 17.6 06:00 0.0 3.5 0.00 5.6 24.1 18:00 194 25 23.0 26.1 12:40 19.7 06:30 0.0 4.7 0.00 5.8 29.0 13:20 182 26 21.5 23.9 11:50 19.1 04:10 0.0 3.2 0.00 9.5 43.5 13:50 189 27 20.1 21.2 15:50 17.9 09:00 0.0 1.8 0.46 7.5 29.0 02:40 130 28 20.7 23.6 18:20 17.4 04:50 0.0 2.4 0.00 4.5 24.1 18:50 163 29 22.9 25.7 15:00 19.9 06:30 0.0 4.6 0.00 8.3 37.0 17:20 206 30 22.9 25.5 14:10 19.9 04:40 0.0 4.6 0.00 6.6 25.7 17:10 196 --------------------------------------------------------------------------------------- 21.7 31.6 15 14.6 01 0.0 101.2 0.50 6.1 59.5 15 197