NOAA-Style Climate Reports

NOAA style reports
2022: Jan | Feb | Mar | Apr | May | Jun | Jul | Aug | Sep | Oct | Nov | Dec 
2021: Jan | Feb | Mar | Apr | May | Jun | Jul | Aug | Sep | Oct | Nov | Dec 
2020: Jan | Feb | Mar | Apr | May | Jun | Jul | Aug | Sep | Oct | Nov | Dec 
2019: Jan | Feb | Mar | Apr | May | Jun | Jul | Aug | Sep | Oct | Nov | Dec 
2018: Jan | Feb | Mar | Apr | May | Jun | Jul | Aug | Sep | Oct | Nov | Dec 
2017: Jan | Feb | Mar | Apr | May | Jun | Jul | Aug | Sep | Oct | Nov | Dec 
2016: Jan | Feb | Mar | Apr | May | Jun | Jul | Aug | Sep | Oct | Nov | Dec 
2015: Jan | Feb | Mar | Apr | May | Jun | Jul | Aug | Sep | Oct | Nov | Dec 
2014: Jan | Feb | Mar | Apr | May | Jun | Jul | Aug | Sep | Oct | Nov | Dec 
2013: Jan | Feb | Mar | Apr | May | Jun | Jul | Aug | Sep | Oct | Nov | Dec 
2012: Jan | Feb | Mar | Apr | May | Jun | Jul | Aug | Sep | Oct | Nov | Dec 
2011: Jan | Feb | Mar | Apr | May | Jun | Jul | Aug | Sep | Oct | Nov | Dec 
2010: Jan | Feb | Mar | Apr | May | Jun | Jul | Aug | Sep | Oct | Nov | Dec 
2009: Jan | Feb | Mar | Apr | May | Jun | Jul | Aug | Sep | Oct | Nov | Dec 
2008: Jan | Feb | Mar | Apr | May | Jun | Jul | Aug | Sep | Oct | Nov | Dec 
2007: Jan | Feb | Mar | Apr | May | Jun | Jul | Aug | Sep | Oct | Nov | Dec 
2006: Jan | Feb | Mar | Apr | May | Jun | Jul | Aug | Sep | Oct | Nov | Dec 
2005: Jan | Feb | Mar | Apr | May | Jun | Jul | Aug | Sep | Oct | Nov | Dec 

Report for 2007 05
MONTHLY CLIMATOLOGICAL SUMMARY for May 2007 NAME: Cabrera de Mar, Barcelona ELEV: 9 meters LAT: 41-33.89 N LONG: 002-24.07 E TEMPERATURE (C), RAIN (cm), WIND SPEED (km/h) HEAT COOL AVG MEAN DEG DEG WIND DOM DAY TEMP HIGH TIME LOW TIME DAYS DAYS RAIN SPEED HIGH TIME DIR --------------------------------------------------------------------------------------- 01 15.3 17.3 00:10 11.4 00:00 3.1 0.0 0.90 5.5 38.6 17:30 310 02 14.9 19.2 11:40 9.9 04:50 3.4 0.0 0.00 7.4 29.0 10:10 204 03 14.5 16.4 09:50 12.4 00:00 3.9 0.0 0.22 2.8 19.3 19:20 36 04 14.6 18.4 12:50 10.7 06:20 3.8 0.0 0.00 5.0 22.5 12:00 204 05 16.2 19.7 16:30 11.2 07:10 2.2 0.0 0.00 3.9 41.8 18:50 190 06 16.9 21.4 12:10 12.2 06:50 1.5 0.0 0.00 3.1 20.9 11:50 117 07 17.8 22.8 12:20 12.6 06:50 0.5 0.0 0.00 4.6 27.4 13:20 198 08 18.0 22.9 11:20 13.7 03:00 0.3 0.0 0.00 4.9 27.4 14:30 175 09 17.6 20.2 13:30 14.1 06:40 0.7 0.0 0.00 3.7 16.1 09:40 133 10 18.7 22.5 14:40 13.5 06:50 0.0 0.4 0.00 5.3 27.4 16:10 200 11 19.3 23.1 13:00 15.3 05:50 0.0 1.0 0.00 4.2 38.6 09:10 97 12 19.4 23.3 12:00 14.8 06:40 0.0 1.0 0.00 2.2 14.5 14:10 89 13 19.0 22.2 15:50 14.9 06:40 0.0 0.7 0.00 7.3 30.6 15:20 211 14 18.9 24.8 16:00 13.7 10:10 0.0 0.5 0.52 11.7 70.8 10:40 312 15 16.9 20.6 14:00 13.0 07:00 1.5 0.0 0.00 7.3 29.0 11:50 183 16 18.1 20.2 13:40 16.2 23:10 0.3 0.0 0.00 5.2 22.5 06:50 167 17 19.4 24.5 19:20 15.0 04:00 0.0 1.0 0.00 5.5 33.8 15:10 206 18 20.5 23.3 12:30 17.1 05:10 0.0 2.2 0.00 5.3 27.4 12:10 209 19 20.4 23.8 12:30 18.1 05:10 0.0 2.1 0.02 2.1 20.9 08:00 93 20 20.1 24.5 15:00 16.4 04:30 0.0 1.8 0.00 4.1 24.1 18:30 66 21 21.3 26.6 13:10 18.8 00:40 0.0 3.0 0.06 9.5 35.4 10:50 47 22 21.9 24.9 10:50 19.1 07:00 0.0 3.6 0.00 5.8 27.4 14:10 53 23 21.8 25.5 13:10 19.1 02:30 0.0 3.5 0.04 3.1 30.6 01:10 132 24 23.0 29.4 11:20 18.9 02:10 0.0 4.6 0.00 5.3 37.0 07:50 34 25 21.4 27.3 12:50 17.2 06:50 0.0 3.1 0.00 5.1 32.2 09:20 60 26 20.8 26.4 11:30 17.5 23:50 0.0 2.5 0.28 7.6 33.8 12:20 201 27 18.9 21.6 16:40 15.9 07:20 0.0 0.6 0.20 10.7 51.5 17:30 206 28 18.6 26.0 16:10 12.6 06:30 0.0 0.3 0.02 12.3 56.3 17:50 269 29 16.9 19.8 12:30 12.4 05:40 1.4 0.0 0.00 6.4 30.6 07:20 181 30 18.1 21.6 15:00 13.5 06:10 0.3 0.0 0.00 5.3 24.1 15:30 196 31 20.2 26.3 18:50 16.8 06:40 0.0 1.9 0.00 7.1 33.8 19:10 185 --------------------------------------------------------------------------------------- 18.7 29.4 24 9.9 02 22.7 33.6 2.26 5.8 70.8 14 185