NOAA-Style Climate Reports

NOAA style reports
2022: Jan | Feb | Mar | Apr | May | Jun | Jul | Aug | Sep | Oct | Nov | Dec 
2021: Jan | Feb | Mar | Apr | May | Jun | Jul | Aug | Sep | Oct | Nov | Dec 
2020: Jan | Feb | Mar | Apr | May | Jun | Jul | Aug | Sep | Oct | Nov | Dec 
2019: Jan | Feb | Mar | Apr | May | Jun | Jul | Aug | Sep | Oct | Nov | Dec 
2018: Jan | Feb | Mar | Apr | May | Jun | Jul | Aug | Sep | Oct | Nov | Dec 
2017: Jan | Feb | Mar | Apr | May | Jun | Jul | Aug | Sep | Oct | Nov | Dec 
2016: Jan | Feb | Mar | Apr | May | Jun | Jul | Aug | Sep | Oct | Nov | Dec 
2015: Jan | Feb | Mar | Apr | May | Jun | Jul | Aug | Sep | Oct | Nov | Dec 
2014: Jan | Feb | Mar | Apr | May | Jun | Jul | Aug | Sep | Oct | Nov | Dec 
2013: Jan | Feb | Mar | Apr | May | Jun | Jul | Aug | Sep | Oct | Nov | Dec 
2012: Jan | Feb | Mar | Apr | May | Jun | Jul | Aug | Sep | Oct | Nov | Dec 
2011: Jan | Feb | Mar | Apr | May | Jun | Jul | Aug | Sep | Oct | Nov | Dec 
2010: Jan | Feb | Mar | Apr | May | Jun | Jul | Aug | Sep | Oct | Nov | Dec 
2009: Jan | Feb | Mar | Apr | May | Jun | Jul | Aug | Sep | Oct | Nov | Dec 
2008: Jan | Feb | Mar | Apr | May | Jun | Jul | Aug | Sep | Oct | Nov | Dec 
2007: Jan | Feb | Mar | Apr | May | Jun | Jul | Aug | Sep | Oct | Nov | Dec 
2006: Jan | Feb | Mar | Apr | May | Jun | Jul | Aug | Sep | Oct | Nov | Dec 
2005: Jan | Feb | Mar | Apr | May | Jun | Jul | Aug | Sep | Oct | Nov | Dec 

Report for 2007 04
MONTHLY CLIMATOLOGICAL SUMMARY for Apr 2007 NAME: Cabrera de Mar, Barcelona ELEV: 9 meters LAT: 41-33.89 N LONG: 002-24.07 E TEMPERATURE (C), RAIN (cm), WIND SPEED (km/h) HEAT COOL AVG MEAN DEG DEG WIND DOM DAY TEMP HIGH TIME LOW TIME DAYS DAYS RAIN SPEED HIGH TIME DIR --------------------------------------------------------------------------------------- 01 13.3 16.6 16:10 10.4 00:10 5.0 0.0 0.06 7.3 49.9 21:50 45 02 14.3 15.3 09:50 12.8 19:40 4.0 0.0 0.64 12.0 45.1 09:30 52 03 11.7 13.5 01:00 10.4 07:30 6.7 0.0 2.40 4.7 37.0 07:30 348 04 12.1 15.3 10:40 10.4 01:20 6.3 0.0 0.02 8.0 41.8 17:20 97 05 12.3 14.0 16:10 10.3 04:10 6.0 0.0 0.14 6.5 37.0 16:00 1 06 14.5 17.3 13:10 10.9 23:50 3.8 0.0 0.02 6.1 27.4 06:00 54 07 12.5 15.5 13:00 8.9 06:40 5.8 0.0 0.00 2.8 11.3 11:00 150 08 13.1 16.9 13:50 8.4 06:50 5.2 0.0 0.00 3.9 19.3 14:00 193 09 13.5 18.1 15:00 9.7 03:10 4.9 0.0 0.02 3.1 20.9 12:10 55 10 14.2 16.7 13:10 11.8 04:10 4.2 0.0 0.30 4.3 24.1 18:40 36 11 14.6 17.4 16:50 12.0 07:00 3.8 0.0 0.04 4.7 29.0 19:30 56 12 15.0 16.4 13:10 14.0 05:30 3.3 0.0 0.16 8.9 40.2 12:50 29 13 15.0 18.8 15:30 13.4 21:30 3.3 0.0 0.38 6.4 33.8 22:50 29 14 17.7 21.7 16:20 14.6 08:40 0.7 0.0 0.12 20.0 57.9 17:10 1 15 16.7 19.3 15:00 13.7 00:00 1.7 0.0 0.00 4.8 32.2 00:20 45 16 16.6 21.3 17:40 11.8 04:10 1.8 0.0 0.00 3.7 20.9 17:00 204 17 17.9 21.4 14:30 13.7 07:00 0.4 0.0 0.00 4.0 27.4 17:50 206 18 18.2 21.0 11:10 13.3 07:00 0.1 0.0 0.00 4.0 22.5 12:40 201 19 17.9 20.8 17:50 13.9 07:10 0.4 0.0 0.00 2.7 19.3 12:30 59 20 15.0 17.2 14:20 12.3 05:50 3.3 0.0 0.00 3.4 16.1 15:20 137 21 14.6 16.9 17:00 12.7 07:10 3.7 0.0 0.00 2.2 14.5 15:00 75 22 15.2 18.9 14:50 10.9 06:50 3.1 0.0 0.02 2.4 14.5 16:20 168 23 16.5 20.6 17:00 12.2 07:10 1.8 0.0 0.00 2.0 9.7 10:50 130 24 17.3 20.8 15:40 12.8 06:10 1.1 0.0 0.00 3.4 19.3 14:30 177 25 17.5 22.0 14:30 12.7 06:40 0.8 0.0 0.00 2.9 20.9 14:00 171 26 17.6 20.8 15:20 13.7 06:40 0.8 0.0 0.00 2.6 17.7 16:00 50 27 19.0 21.9 10:10 15.4 02:30 0.0 0.7 0.00 7.2 32.2 11:40 38 28 18.2 21.7 13:20 15.5 04:20 0.1 0.0 0.00 5.8 27.4 16:40 49 29 17.2 20.7 12:20 15.2 00:00 1.1 0.0 0.00 4.6 19.3 11:50 79 30 16.8 20.6 13:10 11.9 07:00 1.6 0.0 0.00 6.0 25.7 18:00 205 --------------------------------------------------------------------------------------- 15.5 22.0 25 8.4 08 84.8 0.7 4.32 5.4 57.9 14 44