NOAA-Style Climate Reports

NOAA style reports
2022: Jan | Feb | Mar | Apr | May | Jun | Jul | Aug | Sep | Oct | Nov | Dec 
2021: Jan | Feb | Mar | Apr | May | Jun | Jul | Aug | Sep | Oct | Nov | Dec 
2020: Jan | Feb | Mar | Apr | May | Jun | Jul | Aug | Sep | Oct | Nov | Dec 
2019: Jan | Feb | Mar | Apr | May | Jun | Jul | Aug | Sep | Oct | Nov | Dec 
2018: Jan | Feb | Mar | Apr | May | Jun | Jul | Aug | Sep | Oct | Nov | Dec 
2017: Jan | Feb | Mar | Apr | May | Jun | Jul | Aug | Sep | Oct | Nov | Dec 
2016: Jan | Feb | Mar | Apr | May | Jun | Jul | Aug | Sep | Oct | Nov | Dec 
2015: Jan | Feb | Mar | Apr | May | Jun | Jul | Aug | Sep | Oct | Nov | Dec 
2014: Jan | Feb | Mar | Apr | May | Jun | Jul | Aug | Sep | Oct | Nov | Dec 
2013: Jan | Feb | Mar | Apr | May | Jun | Jul | Aug | Sep | Oct | Nov | Dec 
2012: Jan | Feb | Mar | Apr | May | Jun | Jul | Aug | Sep | Oct | Nov | Dec 
2011: Jan | Feb | Mar | Apr | May | Jun | Jul | Aug | Sep | Oct | Nov | Dec 
2010: Jan | Feb | Mar | Apr | May | Jun | Jul | Aug | Sep | Oct | Nov | Dec 
2009: Jan | Feb | Mar | Apr | May | Jun | Jul | Aug | Sep | Oct | Nov | Dec 
2008: Jan | Feb | Mar | Apr | May | Jun | Jul | Aug | Sep | Oct | Nov | Dec 
2007: Jan | Feb | Mar | Apr | May | Jun | Jul | Aug | Sep | Oct | Nov | Dec 
2006: Jan | Feb | Mar | Apr | May | Jun | Jul | Aug | Sep | Oct | Nov | Dec 
2005: Jan | Feb | Mar | Apr | May | Jun | Jul | Aug | Sep | Oct | Nov | Dec 

Report for 2007 02
MONTHLY CLIMATOLOGICAL SUMMARY for Feb 2007 NAME: Cabrera de Mar, Barcelona ELEV: 9 meters LAT: 41-33.89 N LONG: 002-24.07 E TEMPERATURE (C), RAIN (cm), WIND SPEED (km/h) HEAT COOL AVG MEAN DEG DEG WIND DOM DAY TEMP HIGH TIME LOW TIME DAYS DAYS RAIN SPEED HIGH TIME DIR --------------------------------------------------------------------------------------- 01 10.9 16.4 15:20 8.4 21:40 7.4 0.0 0.08 5.9 33.8 18:30 276 02 10.5 14.2 14:20 7.8 08:20 7.8 0.0 0.00 3.1 20.9 13:40 212 03 9.9 14.0 13:10 6.6 05:50 8.5 0.0 0.00 1.7 14.5 11:30 135 04 10.3 13.6 15:30 5.9 07:50 8.0 0.0 0.00 3.0 19.3 12:30 32 05 12.2 14.2 12:50 10.4 06:50 6.1 0.0 0.08 3.0 19.3 15:30 220 06 11.0 16.1 15:50 6.9 06:10 7.3 0.0 0.00 3.8 27.4 15:10 231 07 11.7 18.3 15:30 9.1 02:10 6.6 0.0 0.00 7.7 29.0 13:10 272 08 12.8 16.2 13:20 10.1 01:30 5.5 0.0 0.78 7.6 40.2 05:10 261 09 11.7 15.4 14:00 8.6 06:10 6.7 0.0 0.00 5.8 35.4 18:00 232 10 12.2 16.3 14:30 7.8 04:10 6.1 0.0 0.00 4.4 38.6 07:10 280 11 12.6 18.2 13:50 8.1 06:00 5.7 0.0 0.00 4.3 24.1 14:10 225 12 14.7 21.9 13:00 9.6 00:00 3.7 0.0 0.02 7.5 43.5 13:30 263 13 11.8 15.8 14:50 7.1 07:30 6.6 0.0 0.00 5.8 25.7 16:10 239 14 14.8 21.7 16:00 11.2 23:40 3.5 0.0 0.00 8.2 49.9 14:40 251 15 14.9 24.1 15:10 9.7 00:00 3.5 0.0 0.00 10.5 46.7 05:00 292 16 11.0 15.4 14:30 5.5 07:00 7.4 0.0 0.00 3.5 17.7 14:50 209 17 13.0 14.2 12:10 10.7 23:40 5.4 0.0 0.58 5.8 32.2 05:30 21 18 11.4 15.2 15:30 7.3 07:00 6.9 0.0 0.04 7.1 33.8 22:40 4 19 12.3 17.3 13:30 8.0 07:20 6.0 0.0 0.00 8.1 33.8 01:40 244 20 12.0 15.2 15:20 7.3 07:40 6.3 0.0 0.00 3.4 17.7 04:20 168 21 12.6 15.3 11:40 9.7 06:50 5.8 0.0 0.00 3.2 17.7 12:20 170 22 13.1 17.7 12:40 9.9 00:00 5.2 0.0 0.00 6.9 35.4 15:20 243 23 11.5 15.9 13:10 7.3 07:30 6.8 0.0 0.00 2.5 16.1 13:50 78 24 14.1 20.6 13:30 8.5 06:20 4.3 0.0 0.00 5.7 29.0 18:20 238 25 13.2 18.2 11:50 8.8 23:20 5.2 0.0 0.06 4.0 38.6 15:10 275 26 12.1 19.5 13:30 8.5 03:40 6.2 0.0 0.02 5.8 37.0 06:10 255 27 12.1 16.1 13:30 8.5 04:10 6.2 0.0 0.00 5.5 27.4 18:10 228 28 15.0 21.4 14:50 11.2 00:40 3.4 0.0 0.00 5.3 29.0 13:10 299 --------------------------------------------------------------------------------------- 12.3 24.1 15 5.5 16 167.9 0.0 1.66 5.3 49.9 14 257