NOAA-Style Climate Reports

NOAA style reports
2022: Jan | Feb | Mar | Apr | May | Jun | Jul | Aug | Sep | Oct | Nov | Dec 
2021: Jan | Feb | Mar | Apr | May | Jun | Jul | Aug | Sep | Oct | Nov | Dec 
2020: Jan | Feb | Mar | Apr | May | Jun | Jul | Aug | Sep | Oct | Nov | Dec 
2019: Jan | Feb | Mar | Apr | May | Jun | Jul | Aug | Sep | Oct | Nov | Dec 
2018: Jan | Feb | Mar | Apr | May | Jun | Jul | Aug | Sep | Oct | Nov | Dec 
2017: Jan | Feb | Mar | Apr | May | Jun | Jul | Aug | Sep | Oct | Nov | Dec 
2016: Jan | Feb | Mar | Apr | May | Jun | Jul | Aug | Sep | Oct | Nov | Dec 
2015: Jan | Feb | Mar | Apr | May | Jun | Jul | Aug | Sep | Oct | Nov | Dec 
2014: Jan | Feb | Mar | Apr | May | Jun | Jul | Aug | Sep | Oct | Nov | Dec 
2013: Jan | Feb | Mar | Apr | May | Jun | Jul | Aug | Sep | Oct | Nov | Dec 
2012: Jan | Feb | Mar | Apr | May | Jun | Jul | Aug | Sep | Oct | Nov | Dec 
2011: Jan | Feb | Mar | Apr | May | Jun | Jul | Aug | Sep | Oct | Nov | Dec 
2010: Jan | Feb | Mar | Apr | May | Jun | Jul | Aug | Sep | Oct | Nov | Dec 
2009: Jan | Feb | Mar | Apr | May | Jun | Jul | Aug | Sep | Oct | Nov | Dec 
2008: Jan | Feb | Mar | Apr | May | Jun | Jul | Aug | Sep | Oct | Nov | Dec 
2007: Jan | Feb | Mar | Apr | May | Jun | Jul | Aug | Sep | Oct | Nov | Dec 
2006: Jan | Feb | Mar | Apr | May | Jun | Jul | Aug | Sep | Oct | Nov | Dec 
2005: Jan | Feb | Mar | Apr | May | Jun | Jul | Aug | Sep | Oct | Nov | Dec 

Report for 2006 09
MONTHLY CLIMATOLOGICAL SUMMARY for Sep 2006 NAME: Cabrera de Mar, Barcelona ELEV: 9 meters LAT: 41-33.89 N LONG: 002-24.07 E TEMPERATURE (C), RAIN (cm), WIND SPEED (km/h) HEAT COOL AVG MEAN DEG DEG WIND DOM DAY TEMP HIGH TIME LOW TIME DAYS DAYS RAIN SPEED HIGH TIME DIR --------------------------------------------------------------------------------------- 01 24.3 27.3 13:15 21.6 05:00 0.0 6.0 0.00 8.3 35.4 15:45 212 02 23.8 25.8 14:30 21.6 07:45 0.0 5.5 0.00 6.5 32.2 15:45 214 03 24.4 28.3 15:00 20.4 07:15 0.0 6.1 0.00 4.6 24.1 15:15 202 04 25.1 28.4 15:30 21.6 06:00 0.0 6.8 0.00 2.5 11.3 14:45 146 05 24.3 26.8 12:45 21.8 05:45 0.0 6.0 0.00 3.6 17.7 09:00 104 06 24.5 26.9 17:00 22.0 05:00 0.0 6.1 0.00 2.3 14.5 13:15 123 07 24.5 27.1 16:45 22.4 05:30 0.0 6.1 0.00 2.0 11.3 13:30 111 08 24.8 27.8 15:00 21.6 06:30 0.0 6.4 0.00 3.4 19.3 19:00 179 09 24.4 27.6 15:00 21.6 07:00 0.0 6.1 0.00 3.5 19.3 10:45 70 10 23.5 27.3 16:15 20.1 05:15 0.0 5.2 0.00 3.1 16.1 12:15 87 11 23.6 27.2 15:15 20.2 04:30 0.0 5.2 0.00 2.8 20.9 14:15 93 12 23.7 26.8 14:15 20.9 06:30 0.0 5.4 0.46 5.4 30.6 13:00 44 13 22.3 24.6 16:45 19.3 06:30 0.0 4.0 5.72 8.6 54.7 05:30 85 14 20.1 22.9 10:30 17.4 22:45 0.0 1.7 1.86 3.3 20.9 11:45 347 15 18.7 23.2 12:00 16.1 06:45 0.0 0.4 0.54 5.0 24.1 06:15 256 16 19.6 24.6 13:45 15.5 05:00 0.0 1.3 0.00 4.6 29.0 16:45 280 17 20.4 24.1 15:45 16.2 08:00 0.0 2.1 0.00 3.5 20.9 09:00 215 18 21.6 25.7 14:00 18.4 05:15 0.0 3.3 0.02 3.3 25.7 15:15 72 19 21.9 24.5 15:15 18.5 07:45 0.0 3.6 0.00 3.6 16.1 14:00 175 20 21.7 25.6 14:45 17.8 06:30 0.0 3.4 0.00 5.2 25.7 15:00 207 21 22.4 25.5 16:15 18.4 07:00 0.0 4.0 0.00 5.0 25.7 00:00 79 22 23.7 25.5 16:30 22.6 01:45 0.0 5.4 0.00 5.3 25.7 12:15 55 23 21.9 23.4 16:45 19.8 00:00 0.0 3.6 0.26 3.4 32.2 15:15 317 24 21.5 24.8 15:15 19.1 06:15 0.0 3.2 0.02 5.2 29.0 18:15 221 25 21.4 25.1 13:30 18.2 04:30 0.0 3.1 0.00 8.0 40.2 16:30 220 26 20.3 23.7 15:45 17.0 08:30 0.0 1.9 0.00 3.7 20.9 09:30 196 27 20.2 23.9 15:45 16.4 07:15 0.0 1.8 0.00 3.5 20.9 15:30 182 28 20.5 24.1 16:00 15.9 07:15 0.0 2.2 0.00 2.8 16.1 16:15 183 29 21.7 25.2 14:45 17.6 07:45 0.0 3.3 0.00 4.1 22.5 20:00 197 30 22.4 25.6 12:30 18.9 07:15 0.0 4.1 0.00 4.8 27.4 18:30 207 --------------------------------------------------------------------------------------- 22.4 28.4 04 15.5 16 0.0 123.3 8.88 4.4 54.7 13 175