NOAA-Style Climate Reports

NOAA style reports
2022: Jan | Feb | Mar | Apr | May | Jun | Jul | Aug | Sep | Oct | Nov | Dec 
2021: Jan | Feb | Mar | Apr | May | Jun | Jul | Aug | Sep | Oct | Nov | Dec 
2020: Jan | Feb | Mar | Apr | May | Jun | Jul | Aug | Sep | Oct | Nov | Dec 
2019: Jan | Feb | Mar | Apr | May | Jun | Jul | Aug | Sep | Oct | Nov | Dec 
2018: Jan | Feb | Mar | Apr | May | Jun | Jul | Aug | Sep | Oct | Nov | Dec 
2017: Jan | Feb | Mar | Apr | May | Jun | Jul | Aug | Sep | Oct | Nov | Dec 
2016: Jan | Feb | Mar | Apr | May | Jun | Jul | Aug | Sep | Oct | Nov | Dec 
2015: Jan | Feb | Mar | Apr | May | Jun | Jul | Aug | Sep | Oct | Nov | Dec 
2014: Jan | Feb | Mar | Apr | May | Jun | Jul | Aug | Sep | Oct | Nov | Dec 
2013: Jan | Feb | Mar | Apr | May | Jun | Jul | Aug | Sep | Oct | Nov | Dec 
2012: Jan | Feb | Mar | Apr | May | Jun | Jul | Aug | Sep | Oct | Nov | Dec 
2011: Jan | Feb | Mar | Apr | May | Jun | Jul | Aug | Sep | Oct | Nov | Dec 
2010: Jan | Feb | Mar | Apr | May | Jun | Jul | Aug | Sep | Oct | Nov | Dec 
2009: Jan | Feb | Mar | Apr | May | Jun | Jul | Aug | Sep | Oct | Nov | Dec 
2008: Jan | Feb | Mar | Apr | May | Jun | Jul | Aug | Sep | Oct | Nov | Dec 
2007: Jan | Feb | Mar | Apr | May | Jun | Jul | Aug | Sep | Oct | Nov | Dec 
2006: Jan | Feb | Mar | Apr | May | Jun | Jul | Aug | Sep | Oct | Nov | Dec 
2005: Jan | Feb | Mar | Apr | May | Jun | Jul | Aug | Sep | Oct | Nov | Dec 

Report for 2006 08
MONTHLY CLIMATOLOGICAL SUMMARY for Aug 2006 NAME: Cabrera de Mar, Barcelona ELEV: 9 meters LAT: 41-33.89 N LONG: 002-24.07 E TEMPERATURE (C), RAIN (cm), WIND SPEED (km/h) HEAT COOL AVG MEAN DEG DEG WIND DOM DAY TEMP HIGH TIME LOW TIME DAYS DAYS RAIN SPEED HIGH TIME DIR --------------------------------------------------------------------------------------- 01 27.3 30.2 15:00 24.9 07:00 0.0 9.0 0.00 6.6 30.6 14:15 194 02 26.1 27.4 14:45 25.1 08:30 0.0 7.8 0.02 6.3 27.4 06:00 154 03 25.9 29.1 15:00 22.1 21:15 0.0 7.6 0.34 6.8 30.6 14:45 113 04 25.0 28.2 15:30 21.3 03:15 0.0 6.7 0.00 6.1 25.7 09:15 195 05 25.1 28.3 14:00 21.2 06:30 0.0 6.7 0.10 8.6 40.2 15:45 195 06 25.1 28.0 14:30 21.8 01:00 0.0 6.8 0.00 8.3 33.8 14:45 212 07 25.3 28.2 15:15 21.0 07:15 0.0 6.9 0.00 4.6 20.9 14:00 165 08 24.8 29.4 14:00 20.8 23:30 0.0 6.5 0.10 5.2 27.4 14:15 200 09 24.4 28.6 14:15 19.1 07:00 0.0 6.1 0.00 4.3 20.9 13:30 146 10 25.6 28.6 14:15 22.8 04:45 0.0 7.2 0.00 6.6 29.0 15:30 151 11 24.4 26.8 11:30 21.6 05:45 0.0 6.1 0.00 5.4 29.0 18:30 154 12 23.4 26.4 15:00 20.6 00:00 0.0 5.0 0.14 7.1 29.0 07:15 84 13 22.5 26.0 13:45 18.7 04:30 0.0 4.2 0.00 9.7 38.6 14:45 229 14 21.8 24.6 15:00 18.9 04:30 0.0 3.5 0.00 5.8 25.7 23:15 57 15 21.8 24.9 15:00 17.9 23:00 0.0 3.5 2.74 6.9 72.4 22:45 25 16 21.7 25.5 16:00 16.8 07:00 0.0 3.3 0.00 3.6 19.3 01:45 176 17 24.6 28.0 12:15 21.1 07:30 0.0 6.3 0.00 10.0 46.7 19:00 215 18 23.1 27.1 16:00 17.1 07:45 0.0 4.7 0.00 5.3 24.1 16:30 205 19 24.6 29.2 15:30 19.4 06:45 0.0 6.3 0.00 6.6 32.2 14:00 213 20 24.1 27.1 12:45 19.7 07:30 0.0 5.8 0.00 4.3 22.5 12:15 166 21 24.5 28.2 15:15 21.1 07:15 0.0 6.2 0.00 9.1 37.0 17:00 215 22 24.1 27.6 14:00 20.3 06:15 0.0 5.8 0.00 7.0 37.0 17:45 201 23 24.5 28.0 15:15 20.2 07:15 0.0 6.1 0.00 5.6 24.1 17:00 202 24 24.3 26.7 12:45 21.6 06:00 0.0 6.0 0.18 5.2 27.4 01:15 140 25 23.0 26.4 14:00 19.4 06:45 0.0 4.7 0.34 7.3 32.2 21:15 208 26 23.9 26.6 13:30 21.3 00:45 0.0 5.6 0.00 5.4 20.9 18:15 91 27 23.9 26.2 13:00 21.3 07:30 0.0 5.6 0.00 6.6 30.6 15:30 183 28 23.8 27.1 14:45 20.2 07:00 0.0 5.5 0.00 3.1 17.7 15:00 127 29 23.9 25.9 13:15 22.8 07:15 0.0 5.5 0.00 5.2 24.1 16:15 161 30 23.2 26.1 15:30 20.4 04:00 0.0 4.9 0.00 3.5 20.9 15:00 111 31 23.6 26.2 10:30 21.6 03:45 0.0 5.3 0.00 6.9 27.4 15:45 201 --------------------------------------------------------------------------------------- 24.2 30.2 01 16.8 16 0.0 181.1 3.96 6.2 72.4 15 181