NOAA-Style Climate Reports

NOAA style reports
2022: Jan | Feb | Mar | Apr | May | Jun | Jul | Aug | Sep | Oct | Nov | Dec 
2021: Jan | Feb | Mar | Apr | May | Jun | Jul | Aug | Sep | Oct | Nov | Dec 
2020: Jan | Feb | Mar | Apr | May | Jun | Jul | Aug | Sep | Oct | Nov | Dec 
2019: Jan | Feb | Mar | Apr | May | Jun | Jul | Aug | Sep | Oct | Nov | Dec 
2018: Jan | Feb | Mar | Apr | May | Jun | Jul | Aug | Sep | Oct | Nov | Dec 
2017: Jan | Feb | Mar | Apr | May | Jun | Jul | Aug | Sep | Oct | Nov | Dec 
2016: Jan | Feb | Mar | Apr | May | Jun | Jul | Aug | Sep | Oct | Nov | Dec 
2015: Jan | Feb | Mar | Apr | May | Jun | Jul | Aug | Sep | Oct | Nov | Dec 
2014: Jan | Feb | Mar | Apr | May | Jun | Jul | Aug | Sep | Oct | Nov | Dec 
2013: Jan | Feb | Mar | Apr | May | Jun | Jul | Aug | Sep | Oct | Nov | Dec 
2012: Jan | Feb | Mar | Apr | May | Jun | Jul | Aug | Sep | Oct | Nov | Dec 
2011: Jan | Feb | Mar | Apr | May | Jun | Jul | Aug | Sep | Oct | Nov | Dec 
2010: Jan | Feb | Mar | Apr | May | Jun | Jul | Aug | Sep | Oct | Nov | Dec 
2009: Jan | Feb | Mar | Apr | May | Jun | Jul | Aug | Sep | Oct | Nov | Dec 
2008: Jan | Feb | Mar | Apr | May | Jun | Jul | Aug | Sep | Oct | Nov | Dec 
2007: Jan | Feb | Mar | Apr | May | Jun | Jul | Aug | Sep | Oct | Nov | Dec 
2006: Jan | Feb | Mar | Apr | May | Jun | Jul | Aug | Sep | Oct | Nov | Dec 
2005: Jan | Feb | Mar | Apr | May | Jun | Jul | Aug | Sep | Oct | Nov | Dec 

Report for 2006 07
MONTHLY CLIMATOLOGICAL SUMMARY for Jul 2006 NAME: Cabrera de Mar, Barcelona ELEV: 9 meters LAT: 41-33.89 N LONG: 002-24.07 E TEMPERATURE (C), RAIN (cm), WIND SPEED (km/h) HEAT COOL AVG MEAN DEG DEG WIND DOM DAY TEMP HIGH TIME LOW TIME DAYS DAYS RAIN SPEED HIGH TIME DIR --------------------------------------------------------------------------------------- 01 25.5 28.2 15:15 22.0 06:30 0.0 7.1 0.00 8.0 35.4 15:45 218 02 25.7 28.7 14:00 23.3 07:00 0.0 7.4 0.00 8.1 35.4 15:00 215 03 24.4 28.0 14:45 20.3 06:00 0.0 6.1 0.00 2.9 24.1 11:15 79 04 24.8 27.3 14:30 21.6 06:30 0.0 6.5 0.00 2.8 17.7 11:45 81 05 25.3 28.9 14:15 22.4 06:15 0.0 7.0 0.00 5.3 29.0 07:30 59 06 25.2 27.8 14:00 23.2 05:45 0.0 6.9 0.00 5.6 30.6 16:15 165 07 24.6 27.2 15:00 22.6 06:45 0.0 6.3 0.00 6.7 24.1 13:00 185 08 24.7 28.2 14:00 21.3 06:30 0.0 6.4 0.00 6.6 29.0 17:30 201 09 25.4 28.4 14:30 22.6 02:30 0.0 7.0 0.00 8.4 35.4 14:00 226 10 26.5 29.8 18:00 22.4 06:45 0.0 8.2 0.00 4.5 24.1 15:15 195 11 25.8 27.8 13:00 23.3 06:00 0.0 7.5 0.00 2.7 17.7 11:30 126 12 26.5 29.9 12:00 22.8 05:45 0.0 8.2 0.00 4.3 25.7 13:00 194 13 27.4 29.9 17:30 24.7 02:15 0.0 9.1 0.00 3.5 29.0 16:45 216 14 25.9 28.7 15:00 23.6 22:45 0.0 7.5 0.06 3.0 24.1 19:30 122 15 25.4 28.9 14:45 21.9 06:45 0.0 7.1 0.00 3.0 17.7 16:15 100 16 25.9 28.6 14:30 22.9 06:15 0.0 7.6 0.00 3.4 14.5 16:45 145 17 26.5 29.5 15:45 23.1 06:30 0.0 8.2 0.02 4.5 20.9 15:45 188 18 26.6 29.6 15:45 22.4 07:00 0.0 8.2 0.00 4.3 20.9 17:00 174 19 27.1 29.8 14:45 24.5 05:45 0.0 8.8 0.00 3.2 16.1 14:30 151 20 27.4 30.3 12:45 24.4 06:00 0.0 9.0 0.00 4.5 20.9 12:00 186 21 26.8 30.6 14:00 22.2 07:00 0.0 8.5 0.00 6.7 29.0 12:15 210 22 26.5 29.3 12:30 22.7 06:30 0.0 8.2 0.00 3.2 17.7 12:00 167 23 27.5 31.3 16:15 23.7 04:45 0.0 9.2 0.00 4.8 27.4 16:00 197 24 27.8 30.8 14:00 24.3 05:45 0.0 9.5 0.00 5.5 27.4 15:15 204 25 27.6 30.3 16:45 23.3 07:00 0.0 9.3 0.00 5.7 27.4 11:00 205 26 27.4 31.2 14:30 22.9 06:45 0.0 9.1 0.00 6.3 32.2 16:45 219 27 27.0 30.8 15:15 22.5 06:30 0.0 8.6 0.00 5.7 33.8 16:30 214 28 26.3 28.7 17:15 24.3 04:30 0.0 8.0 0.00 4.5 20.9 06:30 96 29 26.8 30.1 16:00 24.1 06:15 0.0 8.5 0.00 6.7 24.1 08:30 215 30 27.0 30.4 15:00 23.3 06:45 0.0 8.7 0.00 7.5 33.8 15:30 205 31 26.9 30.8 14:45 22.8 06:30 0.0 8.6 0.00 5.5 29.0 15:45 200 --------------------------------------------------------------------------------------- 26.3 31.3 23 20.3 03 0.0 246.1 0.08 5.1 35.4 01 193