NOAA-Style Climate Reports

NOAA style reports
2022: Jan | Feb | Mar | Apr | May | Jun | Jul | Aug | Sep | Oct | Nov | Dec 
2021: Jan | Feb | Mar | Apr | May | Jun | Jul | Aug | Sep | Oct | Nov | Dec 
2020: Jan | Feb | Mar | Apr | May | Jun | Jul | Aug | Sep | Oct | Nov | Dec 
2019: Jan | Feb | Mar | Apr | May | Jun | Jul | Aug | Sep | Oct | Nov | Dec 
2018: Jan | Feb | Mar | Apr | May | Jun | Jul | Aug | Sep | Oct | Nov | Dec 
2017: Jan | Feb | Mar | Apr | May | Jun | Jul | Aug | Sep | Oct | Nov | Dec 
2016: Jan | Feb | Mar | Apr | May | Jun | Jul | Aug | Sep | Oct | Nov | Dec 
2015: Jan | Feb | Mar | Apr | May | Jun | Jul | Aug | Sep | Oct | Nov | Dec 
2014: Jan | Feb | Mar | Apr | May | Jun | Jul | Aug | Sep | Oct | Nov | Dec 
2013: Jan | Feb | Mar | Apr | May | Jun | Jul | Aug | Sep | Oct | Nov | Dec 
2012: Jan | Feb | Mar | Apr | May | Jun | Jul | Aug | Sep | Oct | Nov | Dec 
2011: Jan | Feb | Mar | Apr | May | Jun | Jul | Aug | Sep | Oct | Nov | Dec 
2010: Jan | Feb | Mar | Apr | May | Jun | Jul | Aug | Sep | Oct | Nov | Dec 
2009: Jan | Feb | Mar | Apr | May | Jun | Jul | Aug | Sep | Oct | Nov | Dec 
2008: Jan | Feb | Mar | Apr | May | Jun | Jul | Aug | Sep | Oct | Nov | Dec 
2007: Jan | Feb | Mar | Apr | May | Jun | Jul | Aug | Sep | Oct | Nov | Dec 
2006: Jan | Feb | Mar | Apr | May | Jun | Jul | Aug | Sep | Oct | Nov | Dec 
2005: Jan | Feb | Mar | Apr | May | Jun | Jul | Aug | Sep | Oct | Nov | Dec 

Report for 2006 05
MONTHLY CLIMATOLOGICAL SUMMARY for May 2006 NAME: Cabrera de Mar, Barcelona ELEV: 9 meters LAT: 41-33.89 N LONG: 002-24.07 E TEMPERATURE (C), RAIN (cm), WIND SPEED (km/h) HEAT COOL AVG MEAN DEG DEG WIND DOM DAY TEMP HIGH TIME LOW TIME DAYS DAYS RAIN SPEED HIGH TIME DIR --------------------------------------------------------------------------------------- 01 16.4 19.9 15:30 12.5 06:30 1.9 0.0 0.00 6.7 29.0 15:15 194 02 16.8 19.9 14:45 13.9 07:00 1.5 0.0 0.00 4.2 20.9 16:45 71 03 18.1 22.6 11:30 14.3 04:15 0.2 0.0 0.00 8.4 40.2 11:30 47 04 19.1 21.8 11:15 17.3 02:00 0.0 0.8 0.00 10.7 43.5 10:30 31 05 19.3 24.6 10:45 15.8 00:00 0.0 0.9 0.00 5.5 32.2 10:30 55 06 16.8 20.4 16:00 13.1 05:30 1.5 0.0 0.00 3.6 19.3 15:45 172 07 17.0 20.5 15:30 13.3 07:15 1.3 0.0 0.00 6.4 29.0 16:45 207 08 17.2 20.6 14:30 14.6 05:00 1.2 0.0 0.00 6.1 33.8 14:15 176 09 16.1 19.1 11:30 13.1 02:45 2.3 0.0 0.00 10.6 41.8 13:30 218 10 15.8 18.8 15:30 13.5 04:30 2.5 0.0 0.02 3.1 19.3 15:30 116 11 16.3 19.6 14:45 12.0 06:45 2.1 0.0 0.00 4.2 30.6 12:30 71 12 17.3 20.2 15:00 14.3 02:15 1.1 0.0 0.00 3.0 17.7 14:15 164 13 17.6 20.3 17:45 14.5 06:15 0.7 0.0 0.00 4.1 24.1 18:15 161 14 18.5 22.8 16:00 14.2 06:00 0.0 0.2 0.00 6.7 29.0 16:15 215 15 19.2 22.2 12:00 15.3 07:00 0.0 0.9 0.00 4.4 22.5 11:00 198 16 19.2 21.8 16:00 15.9 06:00 0.0 0.8 0.00 3.9 20.9 18:30 169 17 19.4 22.1 16:45 16.3 05:30 0.0 1.0 0.00 4.5 24.1 19:15 189 18 19.3 20.7 12:00 18.1 07:15 0.0 1.0 0.00 4.1 22.5 17:15 78 19 19.4 22.0 15:30 17.5 05:00 0.0 1.1 0.00 5.2 22.5 19:30 162 20 20.0 23.1 13:00 16.7 03:45 0.0 1.7 0.00 9.3 46.7 14:15 226 21 19.2 21.7 12:15 15.5 06:30 0.0 0.9 0.00 5.7 27.4 19:45 196 22 21.9 28.9 17:00 17.0 07:00 0.0 3.5 0.00 8.5 35.4 16:00 237 23 18.7 22.6 13:00 16.2 06:30 0.0 0.4 0.16 4.1 29.0 22:30 67 24 18.0 21.0 16:15 13.8 07:00 0.4 0.0 0.00 7.4 35.4 14:00 193 25 17.8 20.8 14:30 13.7 06:00 0.5 0.0 0.00 4.7 17.7 11:15 169 26 19.1 22.3 12:15 14.5 06:15 0.0 0.8 0.00 5.3 25.7 16:45 190 27 21.0 24.4 10:15 17.0 05:30 0.0 2.6 0.00 3.8 22.5 11:15 165 28 21.8 26.1 11:15 18.1 06:00 0.0 3.5 0.00 3.2 22.5 18:30 143 29 21.1 24.1 15:00 17.1 05:45 0.0 2.8 0.00 2.8 14.5 09:30 129 30 20.1 22.7 14:45 18.7 09:00 0.0 1.8 0.00 7.0 33.8 14:45 196 31 15.9 18.7 17:30 12.5 08:30 2.4 0.0 0.26 5.9 27.4 17:45 219 --------------------------------------------------------------------------------------- 18.5 28.9 22 12.0 11 19.5 24.7 0.44 5.6 46.7 20 176