NOAA-Style Climate Reports

NOAA style reports
2022: Jan | Feb | Mar | Apr | May | Jun | Jul | Aug | Sep | Oct | Nov | Dec 
2021: Jan | Feb | Mar | Apr | May | Jun | Jul | Aug | Sep | Oct | Nov | Dec 
2020: Jan | Feb | Mar | Apr | May | Jun | Jul | Aug | Sep | Oct | Nov | Dec 
2019: Jan | Feb | Mar | Apr | May | Jun | Jul | Aug | Sep | Oct | Nov | Dec 
2018: Jan | Feb | Mar | Apr | May | Jun | Jul | Aug | Sep | Oct | Nov | Dec 
2017: Jan | Feb | Mar | Apr | May | Jun | Jul | Aug | Sep | Oct | Nov | Dec 
2016: Jan | Feb | Mar | Apr | May | Jun | Jul | Aug | Sep | Oct | Nov | Dec 
2015: Jan | Feb | Mar | Apr | May | Jun | Jul | Aug | Sep | Oct | Nov | Dec 
2014: Jan | Feb | Mar | Apr | May | Jun | Jul | Aug | Sep | Oct | Nov | Dec 
2013: Jan | Feb | Mar | Apr | May | Jun | Jul | Aug | Sep | Oct | Nov | Dec 
2012: Jan | Feb | Mar | Apr | May | Jun | Jul | Aug | Sep | Oct | Nov | Dec 
2011: Jan | Feb | Mar | Apr | May | Jun | Jul | Aug | Sep | Oct | Nov | Dec 
2010: Jan | Feb | Mar | Apr | May | Jun | Jul | Aug | Sep | Oct | Nov | Dec 
2009: Jan | Feb | Mar | Apr | May | Jun | Jul | Aug | Sep | Oct | Nov | Dec 
2008: Jan | Feb | Mar | Apr | May | Jun | Jul | Aug | Sep | Oct | Nov | Dec 
2007: Jan | Feb | Mar | Apr | May | Jun | Jul | Aug | Sep | Oct | Nov | Dec 
2006: Jan | Feb | Mar | Apr | May | Jun | Jul | Aug | Sep | Oct | Nov | Dec 
2005: Jan | Feb | Mar | Apr | May | Jun | Jul | Aug | Sep | Oct | Nov | Dec 

Report for 2006 02
MONTHLY CLIMATOLOGICAL SUMMARY for Feb 2006 NAME: Cabrera de Mar, Barcelona ELEV: 9 meters LAT: 41-33.89 N LONG: 002-24.07 E TEMPERATURE (C), RAIN (cm), WIND SPEED (km/h) HEAT COOL AVG MEAN DEG DEG WIND DOM DAY TEMP HIGH TIME LOW TIME DAYS DAYS RAIN SPEED HIGH TIME DIR --------------------------------------------------------------------------------------- 01 10.0 14.0 14:15 6.6 08:15 8.4 0.0 0.00 2.4 16.1 17:00 223 02 9.2 12.9 11:45 4.9 07:15 9.1 0.0 0.00 2.8 19.3 09:15 220 03 9.8 14.4 14:00 6.3 04:45 8.5 0.0 0.00 3.8 19.3 16:15 36 04 8.6 12.8 13:15 5.7 04:15 9.7 0.0 0.00 3.8 22.5 10:45 300 05 7.8 11.4 14:45 5.2 22:30 10.5 0.0 0.00 5.1 24.1 05:45 251 06 7.9 13.9 13:15 2.7 07:45 10.5 0.0 0.00 4.1 24.1 15:45 240 07 8.4 13.0 15:15 4.0 08:15 9.9 0.0 0.00 5.1 29.0 15:30 230 08 8.6 12.7 13:30 4.6 04:00 9.8 0.0 0.00 3.2 19.3 07:15 31 09 10.3 13.3 11:45 6.6 05:15 8.0 0.0 0.00 4.7 27.4 09:15 235 10 9.6 11.8 15:00 7.0 23:00 8.7 0.0 0.00 2.1 16.1 16:00 208 11 9.0 10.4 11:45 6.6 23:45 9.3 0.0 0.00 1.6 14.5 05:00 62 12 8.5 11.7 13:30 5.1 03:30 9.8 0.0 0.00 4.1 22.5 15:15 217 13 9.5 13.2 14:15 6.7 08:00 8.9 0.0 0.00 2.9 16.1 08:30 98 14 10.9 14.8 14:45 7.4 00:15 7.5 0.0 0.00 5.6 27.4 16:00 234 15 10.6 14.5 12:45 6.2 08:00 7.7 0.0 0.00 7.2 33.8 14:00 213 16 15.4 20.7 16:15 11.9 00:15 2.9 0.0 0.00 9.1 51.5 14:00 262 17 14.7 19.6 14:45 9.2 06:30 3.7 0.0 0.00 15.0 53.1 13:30 281 18 14.9 19.3 14:45 10.6 23:45 3.4 0.0 0.00 15.7 59.5 11:00 262 19 13.0 16.7 14:00 10.4 00:45 5.3 0.0 0.02 15.7 56.3 08:45 246 20 11.6 16.6 14:45 6.8 07:45 6.7 0.0 0.00 8.8 43.5 04:15 243 21 9.5 13.9 14:00 5.2 05:30 8.9 0.0 0.00 4.0 27.4 19:45 108 22 8.8 13.2 12:00 4.6 07:45 9.5 0.0 0.00 4.6 25.7 18:15 69 23 9.1 12.6 15:45 5.5 07:45 9.2 0.0 0.00 3.3 20.9 01:15 224 24 7.7 10.3 14:15 5.4 02:45 10.6 0.0 0.00 4.8 27.4 15:00 233 25 8.3 14.1 13:00 2.7 07:15 10.0 0.0 0.00 6.8 35.4 16:15 217 26 8.8 11.6 11:15 5.3 02:15 9.5 0.0 0.72 7.3 40.2 22:45 42 27 10.4 13.2 13:00 6.6 08:00 7.9 0.0 0.00 12.3 56.3 05:30 18 28 8.7 11.1 16:00 3.9 08:00 9.6 0.0 0.00 6.2 33.8 03:45 256 --------------------------------------------------------------------------------------- 10.0 20.7 16 2.7 06 233.8 0.0 0.74 6.2 59.5 18 254