NOAA-Style Climate Reports

NOAA style reports
2022: Jan | Feb | Mar | Apr | May | Jun | Jul | Aug | Sep | Oct | Nov | Dec 
2021: Jan | Feb | Mar | Apr | May | Jun | Jul | Aug | Sep | Oct | Nov | Dec 
2020: Jan | Feb | Mar | Apr | May | Jun | Jul | Aug | Sep | Oct | Nov | Dec 
2019: Jan | Feb | Mar | Apr | May | Jun | Jul | Aug | Sep | Oct | Nov | Dec 
2018: Jan | Feb | Mar | Apr | May | Jun | Jul | Aug | Sep | Oct | Nov | Dec 
2017: Jan | Feb | Mar | Apr | May | Jun | Jul | Aug | Sep | Oct | Nov | Dec 
2016: Jan | Feb | Mar | Apr | May | Jun | Jul | Aug | Sep | Oct | Nov | Dec 
2015: Jan | Feb | Mar | Apr | May | Jun | Jul | Aug | Sep | Oct | Nov | Dec 
2014: Jan | Feb | Mar | Apr | May | Jun | Jul | Aug | Sep | Oct | Nov | Dec 
2013: Jan | Feb | Mar | Apr | May | Jun | Jul | Aug | Sep | Oct | Nov | Dec 
2012: Jan | Feb | Mar | Apr | May | Jun | Jul | Aug | Sep | Oct | Nov | Dec 
2011: Jan | Feb | Mar | Apr | May | Jun | Jul | Aug | Sep | Oct | Nov | Dec 
2010: Jan | Feb | Mar | Apr | May | Jun | Jul | Aug | Sep | Oct | Nov | Dec 
2009: Jan | Feb | Mar | Apr | May | Jun | Jul | Aug | Sep | Oct | Nov | Dec 
2008: Jan | Feb | Mar | Apr | May | Jun | Jul | Aug | Sep | Oct | Nov | Dec 
2007: Jan | Feb | Mar | Apr | May | Jun | Jul | Aug | Sep | Oct | Nov | Dec 
2006: Jan | Feb | Mar | Apr | May | Jun | Jul | Aug | Sep | Oct | Nov | Dec 
2005: Jan | Feb | Mar | Apr | May | Jun | Jul | Aug | Sep | Oct | Nov | Dec 

Report for 2005 11
MONTHLY CLIMATOLOGICAL SUMMARY for Nov 2005 NAME: Cabrera de Mar, Barcelona ELEV: 9 meters LAT: 41-33.89 N LONG: 002-24.07 E TEMPERATURE (C), RAIN (cm), WIND SPEED (km/h) HEAT COOL AVG MEAN DEG DEG WIND DOM DAY TEMP HIGH TIME LOW TIME DAYS DAYS RAIN SPEED HIGH TIME DIR --------------------------------------------------------------------------------------- 01 17.9 21.6 12:00 14.2 05:45 0.4 0.0 0.00 4.9 22.5 14:30 229 02 18.3 22.2 12:45 16.2 05:30 0.0 0.0 0.00 7.9 30.6 16:30 239 03 17.3 20.8 12:45 13.3 07:30 1.0 0.0 0.00 2.4 14.5 08:45 24 04 17.4 19.9 13:30 15.6 02:45 0.9 0.0 0.00 2.3 20.9 22:30 260 05 15.2 18.6 13:30 11.8 23:45 3.1 0.0 0.00 3.7 19.3 13:30 209 06 14.0 18.7 14:15 9.8 05:30 4.4 0.0 0.00 4.1 24.1 17:30 243 07 13.0 19.3 13:45 8.5 06:00 5.3 0.0 0.00 2.4 9.7 11:00 349 08 15.3 20.6 11:00 8.8 04:45 3.1 0.0 0.00 4.6 22.5 08:45 239 09 14.6 17.3 10:15 12.2 22:00 3.7 0.0 2.40 4.9 32.2 18:15 346 10 16.6 19.1 13:30 13.7 00:45 1.8 0.0 0.22 18.3 72.4 03:15 19 11 15.1 17.1 12:15 12.9 07:00 3.2 0.0 0.00 3.6 27.4 01:00 17 12 15.0 18.9 12:45 12.3 04:15 3.4 0.0 0.28 2.6 17.7 23:15 265 13 15.0 17.9 13:00 13.3 07:45 3.3 0.0 0.80 7.4 29.0 23:30 35 14 16.1 19.8 13:00 13.6 00:00 2.2 0.0 0.54 10.9 35.4 13:30 29 15 14.6 18.6 12:45 12.1 23:15 3.8 0.0 0.00 3.7 27.4 09:30 32 16 13.9 17.8 13:30 10.9 08:00 4.4 0.0 0.48 4.4 24.1 04:45 247 17 13.5 17.1 13:30 11.4 04:45 4.9 0.0 0.00 4.0 32.2 02:00 316 18 13.0 14.9 15:00 11.1 07:00 5.4 0.0 0.00 2.4 20.9 15:30 206 19 11.4 14.7 15:45 7.8 07:30 6.9 0.0 0.00 3.7 24.1 00:00 7 20 13.7 16.9 13:15 10.8 00:00 4.6 0.0 0.00 5.4 25.7 02:45 18 21 12.4 16.3 14:15 10.1 04:30 5.9 0.0 0.00 1.7 9.7 09:30 7 22 11.0 15.7 13:15 6.9 05:00 7.4 0.0 0.00 7.6 49.9 11:45 22 23 8.8 10.8 13:15 6.9 06:45 9.5 0.0 0.00 5.1 24.1 18:45 25 24 7.7 11.6 12:00 4.9 02:30 10.7 0.0 0.00 3.6 22.5 09:45 283 25 10.3 14.3 12:15 6.2 01:45 8.1 0.0 0.00 7.9 41.8 12:30 259 26 8.7 12.3 13:45 5.7 23:30 9.7 0.0 0.00 7.9 35.4 18:15 276 27 7.2 11.8 14:30 4.6 04:00 11.1 0.0 0.00 5.9 30.6 14:45 265 28 8.9 14.2 14:30 3.2 07:30 9.4 0.0 0.00 6.7 29.0 14:00 272 29 9.6 14.4 14:30 5.9 08:15 8.8 0.0 0.00 7.7 41.8 13:00 278 30 7.9 12.1 16:00 2.9 08:00 10.4 0.0 0.00 3.2 17.7 14:45 272 --------------------------------------------------------------------------------------- 13.1 22.2 02 2.9 30 156.7 0.0 4.72 5.4 72.4 10 332