NOAA-Style Climate Reports

NOAA style reports
2022: Jan | Feb | Mar | Apr | May | Jun | Jul | Aug | Sep | Oct | Nov | Dec 
2021: Jan | Feb | Mar | Apr | May | Jun | Jul | Aug | Sep | Oct | Nov | Dec 
2020: Jan | Feb | Mar | Apr | May | Jun | Jul | Aug | Sep | Oct | Nov | Dec 
2019: Jan | Feb | Mar | Apr | May | Jun | Jul | Aug | Sep | Oct | Nov | Dec 
2018: Jan | Feb | Mar | Apr | May | Jun | Jul | Aug | Sep | Oct | Nov | Dec 
2017: Jan | Feb | Mar | Apr | May | Jun | Jul | Aug | Sep | Oct | Nov | Dec 
2016: Jan | Feb | Mar | Apr | May | Jun | Jul | Aug | Sep | Oct | Nov | Dec 
2015: Jan | Feb | Mar | Apr | May | Jun | Jul | Aug | Sep | Oct | Nov | Dec 
2014: Jan | Feb | Mar | Apr | May | Jun | Jul | Aug | Sep | Oct | Nov | Dec 
2013: Jan | Feb | Mar | Apr | May | Jun | Jul | Aug | Sep | Oct | Nov | Dec 
2012: Jan | Feb | Mar | Apr | May | Jun | Jul | Aug | Sep | Oct | Nov | Dec 
2011: Jan | Feb | Mar | Apr | May | Jun | Jul | Aug | Sep | Oct | Nov | Dec 
2010: Jan | Feb | Mar | Apr | May | Jun | Jul | Aug | Sep | Oct | Nov | Dec 
2009: Jan | Feb | Mar | Apr | May | Jun | Jul | Aug | Sep | Oct | Nov | Dec 
2008: Jan | Feb | Mar | Apr | May | Jun | Jul | Aug | Sep | Oct | Nov | Dec 
2007: Jan | Feb | Mar | Apr | May | Jun | Jul | Aug | Sep | Oct | Nov | Dec 
2006: Jan | Feb | Mar | Apr | May | Jun | Jul | Aug | Sep | Oct | Nov | Dec 
2005: Jan | Feb | Mar | Apr | May | Jun | Jul | Aug | Sep | Oct | Nov | Dec 

Report for 2005 08
MONTHLY CLIMATOLOGICAL SUMMARY for Aug 2005 NAME: Cabrera de Mar, Barcelona ELEV: 9 meters LAT: 41-33.89 N LONG: 002-24.07 E TEMPERATURE (C), RAIN (cm), WIND SPEED (km/h) HEAT COOL AVG MEAN DEG DEG WIND DOM DAY TEMP HIGH TIME LOW TIME DAYS DAYS RAIN SPEED HIGH TIME DIR --------------------------------------------------------------------------------------- 01 23.4 26.4 12:10 20.3 23:55 0.0 5.1 0.26 3.8 24.1 14:10 58 02 21.4 25.2 14:50 18.1 05:20 0.0 3.0 0.64 7.2 49.9 17:30 215 03 04 24.9 27.4 15:15 19.7 06:15 0.0 6.6 0.00 6.4 24.1 14:55 189 05 24.4 27.6 18:15 19.4 05:00 0.0 6.1 0.00 5.6 25.7 16:00 191 06 25.1 27.9 14:55 20.7 06:40 0.0 6.8 0.00 6.2 30.6 19:05 196 07 25.2 27.8 16:45 22.6 06:00 0.0 6.9 0.00 4.8 24.1 17:05 148 08 23.9 25.4 16:25 22.1 06:25 0.0 5.5 0.00 5.3 25.7 03:55 65 09 23.6 26.3 13:20 20.3 06:10 0.0 5.2 0.04 4.0 20.9 23:15 87 10 25.2 26.9 13:15 22.9 03:05 0.0 6.8 0.00 4.4 24.1 01:15 138 11 24.2 26.1 14:15 22.3 22:55 0.0 5.8 0.00 4.4 32.2 16:55 107 12 25.0 28.3 15:15 19.9 07:05 0.0 6.6 0.00 7.4 30.6 19:30 204 13 24.9 27.9 12:30 21.6 06:30 0.0 6.6 0.00 4.4 22.5 21:00 101 14 25.1 28.3 15:15 22.0 07:00 0.0 6.8 0.00 6.1 29.0 20:30 143 15 24.5 26.0 10:45 22.4 23:15 0.0 6.2 0.00 5.9 20.9 09:30 180 16 23.4 25.0 15:15 21.8 03:00 0.0 5.1 0.00 4.0 19.3 15:45 126 17 24.2 26.4 15:45 21.8 06:30 0.0 5.9 0.00 4.7 22.5 19:15 142 18 23.6 25.6 13:30 21.7 06:00 0.0 5.3 0.00 5.3 30.6 15:15 60 19 23.7 26.1 17:00 20.2 04:45 0.0 5.4 0.00 6.1 29.0 17:00 190 20 20.8 24.3 00:30 14.9 23:45 0.0 2.5 1.00 7.6 41.8 19:15 212 21 20.5 26.6 13:30 14.0 07:00 0.0 2.2 0.00 6.0 38.6 14:45 237 22 22.0 24.9 15:30 17.5 06:45 0.0 3.7 0.00 4.5 30.6 07:45 86 23 23.1 26.6 17:30 18.2 07:15 0.0 4.8 0.00 6.3 27.4 14:15 191 24 23.5 25.6 16:00 21.8 07:45 0.0 5.2 0.00 5.6 22.5 19:00 116 25 23.8 26.6 16:15 20.3 07:00 0.0 5.4 0.00 8.8 35.4 15:45 211 26 23.9 26.6 12:30 20.8 07:30 0.0 5.6 0.00 4.1 20.9 13:00 103 27 22.9 24.5 15:30 21.1 00:00 0.0 4.5 0.18 3.7 24.1 15:15 44 28 22.7 25.6 17:00 20.2 02:30 0.0 4.4 0.00 5.0 25.7 15:15 218 29 23.8 26.7 12:15 20.8 04:30 0.0 5.5 0.00 3.9 20.9 12:00 72 30 23.0 25.9 13:15 19.3 07:15 0.0 4.7 0.00 3.7 14.5 15:00 156 31 23.9 26.6 15:15 19.9 07:30 0.0 5.6 0.00 9.0 32.2 16:15 212 --------------------------------------------------------------------------------------- 23.7 28.3 12 14.0 21 0.0 159.8 2.12 5.5 49.9 02 166