NOAA-Style Climate Reports

NOAA style reports
2024: Jan | Feb | Mar | Apr | May | Jun | Jul | Aug | Sep | Oct | Nov | Dec 
2023: Jan | Feb | Mar | Apr | May | Jun | Jul | Aug | Sep | Oct | Nov | Dec 
2022: Jan | Feb | Mar | Apr | May | Jun | Jul | Aug | Sep | Oct | Nov | Dec 
2021: Jan | Feb | Mar | Apr | May | Jun | Jul | Aug | Sep | Oct | Nov | Dec 
2020: Jan | Feb | Mar | Apr | May | Jun | Jul | Aug | Sep | Oct | Nov | Dec 
2019: Jan | Feb | Mar | Apr | May | Jun | Jul | Aug | Sep | Oct | Nov | Dec 
2018: Jan | Feb | Mar | Apr | May | Jun | Jul | Aug | Sep | Oct | Nov | Dec 
2017: Jan | Feb | Mar | Apr | May | Jun | Jul | Aug | Sep | Oct | Nov | Dec 
2016: Jan | Feb | Mar | Apr | May | Jun | Jul | Aug | Sep | Oct | Nov | Dec 
2015: Jan | Feb | Mar | Apr | May | Jun | Jul | Aug | Sep | Oct | Nov | Dec 
2014: Jan | Feb | Mar | Apr | May | Jun | Jul | Aug | Sep | Oct | Nov | Dec 
2013: Jan | Feb | Mar | Apr | May | Jun | Jul | Aug | Sep | Oct | Nov | Dec 
2012: Jan | Feb | Mar | Apr | May | Jun | Jul | Aug | Sep | Oct | Nov | Dec 
2011: Jan | Feb | Mar | Apr | May | Jun | Jul | Aug | Sep | Oct | Nov | Dec 
2010: Jan | Feb | Mar | Apr | May | Jun | Jul | Aug | Sep | Oct | Nov | Dec 
2009: Jan | Feb | Mar | Apr | May | Jun | Jul | Aug | Sep | Oct | Nov | Dec 
2008: Jan | Feb | Mar | Apr | May | Jun | Jul | Aug | Sep | Oct | Nov | Dec 
2007: Jan | Feb | Mar | Apr | May | Jun | Jul | Aug | Sep | Oct | Nov | Dec 
2006: Jan | Feb | Mar | Apr | May | Jun | Jul | Aug | Sep | Oct | Nov | Dec 
2005: Jan | Feb | Mar | Apr | May | Jun | Jul | Aug | Sep | Oct | Nov | Dec 

Report for 2024 02
MONTHLY CLIMATOLOGICAL SUMMARY for Feb 2024 NAME: Cabrera de Mar, Barcelona ELEV: 9 meters LAT: 41-30.33 N LONG: 002-24.07 E TEMPERATURE (C), RAIN (mm), WIND SPEED (m/s) HEAT COOL AVG MEAN DEG DEG WIND DOM DAY TEMP HIGH TIME LOW TIME DAYS DAYS RAIN SPEED HIGH TIME DIR --------------------------------------------------------------------------------------- 01 11.3 16.4 13:09 7.3 05:33 7.1 0.0 0.0 0.5 5.8 14:48 254 02 12.4 20.2 13:53 8.8 08:11 5.9 0.0 0.0 0.7 6.7 14:55 290 03 12.2 17.3 13:20 7.4 07:32 6.1 0.0 0.0 1.1 8.9 16:30 260 04 11.8 17.1 13:34 7.6 06:29 6.5 0.0 0.0 0.6 5.4 15:30 264 05 11.7 16.7 11:08 7.4 08:04 6.6 0.0 0.0 0.8 6.3 15:06 259 06 11.7 15.4 14:46 8.2 04:33 6.7 0.0 0.0 0.3 2.7 14:47 98 07 12.4 15.4 14:37 8.7 05:41 6.0 0.0 0.0 0.6 5.8 14:30 243 08 14.6 18.8 12:04 11.6 04:33 3.7 0.0 0.0 1.9 9.4 15:30 269 09 14.3 17.3 15:41 12.7 02:43 4.0 0.0 0.0 1.8 10.7 12:29 271 10 13.1 15.2 10:29 10.9 23:59 5.2 0.0 0.2 1.5 10.3 12:45 243 11 12.2 17.8 15:43 8.8 01:46 6.1 0.0 0.0 2.9 15.6 09:40 323 12 13.8 21.0 15:06 8.7 08:01 4.6 0.0 0.0 1.5 10.7 13:38 306 13 12.6 16.7 13:13 9.9 23:55 5.7 0.0 0.0 0.7 5.4 11:49 249 14 12.4 17.5 14:09 7.8 07:48 5.9 0.0 0.0 0.4 4.9 15:30 239 15 13.8 17.6 15:18 11.7 05:53 4.5 0.0 0.0 0.4 4.0 10:30 229 16 14.0 16.6 11:17 12.4 00:38 4.4 0.0 0.0 0.7 6.7 08:30 67 17 14.4 18.5 11:19 11.7 07:40 3.9 0.0 0.2 0.4 5.4 11:08 235 18 13.0 17.1 14:30 9.1 07:48 5.3 0.0 0.0 0.6 7.2 14:52 261 19 13.9 17.4 13:39 10.4 23:51 4.4 0.0 0.0 0.3 2.7 02:19 279 20 13.3 17.2 13:19 10.1 01:53 5.1 0.0 0.0 0.9 7.2 13:30 255 21 13.3 16.7 10:39 10.6 00:00 5.1 0.0 0.0 1.8 9.4 13:57 263 22 13.9 17.1 15:06 11.1 22:53 4.4 0.0 0.0 2.0 10.3 15:16 262 23 12.5 16.7 14:31 7.8 07:34 5.8 0.0 1.6 2.2 14.3 15:58 273 24 10.1 15.0 13:09 6.2 23:52 8.2 0.0 0.2 1.1 7.6 13:34 198 25 10.4 15.3 12:52 6.2 00:02 7.9 0.0 0.0 2.2 11.6 13:43 301 26 27 28 29 --------------------------------------------------------------------------------------- 12.8 21.0 12 6.2 25 139.3 0.0 2.2 1.1 15.6 11 275