NOAA-Style Climate Reports

NOAA style reports
2022: Jan | Feb | Mar | Apr | May | Jun | Jul | Aug | Sep | Oct | Nov | Dec 
2021: Jan | Feb | Mar | Apr | May | Jun | Jul | Aug | Sep | Oct | Nov | Dec 
2020: Jan | Feb | Mar | Apr | May | Jun | Jul | Aug | Sep | Oct | Nov | Dec 
2019: Jan | Feb | Mar | Apr | May | Jun | Jul | Aug | Sep | Oct | Nov | Dec 
2018: Jan | Feb | Mar | Apr | May | Jun | Jul | Aug | Sep | Oct | Nov | Dec 
2017: Jan | Feb | Mar | Apr | May | Jun | Jul | Aug | Sep | Oct | Nov | Dec 
2016: Jan | Feb | Mar | Apr | May | Jun | Jul | Aug | Sep | Oct | Nov | Dec 
2015: Jan | Feb | Mar | Apr | May | Jun | Jul | Aug | Sep | Oct | Nov | Dec 
2014: Jan | Feb | Mar | Apr | May | Jun | Jul | Aug | Sep | Oct | Nov | Dec 
2013: Jan | Feb | Mar | Apr | May | Jun | Jul | Aug | Sep | Oct | Nov | Dec 
2012: Jan | Feb | Mar | Apr | May | Jun | Jul | Aug | Sep | Oct | Nov | Dec 
2011: Jan | Feb | Mar | Apr | May | Jun | Jul | Aug | Sep | Oct | Nov | Dec 
2010: Jan | Feb | Mar | Apr | May | Jun | Jul | Aug | Sep | Oct | Nov | Dec 
2009: Jan | Feb | Mar | Apr | May | Jun | Jul | Aug | Sep | Oct | Nov | Dec 
2008: Jan | Feb | Mar | Apr | May | Jun | Jul | Aug | Sep | Oct | Nov | Dec 
2007: Jan | Feb | Mar | Apr | May | Jun | Jul | Aug | Sep | Oct | Nov | Dec 
2006: Jan | Feb | Mar | Apr | May | Jun | Jul | Aug | Sep | Oct | Nov | Dec 
2005: Jan | Feb | Mar | Apr | May | Jun | Jul | Aug | Sep | Oct | Nov | Dec 

Report for 2022 07
MONTHLY CLIMATOLOGICAL SUMMARY for Jul 2022 NAME: Cabrera de Mar, Barcelona ELEV: 9 meters LAT: 41-30.33 N LONG: 002-24.07 E TEMPERATURE (C), RAIN (mm), WIND SPEED (m/s) HEAT COOL AVG MEAN DEG DEG WIND DOM DAY TEMP HIGH TIME LOW TIME DAYS DAYS RAIN SPEED HIGH TIME DIR --------------------------------------------------------------------------------------- 01 23.0 25.9 14:21 20.5 06:55 0.0 4.7 0.0 1.1 5.8 15:37 153 02 23.3 26.2 11:27 19.2 06:58 0.0 5.0 0.0 0.7 5.4 11:27 151 03 24.4 27.7 18:02 20.2 06:30 0.0 6.0 0.0 0.7 6.7 22:54 152 04 25.7 31.2 09:49 21.3 06:11 0.0 7.4 0.0 0.8 5.4 10:53 153 05 25.8 28.8 15:56 22.6 06:25 0.0 7.5 0.4 1.2 8.0 22:14 223 06 25.3 28.0 13:34 23.3 03:48 0.0 7.0 1.4 1.5 10.7 21:09 315 07 25.4 28.9 10:15 22.5 07:15 0.0 7.1 0.0 1.2 7.2 15:30 243 08 25.3 28.9 13:18 21.2 04:27 0.0 7.0 0.0 2.0 7.6 13:33 246 09 25.5 28.2 13:05 21.3 07:13 0.0 7.2 0.0 1.0 5.8 13:05 201 10 26.0 30.3 12:09 21.4 06:28 0.0 7.7 0.0 1.0 4.9 12:10 234 11 26.3 29.4 12:16 22.8 06:58 0.0 8.0 0.0 1.0 5.8 01:42 126 12 25.5 28.0 12:14 22.4 05:30 0.0 7.1 0.0 0.8 4.5 11:51 141 13 26.6 29.4 12:33 23.3 07:12 0.0 8.3 0.0 0.8 5.4 09:43 127 14 26.4 29.7 17:08 21.4 06:48 0.0 8.0 0.0 1.0 5.8 16:53 221 15 27.5 32.1 14:17 23.4 05:40 0.0 9.1 0.0 1.0 6.3 17:04 201 16 29.0 31.4 14:48 26.7 05:28 0.0 10.6 0.0 0.8 6.3 06:00 197 17 27.4 30.8 13:05 24.1 04:41 0.0 9.1 0.0 0.7 5.4 05:19 130 18 26.1 28.8 13:20 22.8 05:56 0.0 7.7 0.0 0.7 4.0 15:29 140 19 26.6 29.4 17:50 23.4 06:53 0.0 8.3 0.0 0.5 3.1 12:57 177 20 26.8 30.6 14:54 22.8 04:37 0.0 8.5 0.0 0.9 6.3 11:41 126 21 27.3 30.9 15:28 23.2 06:33 0.0 9.0 0.0 2.0 8.9 15:46 246 22 27.6 31.4 13:47 23.1 06:50 0.0 9.3 0.0 2.2 8.9 15:13 249 23 27.6 28.9 17:03 25.2 07:52 0.0 9.3 0.0 1.9 6.7 17:07 184 24 27.9 31.3 14:46 24.8 06:46 0.0 9.5 0.0 1.7 8.5 16:47 238 25 27.1 30.6 13:42 23.6 06:03 0.0 8.8 0.0 1.1 6.3 11:47 119 26 26.7 28.9 14:50 24.1 07:19 0.0 8.4 1.0 1.5 7.6 15:40 200 27 25.9 27.9 16:25 22.0 07:37 0.0 7.6 8.0 1.5 8.5 16:08 224 28 26.6 30.8 14:43 23.7 05:44 0.0 8.3 0.0 1.3 7.2 15:06 232 29 26.3 29.7 12:45 23.3 06:23 0.0 8.0 4.8 1.2 10.7 13:56 107 30 26.2 30.1 16:07 21.7 06:50 0.0 7.9 0.0 1.6 8.0 16:50 247 31 27.8 30.8 15:33 24.3 06:54 0.0 9.5 0.0 1.3 7.6 02:18 228 --------------------------------------------------------------------------------------- 26.3 32.1 15 19.2 02 0.0 246.8 15.6 1.2 10.7 06 205