NOAA-Style Climate Reports

NOAA style reports
2022: Jan | Feb | Mar | Apr | May | Jun | Jul | Aug | Sep | Oct | Nov | Dec 
2021: Jan | Feb | Mar | Apr | May | Jun | Jul | Aug | Sep | Oct | Nov | Dec 
2020: Jan | Feb | Mar | Apr | May | Jun | Jul | Aug | Sep | Oct | Nov | Dec 
2019: Jan | Feb | Mar | Apr | May | Jun | Jul | Aug | Sep | Oct | Nov | Dec 
2018: Jan | Feb | Mar | Apr | May | Jun | Jul | Aug | Sep | Oct | Nov | Dec 
2017: Jan | Feb | Mar | Apr | May | Jun | Jul | Aug | Sep | Oct | Nov | Dec 
2016: Jan | Feb | Mar | Apr | May | Jun | Jul | Aug | Sep | Oct | Nov | Dec 
2015: Jan | Feb | Mar | Apr | May | Jun | Jul | Aug | Sep | Oct | Nov | Dec 
2014: Jan | Feb | Mar | Apr | May | Jun | Jul | Aug | Sep | Oct | Nov | Dec 
2013: Jan | Feb | Mar | Apr | May | Jun | Jul | Aug | Sep | Oct | Nov | Dec 
2012: Jan | Feb | Mar | Apr | May | Jun | Jul | Aug | Sep | Oct | Nov | Dec 
2011: Jan | Feb | Mar | Apr | May | Jun | Jul | Aug | Sep | Oct | Nov | Dec 
2010: Jan | Feb | Mar | Apr | May | Jun | Jul | Aug | Sep | Oct | Nov | Dec 
2009: Jan | Feb | Mar | Apr | May | Jun | Jul | Aug | Sep | Oct | Nov | Dec 
2008: Jan | Feb | Mar | Apr | May | Jun | Jul | Aug | Sep | Oct | Nov | Dec 
2007: Jan | Feb | Mar | Apr | May | Jun | Jul | Aug | Sep | Oct | Nov | Dec 
2006: Jan | Feb | Mar | Apr | May | Jun | Jul | Aug | Sep | Oct | Nov | Dec 
2005: Jan | Feb | Mar | Apr | May | Jun | Jul | Aug | Sep | Oct | Nov | Dec 

Report for 2022 06
MONTHLY CLIMATOLOGICAL SUMMARY for Jun 2022 NAME: Cabrera de Mar, Barcelona ELEV: 9 meters LAT: 41-30.33 N LONG: 002-24.07 E TEMPERATURE (C), RAIN (mm), WIND SPEED (m/s) HEAT COOL AVG MEAN DEG DEG WIND DOM DAY TEMP HIGH TIME LOW TIME DAYS DAYS RAIN SPEED HIGH TIME DIR --------------------------------------------------------------------------------------- 01 21.3 24.1 14:35 17.6 05:10 0.0 3.0 0.0 1.5 6.7 10:51 235 02 21.1 24.1 14:20 17.0 06:49 0.0 2.7 0.0 1.1 6.3 08:38 108 03 22.0 26.4 10:31 18.9 05:50 0.0 3.7 0.0 1.1 7.6 11:38 143 04 21.5 24.8 13:01 18.8 06:14 0.0 3.2 0.0 0.7 4.9 13:18 146 05 23.0 26.3 17:57 19.4 06:56 0.0 4.7 0.0 1.2 5.8 17:20 240 06 23.4 26.8 14:22 19.2 06:47 0.0 5.0 0.0 2.0 8.9 16:50 243 07 23.2 26.2 14:21 20.9 06:13 0.0 4.9 0.0 1.3 6.7 16:31 221 08 22.6 25.5 16:47 20.5 04:31 0.0 4.3 0.0 1.1 7.6 15:27 159 09 22.3 24.4 16:07 20.7 03:54 0.0 3.9 0.0 1.3 4.9 09:43 211 10 22.6 26.0 17:11 18.7 06:13 0.0 4.3 0.0 1.6 8.9 17:14 236 11 23.7 28.0 13:26 18.8 05:48 0.0 5.4 0.0 1.0 5.4 19:32 228 12 25.0 28.7 12:11 21.4 04:15 0.0 6.7 0.0 1.0 6.7 18:43 207 13 26.2 30.7 15:56 20.2 07:38 0.0 7.8 0.0 1.6 8.0 19:57 247 14 24.5 27.4 23:59 20.4 06:25 0.0 6.2 0.0 0.9 6.7 22:10 223 15 26.1 29.1 05:44 23.4 03:27 0.0 7.8 0.0 1.7 10.3 05:09 211 16 25.4 29.5 14:21 21.2 06:14 0.0 7.1 0.0 0.7 4.9 12:30 177 17 28.4 31.6 18:39 23.2 01:01 0.0 10.0 0.0 1.4 6.7 15:55 235 18 26.1 28.9 12:22 23.7 06:23 0.0 7.8 0.0 0.9 7.6 06:35 104 19 25.9 29.3 13:52 21.3 05:51 0.0 7.6 0.0 1.4 6.3 10:51 93 20 25.3 27.1 12:42 22.9 06:29 0.0 7.0 0.0 1.2 5.8 01:30 157 21 25.3 28.3 15:01 22.7 02:21 0.0 7.0 0.0 1.0 9.8 12:09 233 22 23.9 26.7 16:38 21.3 04:12 0.0 5.5 4.0 1.3 13.9 00:24 350 23 24.7 27.8 13:28 21.9 05:05 0.0 6.3 0.2 2.3 9.4 18:44 241 24 23.7 27.7 13:43 19.7 05:14 0.0 5.3 0.0 1.1 7.6 16:08 115 25 23.8 26.8 17:48 20.1 05:12 0.0 5.5 0.0 0.6 4.0 00:04 140 26 24.6 27.9 13:42 22.4 06:53 0.0 6.3 0.0 1.2 7.6 11:20 112 27 24.7 28.1 17:13 22.8 00:36 0.0 6.4 1.4 1.6 10.7 23:15 270 28 24.5 27.2 14:28 21.0 06:29 0.0 6.1 0.0 2.7 12.1 00:38 257 29 24.1 27.9 15:08 19.2 05:57 0.0 5.8 0.0 1.8 8.9 18:09 239 30 24.3 27.8 13:44 20.2 06:40 0.0 6.0 0.0 1.7 8.5 21:07 206 --------------------------------------------------------------------------------------- 24.1 31.6 17 17.0 02 0.0 173.3 5.6 1.3 13.9 22 215